000
CDUS43 KMPX 120042
CLIMSP


CLIMATE REPORT
NATIONAL WEATHER SERVICE CHANHASSEN MN
742 PM CDT WED APR 11 2018


...................................

...THE TWIN CITIES MN CLIMATE SUMMARY FOR APRIL 11 2018...
VALID TODAY AS OF 0700 PM LOCAL TIME.

CLIMATE NORMAL PERIOD 1981 TO 2010
CLIMATE RECORD PERIOD 1871 TO 2018


WEATHER ITEM   OBSERVED TIME   RECORD YEAR NORMAL DEPARTURE LAST
                VALUE   (LST)  VALUE       VALUE  FROM      YEAR
                                                  NORMAL
..................................................................
TEMPERATURE (F)
 TODAY
  MAXIMUM         48    517 PM  83    1968  56     -8       53
                                      1890
  MINIMUM         28    524 AM  12    1940  35     -7       32
  AVERAGE         38                        45     -7       43

PRECIPITATION (IN)
  TODAY            0.00          1.58 1887   0.08  -0.08      T
  MONTH TO DATE    0.82                      0.85  -0.03     0.32
  SINCE MAR 1      2.01                      2.74  -0.73     1.00
  SINCE JAN 1      4.89                      4.41   0.48     2.62

SNOWFALL (IN)
  TODAY            0.0           5.7  1929   0.1   -0.1       T
  MONTH TO DATE   10.3                       1.2    9.1      0.5
  SINCE MAR 1     19.1                      11.5    7.6      5.2
  SINCE JUL 1     62.5                      53.2    9.3     32.0
  SNOW DEPTH       T

DEGREE DAYS
 HEATING
  TODAY           27                        20      7       22
  MONTH TO DATE  425                       245    180      163
  SINCE MAR 1   1427                      1243    184     1118
  SINCE JUL 1   7118                      7033     85     5819

 COOLING
  TODAY            0                         0      0        0
  MONTH TO DATE    0                         0      0        0
  SINCE MAR 1      0                         0      0        0
  SINCE JAN 1      0                         0      0        0
..................................................................


WIND (MPH)
  HIGHEST WIND SPEED    15   HIGHEST WIND DIRECTION     E (90)
  HIGHEST GUST SPEED    20   HIGHEST GUST DIRECTION     E (80)
  AVERAGE WIND SPEED     8.0


SKY COVER
  POSSIBLE SUNSHINE  MM
  AVERAGE SKY COVER 0.6


WEATHER CONDITIONS
 THE FOLLOWING WEATHER WAS RECORDED TODAY.
  FOG


RELATIVE HUMIDITY (PERCENT)
 HIGHEST   100           100 AM
 LOWEST     36           300 PM
 AVERAGE    68

..........................................................


THE TWIN CITIES MN CLIMATE NORMALS FOR TOMORROW
                         NORMAL    RECORD    YEAR
 MAXIMUM TEMPERATURE (F)   56        83      1931
 MINIMUM TEMPERATURE (F)   36        12      1962


SUNRISE AND SUNSET
APRIL 11 2018.........SUNRISE   635 AM CDT   SUNSET   753 PM CDT
APRIL 12 2018.........SUNRISE   634 AM CDT   SUNSET   754 PM CDT


-  INDICATES NEGATIVE NUMBERS.
R  INDICATES RECORD WAS SET OR TIED.
MM INDICATES DATA IS MISSING.
T  INDICATES TRACE AMOUNT.




$$
