000
CDUS43 KMPX 110032
CLIMSP


CLIMATE REPORT
NATIONAL WEATHER SERVICE CHANHASSEN MN
730 PM CDT THU MAY 10 2018


...................................

...THE TWIN CITIES MN CLIMATE SUMMARY FOR MAY 10 2018...
VALID TODAY AS OF 0500 PM LOCAL TIME.

CLIMATE NORMAL PERIOD 1981 TO 2010
CLIMATE RECORD PERIOD 1871 TO 2018


WEATHER ITEM   OBSERVED TIME   RECORD YEAR NORMAL DEPARTURE LAST
                VALUE   (LST)  VALUE       VALUE  FROM      YEAR
                                                  NORMAL
..................................................................
TEMPERATURE (F)
 TODAY
  MAXIMUM         60    437 PM  90    1987  68     -8       69
  MINIMUM         45    547 AM  28    1907  47     -2       53
  AVERAGE         53                        57     -4       61

PRECIPITATION (IN)
  TODAY            0.00          1.40 1986   0.11  -0.11      T
  MONTH TO DATE    1.03                      1.10  -0.07     0.57
  SINCE MAR 1      4.43                      5.65  -1.22     5.70
  SINCE JAN 1      7.31                      7.32  -0.01     7.32

SNOWFALL (IN)
  TODAY            0.0           T    1946   0.0    0.0      0.0
                                      1948
                                      1966
  MONTH TO DATE    0.0                       0.0    0.0       T
  SINCE MAR 1     34.9                      12.7   22.2      5.2
  SINCE JUL 1     78.3                      54.4   23.9     32.0
  SNOW DEPTH       0

DEGREE DAYS
 HEATING
  TODAY           12                         8      4        4
  MONTH TO DATE   23                        96    -73       91
  SINCE MAR 1   1847                      1624    223     1474
  SINCE JUL 1   7538                      7414    124     6175

 COOLING
  TODAY            0                         1     -1        0
  MONTH TO DATE   15                         8      7        0
  SINCE MAR 1     19                        13      6        0
  SINCE JAN 1     19                        13      6        0
..................................................................


WIND (MPH)
  HIGHEST WIND SPEED    20   HIGHEST WIND DIRECTION     N (10)
  HIGHEST GUST SPEED    26   HIGHEST GUST DIRECTION     N (10)
  AVERAGE WIND SPEED    10.0


SKY COVER
  POSSIBLE SUNSHINE  MM
  AVERAGE SKY COVER 0.7


WEATHER CONDITIONS
 THE FOLLOWING WEATHER WAS RECORDED TODAY.
  NO SIGNIFICANT WEATHER WAS OBSERVED.


RELATIVE HUMIDITY (PERCENT)
 HIGHEST    86           200 AM
 LOWEST     28           300 PM
 AVERAGE    57

..........................................................


THE TWIN CITIES MN CLIMATE NORMALS FOR TOMORROW
                         NORMAL    RECORD    YEAR
 MAXIMUM TEMPERATURE (F)   68        88      1900
 MINIMUM TEMPERATURE (F)   47        27      1946


SUNRISE AND SUNSET
MAY 10 2018...........SUNRISE   550 AM CDT   SUNSET   829 PM CDT
MAY 11 2018...........SUNRISE   549 AM CDT   SUNSET   830 PM CDT


-  INDICATES NEGATIVE NUMBERS.
R  INDICATES RECORD WAS SET OR TIED.
MM INDICATES DATA IS MISSING.
T  INDICATES TRACE AMOUNT.




$$
