000
CDUS43 KMPX 220638
CLIMSP


CLIMATE REPORT
NATIONAL WEATHER SERVICE CHANHASSEN MN
135 AM CDT TUE MAY 22 2018


...................................

...THE TWIN CITIES MN CLIMATE SUMMARY FOR MAY 21 2018...

CLIMATE NORMAL PERIOD 1981 TO 2010
CLIMATE RECORD PERIOD 1871 TO 2018


WEATHER ITEM   OBSERVED TIME   RECORD YEAR NORMAL DEPARTURE LAST
                VALUE   (LST)  VALUE       VALUE  FROM      YEAR
                                                  NORMAL
..................................................................
TEMPERATURE (F)
 YESTERDAY
  MAXIMUM         71    307 PM  92    1964  71      0       52
  MINIMUM         59   1159 PM  33    1997  51      8       46
  AVERAGE         65                        61      4       49

PRECIPITATION (IN)
  YESTERDAY        0.00          3.16 1906   0.11  -0.11     0.04
  MONTH TO DATE    1.25                      2.28  -1.03     4.75
  SINCE MAR 1      4.65                      6.83  -2.18     9.88
  SINCE JAN 1      7.53                      8.50  -0.97    11.50

SNOWFALL (IN)
  YESTERDAY        0.0           T    1931   0.0    0.0      0.0
                                      1963
  MONTH TO DATE    0.0                       0.0    0.0       T
  SINCE MAR 1     34.9                      12.7   22.2      5.2
  SINCE JUL 1     78.3                      54.4   23.9     32.0
  SNOW DEPTH       0

DEGREE DAYS
 HEATING
  YESTERDAY        0                         6     -6       16
  MONTH TO DATE   63                       172   -109      165
  SINCE MAR 1   1887                      1700    187     1548
  SINCE JUL 1   7578                      7490     88     6249

 COOLING
  YESTERDAY        0                         1     -1        0
  MONTH TO DATE   36                        19     17       15
  SINCE MAR 1     40                        24     16       15
  SINCE JAN 1     40                        24     16       15
..................................................................


WIND (MPH)
  HIGHEST WIND SPEED    16   HIGHEST WIND DIRECTION     E (110)
  HIGHEST GUST SPEED    20   HIGHEST GUST DIRECTION    SE (130)
  AVERAGE WIND SPEED     8.5


SKY COVER
  POSSIBLE SUNSHINE  MM
  AVERAGE SKY COVER 1.0


WEATHER CONDITIONS
 THE FOLLOWING WEATHER WAS RECORDED YESTERDAY.
  NO SIGNIFICANT WEATHER WAS OBSERVED.


RELATIVE HUMIDITY (PERCENT)
 HIGHEST    87          1000 PM
 LOWEST     46           100 AM
 AVERAGE    67

..........................................................


THE TWIN CITIES MN CLIMATE NORMALS FOR TODAY
                         NORMAL    RECORD    YEAR
 MAXIMUM TEMPERATURE (F)   71        99      1925
 MINIMUM TEMPERATURE (F)   51        32      1917


SUNRISE AND SUNSET
MAY 22 2018...........SUNRISE   537 AM CDT   SUNSET   843 PM CDT
MAY 23 2018...........SUNRISE   536 AM CDT   SUNSET   844 PM CDT


-  INDICATES NEGATIVE NUMBERS.
R  INDICATES RECORD WAS SET OR TIED.
MM INDICATES DATA IS MISSING.
T  INDICATES TRACE AMOUNT.




$$
