904
CDUS43 KMPX 190034
CLIMSP


CLIMATE REPORT
NATIONAL WEATHER SERVICE CHANHASSEN MN
734 PM CDT WED APR 18 2018


...................................

...THE TWIN CITIES MN CLIMATE SUMMARY FOR APRIL 18 2018...
VALID TODAY AS OF 0500 PM LOCAL TIME.

CLIMATE NORMAL PERIOD 1981 TO 2010
CLIMATE RECORD PERIOD 1871 TO 2018


WEATHER ITEM   OBSERVED TIME   RECORD YEAR NORMAL DEPARTURE LAST
                VALUE   (LST)  VALUE       VALUE  FROM      YEAR
                                                  NORMAL
..................................................................
TEMPERATURE (F)
 TODAY
  MAXIMUM         40    547 PM  89    1985  59    -19       66
  MINIMUM         30    435 AM  21    1953  38     -8       48
  AVERAGE         35                        49    -14       57

PRECIPITATION (IN)
  TODAY            T             1.04 2004   0.09  -0.09     0.15
  MONTH TO DATE    2.17                      1.46   0.71     1.93
  SINCE MAR 1      3.36                      3.35   0.01     2.61
  SINCE JAN 1      6.24                      5.02   1.22     4.23

SNOWFALL (IN)
  TODAY            T             6.4  2013   0.1   -0.1      0.0
  MONTH TO DATE   26.1                       1.8   24.3      0.5
  SINCE MAR 1     34.9                      12.1   22.8      5.2
  SINCE JUL 1     78.3                      53.8   24.5     32.0
  SNOW DEPTH       7

DEGREE DAYS
 HEATING
  TODAY           30                        16     14        8
  MONTH TO DATE  654                       369    285      233
  SINCE MAR 1   1656                      1367    289     1188
  SINCE JUL 1   7347                      7157    190     5889

 COOLING
  TODAY            0                         0      0        0
  MONTH TO DATE    0                         0      0        0
  SINCE MAR 1      0                         0      0        0
  SINCE JAN 1      0                         0      0        0
..................................................................


WIND (MPH)
  HIGHEST WIND SPEED    18   HIGHEST WIND DIRECTION     E (70)
  HIGHEST GUST SPEED    26   HIGHEST GUST DIRECTION    NE (30)
  AVERAGE WIND SPEED     9.6


SKY COVER
  POSSIBLE SUNSHINE  MM
  AVERAGE SKY COVER 0.8


WEATHER CONDITIONS
 THE FOLLOWING WEATHER WAS RECORDED TODAY.
  LIGHT SNOW
  FOG


RELATIVE HUMIDITY (PERCENT)
 HIGHEST    82          1100 AM
 LOWEST     64          1200 AM
 AVERAGE    73

..........................................................


THE TWIN CITIES MN CLIMATE NORMALS FOR TOMORROW
                         NORMAL    RECORD    YEAR
 MAXIMUM TEMPERATURE (F)   60        87      1985
 MINIMUM TEMPERATURE (F)   39        19      1928


SUNRISE AND SUNSET
APRIL 18 2018.........SUNRISE   623 AM CDT   SUNSET   802 PM CDT
APRIL 19 2018.........SUNRISE   621 AM CDT   SUNSET   803 PM CDT


-  INDICATES NEGATIVE NUMBERS.
R  INDICATES RECORD WAS SET OR TIED.
MM INDICATES DATA IS MISSING.
T  INDICATES TRACE AMOUNT.




$$
