822
CDUS43 KMPX 240051
CLIMSP


CLIMATE REPORT
NATIONAL WEATHER SERVICE CHANHASSEN MN
751 PM CDT MON APR 23 2018


...................................

...THE TWIN CITIES MN CLIMATE SUMMARY FOR APRIL 23 2018...
VALID TODAY AS OF 0500 PM LOCAL TIME.

CLIMATE NORMAL PERIOD 1981 TO 2010
CLIMATE RECORD PERIOD 1871 TO 2018


WEATHER ITEM   OBSERVED TIME   RECORD YEAR NORMAL DEPARTURE LAST
                VALUE   (LST)  VALUE       VALUE  FROM      YEAR
                                                  NORMAL
..................................................................
TEMPERATURE (F)
 TODAY
  MAXIMUM         71    341 PM  86    1990  62      9       70
  MINIMUM         42    540 AM  19    1910  41      1       49
  AVERAGE         57                        51      6       60

PRECIPITATION (IN)
  TODAY            0.00          0.87 1968   0.10  -0.10     0.00
                                      1948
  MONTH TO DATE    2.17                      1.92   0.25     2.88
  SINCE MAR 1      3.36                      3.81  -0.45     3.56
  SINCE JAN 1      6.24                      5.48   0.76     5.18

SNOWFALL (IN)
  TODAY            0.0           1.6  1988   0.1   -0.1      0.0
  MONTH TO DATE   26.1                       2.1   24.0      0.5
  SINCE MAR 1     34.9                      12.4   22.5      5.2
  SINCE JUL 1     78.3                      54.1   24.2     32.0
  SNOW DEPTH       T

DEGREE DAYS
 HEATING
  TODAY            8                        14     -6        5
  MONTH TO DATE  745                       444    301      299
  SINCE MAR 1   1747                      1442    305     1254
  SINCE JUL 1   7438                      7232    206     5955

 COOLING
  TODAY            0                         0      0        0
  MONTH TO DATE    0                         0      0        0
  SINCE MAR 1      0                         0      0        0
  SINCE JAN 1      0                         0      0        0
..................................................................


WIND (MPH)
  HIGHEST WIND SPEED    12   HIGHEST WIND DIRECTION    NW (330)
  HIGHEST GUST SPEED    19   HIGHEST GUST DIRECTION    NE (30)
  AVERAGE WIND SPEED     3.9


SKY COVER
  POSSIBLE SUNSHINE  MM
  AVERAGE SKY COVER 0.2


WEATHER CONDITIONS
 THE FOLLOWING WEATHER WAS RECORDED TODAY.
  NO SIGNIFICANT WEATHER WAS OBSERVED.


RELATIVE HUMIDITY (PERCENT)
 HIGHEST    82           600 AM
 LOWEST     28           200 PM
 AVERAGE    55

..........................................................


THE TWIN CITIES MN CLIMATE NORMALS FOR TOMORROW
                         NORMAL    RECORD    YEAR
 MAXIMUM TEMPERATURE (F)   62        84      1962
 MINIMUM TEMPERATURE (F)   41        24      1875


SUNRISE AND SUNSET
APRIL 23 2018.........SUNRISE   615 AM CDT   SUNSET   808 PM CDT
APRIL 24 2018.........SUNRISE   613 AM CDT   SUNSET   810 PM CDT


-  INDICATES NEGATIVE NUMBERS.
R  INDICATES RECORD WAS SET OR TIED.
MM INDICATES DATA IS MISSING.
T  INDICATES TRACE AMOUNT.




$$
