000
CDUS43 KMPX 181702 CCA
CLIMSP

CLIMATE REPORT
NATIONAL WEATHER SERVICE CHANHASSEN MN
127 AM CDT WED APR 18 2018


...................................

...THE TWIN CITIES MN CLIMATE SUMMARY FOR APRIL 17 2018...

CLIMATE NORMAL PERIOD 1981 TO 2010
CLIMATE RECORD PERIOD 1871 TO 2018


WEATHER ITEM   OBSERVED TIME   RECORD YEAR NORMAL DEPARTURE LAST
                VALUE   (LST)  VALUE       VALUE  FROM      YEAR
                                                  NORMAL
..................................................................
TEMPERATURE (F)
 YESTERDAY
  MAXIMUM         43    550 PM  85    1985  59    -16       59
  MINIMUM         23    555 AM  10    1875  38    -15       45
  AVERAGE         33                        48    -15       52

PRECIPITATION (IN)
  YESTERDAY        0.00          1.44 1975   0.09  -0.09     0.00
  MONTH TO DATE    2.17                      1.37   0.80     1.78
  SINCE MAR 1      3.36                      3.26   0.10     2.46
  SINCE JAN 1      6.24                      4.93   1.31     4.08

SNOWFALL (IN)
  YESTERDAY        0.0           2.7  1939   0.1   -0.1      0.0
  MONTH TO DATE   26.1                       1.7   24.4      0.5
  SINCE MAR 1     34.9                      12.0   22.9      5.2
  SINCE JUL 1     78.3                      53.7   24.6     32.0
  SNOW DEPTH       9

DEGREE DAYS
 HEATING
  YESTERDAY       32                        17     15       13
  MONTH TO DATE  624                       353    271      225
  SINCE MAR 1   1626                      1351    275     1180
  SINCE JUL 1   7317                      7141    176     5881

 COOLING
  YESTERDAY        0                         0      0        0
  MONTH TO DATE    0                         0      0        0
  SINCE MAR 1      0                         0      0        0
  SINCE JAN 1      0                         0      0        0
..................................................................


WIND (MPH)
  HIGHEST WIND SPEED    20   HIGHEST WIND DIRECTION     E (80)
  HIGHEST GUST SPEED    24   HIGHEST GUST DIRECTION     E (80)
  AVERAGE WIND SPEED     8.8


SKY COVER
  POSSIBLE SUNSHINE  MM
  AVERAGE SKY COVER 0.2


WEATHER CONDITIONS
 THE FOLLOWING WEATHER WAS RECORDED YESTERDAY.
  NO SIGNIFICANT WEATHER WAS OBSERVED.


RELATIVE HUMIDITY (PERCENT)
 HIGHEST    75           200 AM
 LOWEST     43           100 PM
 AVERAGE    59

..........................................................


THE TWIN CITIES MN CLIMATE NORMALS FOR TODAY
                         NORMAL    RECORD    YEAR
 MAXIMUM TEMPERATURE (F)   59        89      1985
 MINIMUM TEMPERATURE (F)   38        21      1953


SUNRISE AND SUNSET
APRIL 18 2018.........SUNRISE   623 AM CDT   SUNSET   802 PM CDT
APRIL 19 2018.........SUNRISE   621 AM CDT   SUNSET   803 PM CDT


-  INDICATES NEGATIVE NUMBERS.
R  INDICATES RECORD WAS SET OR TIED.
MM INDICATES DATA IS MISSING.
T  INDICATES TRACE AMOUNT.




$$
