000
CDUS43 KMPX 152201
CLIMSP


CLIMATE REPORT
NATIONAL WEATHER SERVICE CHANHASSEN MN
500 PM CDT SUN APR 15 2018


...................................

...THE TWIN CITIES MN CLIMATE SUMMARY FOR APRIL 15 2018...
VALID TODAY AS OF 0500 PM LOCAL TIME.

CLIMATE NORMAL PERIOD 1981 TO 2010
CLIMATE RECORD PERIOD 1871 TO 2018


WEATHER ITEM   OBSERVED TIME   RECORD YEAR NORMAL DEPARTURE LAST
                VALUE   (LST)  VALUE       VALUE  FROM      YEAR
                                                  NORMAL
..................................................................
TEMPERATURE (F)
 TODAY
  MAXIMUM         28   1246 PM  91    2002  58    -30       72
  MINIMUM         22    352 AM  18    2014  37    -15       52
                                      1935
                                      1875
  AVERAGE         25                        47    -22       62

PRECIPITATION (IN)
  TODAY            0.09          1.19 2012   0.09   0.00     1.00
  MONTH TO DATE    2.04                      1.20   0.84     1.78
  SINCE MAR 1      3.23                      3.09   0.14     2.46
  SINCE JAN 1      6.11                      4.76   1.35     4.08

SNOWFALL (IN)
  TODAY           MM             2.0  1961   0.1   MM        0.0
  MONTH TO DATE   22.5                       1.6   20.9      0.5
  SINCE MAR 1     31.3                      11.9   19.4      5.2
  SINCE JUL 1     74.7                      53.6   21.1     32.0
  SNOW DEPTH      10

DEGREE DAYS
 HEATING
  TODAY           40                        18     22        3
  MONTH TO DATE  556                       319    237      204
  SINCE MAR 1   1558                      1317    241     1159
  SINCE JUL 1   7249                      7107    142     5860

 COOLING
  TODAY            0                         0      0        0
  MONTH TO DATE    0                         0      0        0
  SINCE MAR 1      0                         0      0        0
  SINCE JAN 1      0                         0      0        0
..................................................................


WIND (MPH)
  HIGHEST WIND SPEED    23   HIGHEST WIND DIRECTION    NE (40)
  HIGHEST GUST SPEED    28   HIGHEST GUST DIRECTION    NE (50)
  AVERAGE WIND SPEED    14.3


SKY COVER
  POSSIBLE SUNSHINE  MM
  AVERAGE SKY COVER 1.0


WEATHER CONDITIONS
 THE FOLLOWING WEATHER WAS RECORDED TODAY.
  SNOW
  LIGHT SNOW
  FOG
  FOG W/VISIBILITY <= 1/4 MILE


RELATIVE HUMIDITY (PERCENT)
 HIGHEST    92          1200 AM
 LOWEST     75          1100 AM
 AVERAGE    84

..........................................................


THE TWIN CITIES MN CLIMATE NORMALS FOR TOMORROW
                         NORMAL    RECORD    YEAR
 MAXIMUM TEMPERATURE (F)   58        88      1964
 MINIMUM TEMPERATURE (F)   38        10      1875


SUNRISE AND SUNSET
APRIL 15 2018.........SUNRISE   628 AM CDT   SUNSET   758 PM CDT
APRIL 16 2018.........SUNRISE   627 AM CDT   SUNSET   800 PM CDT


-  INDICATES NEGATIVE NUMBERS.
R  INDICATES RECORD WAS SET OR TIED.
MM INDICATES DATA IS MISSING.
T  INDICATES TRACE AMOUNT.




$$
