000
CDUS43 KMPX 182131
CLIMSP


CLIMATE REPORT
NATIONAL WEATHER SERVICE CHANHASSEN MN
430 PM CDT FRI MAY 18 2018


...................................

...THE TWIN CITIES MN CLIMATE SUMMARY FOR MAY 18 2018...
VALID TODAY AS OF 0400 PM LOCAL TIME.

CLIMATE NORMAL PERIOD 1981 TO 2010
CLIMATE RECORD PERIOD 1871 TO 2018


WEATHER ITEM   OBSERVED TIME   RECORD YEAR NORMAL DEPARTURE LAST
                VALUE   (LST)  VALUE       VALUE  FROM      YEAR
                                                  NORMAL
..................................................................
TEMPERATURE (F)
 TODAY
  MAXIMUM         84    247 PM  93    2012  70     14       56
  MINIMUM         58    604 AM  27    1915  50      8       47
  AVERAGE         71                        60     11       52

PRECIPITATION (IN)
  TODAY            0.00          1.57 1892   0.10  -0.10     0.27
  MONTH TO DATE    1.22                      1.95  -0.73     3.24
  SINCE MAR 1      4.62                      6.50  -1.88     8.37
  SINCE JAN 1      7.50                      8.17  -0.67     9.99

SNOWFALL (IN)
  TODAY            0.0           2.0  1915   0.0    0.0      0.0
  MONTH TO DATE    0.0                       0.0    0.0       T
  SINCE MAR 1     34.9                      12.7   22.2      5.2
  SINCE JUL 1     78.3                      54.4   23.9     32.0
  SNOW DEPTH       0

DEGREE DAYS
 HEATING
  TODAY            0                         6     -6       13
  MONTH TO DATE   55                       154    -99      117
  SINCE MAR 1   1879                      1682    197     1500
  SINCE JUL 1   7570                      7472     98     6201

 COOLING
  TODAY            6                         1      5        0
  MONTH TO DATE   36                        16     20       15
  SINCE MAR 1     40                        21     19       15
  SINCE JAN 1     40                        21     19       15
..................................................................


WIND (MPH)
  HIGHEST WIND SPEED    22   HIGHEST WIND DIRECTION    SE (140)
  HIGHEST GUST SPEED    28   HIGHEST GUST DIRECTION    SE (130)
  AVERAGE WIND SPEED    12.6


SKY COVER
  POSSIBLE SUNSHINE  MM
  AVERAGE SKY COVER 0.5


WEATHER CONDITIONS
 THE FOLLOWING WEATHER WAS RECORDED TODAY.
  HAZE


RELATIVE HUMIDITY (PERCENT)
 HIGHEST    64           400 AM
 LOWEST     33           300 PM
 AVERAGE    49

..........................................................


THE TWIN CITIES MN CLIMATE NORMALS FOR TOMORROW
                         NORMAL    RECORD    YEAR
 MAXIMUM TEMPERATURE (F)   70        97      2009
 MINIMUM TEMPERATURE (F)   50        33      1961


SUNRISE AND SUNSET
MAY 18 2018...........SUNRISE   541 AM CDT   SUNSET   838 PM CDT
MAY 19 2018...........SUNRISE   540 AM CDT   SUNSET   839 PM CDT


-  INDICATES NEGATIVE NUMBERS.
R  INDICATES RECORD WAS SET OR TIED.
MM INDICATES DATA IS MISSING.
T  INDICATES TRACE AMOUNT.




$$
