000
CDUS43 KMPX 110632
CLIMSP


CLIMATE REPORT
NATIONAL WEATHER SERVICE CHANHASSEN MN
131 AM CDT WED APR 11 2018


...................................

...THE TWIN CITIES MN CLIMATE SUMMARY FOR APRIL 10 2018...

CLIMATE NORMAL PERIOD 1981 TO 2010
CLIMATE RECORD PERIOD 1871 TO 2018


WEATHER ITEM   OBSERVED TIME   RECORD YEAR NORMAL DEPARTURE LAST
                VALUE   (LST)  VALUE       VALUE  FROM      YEAR
                                                  NORMAL
..................................................................
TEMPERATURE (F)
 YESTERDAY
  MAXIMUM         41    746 PM  88    1977  55    -14       53
  MINIMUM         31    757 AM  18    1962  35     -4       33
  AVERAGE         36                        45     -9       43

PRECIPITATION (IN)
  YESTERDAY        T             1.33 1883   0.09  -0.09     0.18
  MONTH TO DATE    0.82                      0.77   0.05     0.32
  SINCE MAR 1      2.01                      2.66  -0.65     1.00
  SINCE JAN 1      4.89                      4.33   0.56     2.62

SNOWFALL (IN)
  YESTERDAY        T             6.0  1891   0.1   -0.1      0.5
  MONTH TO DATE   10.3                       1.1    9.2      0.5
  SINCE MAR 1     19.1                      11.4    7.7      5.2
  SINCE JUL 1     62.5                      53.1    9.4     32.0
  SNOW DEPTH       2

DEGREE DAYS
 HEATING
  YESTERDAY       29                        20      9       22
  MONTH TO DATE  398                       225    173      141
  SINCE MAR 1   1400                      1223    177     1096
  SINCE JUL 1   7091                      7013     78     5797

 COOLING
  YESTERDAY        0                         0      0        0
  MONTH TO DATE    0                         0      0        0
  SINCE MAR 1      0                         0      0        0
  SINCE JAN 1      0                         0      0        0
..................................................................


WIND (MPH)
  HIGHEST WIND SPEED    16   HIGHEST WIND DIRECTION    SW (230)
  HIGHEST GUST SPEED    20   HIGHEST GUST DIRECTION    SW (220)
  AVERAGE WIND SPEED     7.8


SKY COVER
  POSSIBLE SUNSHINE  MM
  AVERAGE SKY COVER 0.9


WEATHER CONDITIONS
 THE FOLLOWING WEATHER WAS RECORDED YESTERDAY.
  LIGHT SNOW
  FOG


RELATIVE HUMIDITY (PERCENT)
 HIGHEST    82           900 PM
 LOWEST     59           300 PM
 AVERAGE    71

..........................................................


THE TWIN CITIES MN CLIMATE NORMALS FOR TODAY
                         NORMAL    RECORD    YEAR
 MAXIMUM TEMPERATURE (F)   56        83      1968
                                             1890
 MINIMUM TEMPERATURE (F)   35        12      1940


SUNRISE AND SUNSET
APRIL 11 2018.........SUNRISE   635 AM CDT   SUNSET   753 PM CDT
APRIL 12 2018.........SUNRISE   634 AM CDT   SUNSET   754 PM CDT


-  INDICATES NEGATIVE NUMBERS.
R  INDICATES RECORD WAS SET OR TIED.
MM INDICATES DATA IS MISSING.
T  INDICATES TRACE AMOUNT.




$$
