000
CDUS43 KMPX 172228
CLIMSP


CLIMATE REPORT
NATIONAL WEATHER SERVICE CHANHASSEN MN
527 PM CDT THU MAY 17 2018


...................................

...THE TWIN CITIES MN CLIMATE SUMMARY FOR MAY 17 2018...
VALID TODAY AS OF 0500 PM LOCAL TIME.

CLIMATE NORMAL PERIOD 1981 TO 2010
CLIMATE RECORD PERIOD 1871 TO 2018


WEATHER ITEM   OBSERVED TIME   RECORD YEAR NORMAL DEPARTURE LAST
                VALUE   (LST)  VALUE       VALUE  FROM      YEAR
                                                  NORMAL
..................................................................
TEMPERATURE (F)
 TODAY
  MAXIMUM         85    329 PM  93    1987  70     15       72
  MINIMUM         59    523 AM  31    1915  49     10       54
  AVERAGE         72                        60     12       63

PRECIPITATION (IN)
  TODAY            0.00          1.81 2017   0.11  -0.11     1.81
  MONTH TO DATE    1.22                      1.85  -0.63     2.97
  SINCE MAR 1      4.62                      6.40  -1.78     8.10
  SINCE JAN 1      7.50                      8.07  -0.57     9.72

SNOWFALL (IN)
  TODAY            0.0           T    1890   0.0    0.0      0.0
  MONTH TO DATE    0.0                       0.0    0.0       T
  SINCE MAR 1     34.9                      12.7   22.2      5.2
  SINCE JUL 1     78.3                      54.4   23.9     32.0
  SNOW DEPTH       0

DEGREE DAYS
 HEATING
  TODAY            0                         7     -7        2
  MONTH TO DATE   55                       148    -93      104
  SINCE MAR 1   1879                      1676    203     1487
  SINCE JUL 1   7570                      7466    104     6188

 COOLING
  TODAY            7                         1      6        0
  MONTH TO DATE   30                        15     15       15
  SINCE MAR 1     34                        20     14       15
  SINCE JAN 1     34                        20     14       15
..................................................................


WIND (MPH)
  HIGHEST WIND SPEED    15   HIGHEST WIND DIRECTION    SE (120)
  HIGHEST GUST SPEED    22   HIGHEST GUST DIRECTION     E (100)
  AVERAGE WIND SPEED     7.7


SKY COVER
  POSSIBLE SUNSHINE  MM
  AVERAGE SKY COVER 0.3


WEATHER CONDITIONS
 THE FOLLOWING WEATHER WAS RECORDED TODAY.
  NO SIGNIFICANT WEATHER WAS OBSERVED.


RELATIVE HUMIDITY (PERCENT)
 HIGHEST    78           400 AM
 LOWEST     34           400 PM
 AVERAGE    56

..........................................................


THE TWIN CITIES MN CLIMATE NORMALS FOR TOMORROW
                         NORMAL    RECORD    YEAR
 MAXIMUM TEMPERATURE (F)   70        93      2012
 MINIMUM TEMPERATURE (F)   50        27      1915


SUNRISE AND SUNSET
MAY 17 2018...........SUNRISE   542 AM CDT   SUNSET   837 PM CDT
MAY 18 2018...........SUNRISE   541 AM CDT   SUNSET   838 PM CDT


-  INDICATES NEGATIVE NUMBERS.
R  INDICATES RECORD WAS SET OR TIED.
MM INDICATES DATA IS MISSING.
T  INDICATES TRACE AMOUNT.




$$
