000
CDUS43 KMPX 132141
CLIMSP


CLIMATE REPORT
NATIONAL WEATHER SERVICE CHANHASSEN MN
441 PM CDT SUN MAY 13 2018


...................................

...THE TWIN CITIES MN CLIMATE SUMMARY FOR MAY 13 2018...
VALID TODAY AS OF 0400 PM LOCAL TIME.

CLIMATE NORMAL PERIOD 1981 TO 2010
CLIMATE RECORD PERIOD 1871 TO 2018


WEATHER ITEM   OBSERVED TIME   RECORD YEAR NORMAL DEPARTURE LAST
                VALUE   (LST)  VALUE       VALUE  FROM      YEAR
                                                  NORMAL
..................................................................
TEMPERATURE (F)
 TODAY
  MAXIMUM         69    259 PM  92    2007  69      0       80
  MINIMUM         44    447 AM  29    1953  48     -4       54
                                      1888
  AVERAGE         57                        58     -1       67

PRECIPITATION (IN)
  TODAY            0.00          0.98 1962   0.10  -0.10     0.00
  MONTH TO DATE    1.04                      1.42  -0.38     0.57
  SINCE MAR 1      4.44                      5.97  -1.53     5.70
  SINCE JAN 1      7.32                      7.64  -0.32     7.32

SNOWFALL (IN)
  TODAY            0.0           T    1902   0.0    0.0      0.0
                                      1935
  MONTH TO DATE    0.0                       0.0    0.0       T
  SINCE MAR 1     34.9                      12.7   22.2      5.2
  SINCE JUL 1     78.3                      54.4   23.9     32.0
  SNOW DEPTH       0

DEGREE DAYS
 HEATING
  TODAY            8                         8      0        0
  MONTH TO DATE   57                       120    -63      102
  SINCE MAR 1   1881                      1648    233     1485
  SINCE JUL 1   7572                      7438    134     6186

 COOLING
  TODAY            0                         1     -1        2
  MONTH TO DATE   15                        11      4        2
  SINCE MAR 1     19                        16      3        2
  SINCE JAN 1     19                        16      3        2
..................................................................


WIND (MPH)
  HIGHEST WIND SPEED    10   HIGHEST WIND DIRECTION    SE (120)
  HIGHEST GUST SPEED    14   HIGHEST GUST DIRECTION    SE (120)
  AVERAGE WIND SPEED     3.7


SKY COVER
  POSSIBLE SUNSHINE  MM
  AVERAGE SKY COVER 0.4


WEATHER CONDITIONS
 THE FOLLOWING WEATHER WAS RECORDED TODAY.
  NO SIGNIFICANT WEATHER WAS OBSERVED.


RELATIVE HUMIDITY (PERCENT)
 HIGHEST    92           500 AM
 LOWEST     59           300 PM
 AVERAGE    76

..........................................................


THE TWIN CITIES MN CLIMATE NORMALS FOR TOMORROW
                         NORMAL    RECORD    YEAR
 MAXIMUM TEMPERATURE (F)   69        98      2013
 MINIMUM TEMPERATURE (F)   48        32      1907


SUNRISE AND SUNSET
MAY 13 2018...........SUNRISE   546 AM CDT   SUNSET   833 PM CDT
MAY 14 2018...........SUNRISE   545 AM CDT   SUNSET   834 PM CDT


-  INDICATES NEGATIVE NUMBERS.
R  INDICATES RECORD WAS SET OR TIED.
MM INDICATES DATA IS MISSING.
T  INDICATES TRACE AMOUNT.




$$
