000
CDUS43 KMPX 070024
CLIMSP


CLIMATE REPORT
NATIONAL WEATHER SERVICE CHANHASSEN MN
724 PM CDT SUN MAY 6 2018


...................................

...THE TWIN CITIES MN CLIMATE SUMMARY FOR MAY 6 2018...
VALID TODAY AS OF 0500 PM LOCAL TIME.

CLIMATE NORMAL PERIOD 1981 TO 2010
CLIMATE RECORD PERIOD 1871 TO 2018


WEATHER ITEM   OBSERVED TIME   RECORD YEAR NORMAL DEPARTURE LAST
                VALUE   (LST)  VALUE       VALUE  FROM      YEAR
                                                  NORMAL
..................................................................
TEMPERATURE (F)
 TODAY
  MAXIMUM         77    407 PM  92    2016  67     10       69
  MINIMUM         53    450 AM  25    1989  46      7       44
  AVERAGE         65                        56      9       57

PRECIPITATION (IN)
  TODAY            0.00          1.51 1939   0.11  -0.11     0.00
  MONTH TO DATE    0.55                      0.66  -0.11     0.29
  SINCE MAR 1      3.95                      5.21  -1.26     5.42
  SINCE JAN 1      6.83                      6.88  -0.05     7.04

SNOWFALL (IN)
  TODAY            0.0           0.3  1885   0.0    0.0      0.0
  MONTH TO DATE    0.0                       0.0    0.0       T
  SINCE MAR 1     34.9                      12.7   22.2      5.2
  SINCE JUL 1     78.3                      54.4   23.9     32.0
  SNOW DEPTH       0

DEGREE DAYS
 HEATING
  TODAY            0                         9     -9        8
  MONTH TO DATE    6                        61    -55       70
  SINCE MAR 1   1830                      1589    241     1453
  SINCE JUL 1   7521                      7379    142     6154

 COOLING
  TODAY            0                         1     -1        0
  MONTH TO DATE    6                         4      2        0
  SINCE MAR 1     10                         9      1        0
  SINCE JAN 1     10                         9      1        0
..................................................................


WIND (MPH)
  HIGHEST WIND SPEED    17   HIGHEST WIND DIRECTION    NE (30)
  HIGHEST GUST SPEED    26   HIGHEST GUST DIRECTION     N (10)
  AVERAGE WIND SPEED     8.4


SKY COVER
  POSSIBLE SUNSHINE  MM
  AVERAGE SKY COVER 0.5


WEATHER CONDITIONS
 THE FOLLOWING WEATHER WAS RECORDED TODAY.
  NO SIGNIFICANT WEATHER WAS OBSERVED.


RELATIVE HUMIDITY (PERCENT)
 HIGHEST    86           100 AM
 LOWEST     23           100 PM
 AVERAGE    55

..........................................................


THE TWIN CITIES MN CLIMATE NORMALS FOR TOMORROW
                         NORMAL    RECORD    YEAR
 MAXIMUM TEMPERATURE (F)   67        92      1963
 MINIMUM TEMPERATURE (F)   46        27      1885


SUNRISE AND SUNSET
MAY  6 2018...........SUNRISE   555 AM CDT   SUNSET   824 PM CDT
MAY  7 2018...........SUNRISE   554 AM CDT   SUNSET   826 PM CDT


-  INDICATES NEGATIVE NUMBERS.
R  INDICATES RECORD WAS SET OR TIED.
MM INDICATES DATA IS MISSING.
T  INDICATES TRACE AMOUNT.




$$
