000
CDUS43 KMPX 060639
CLIMSP


CLIMATE REPORT
NATIONAL WEATHER SERVICE CHANHASSEN MN
137 AM CDT FRI APR 6 2018


...................................

...THE TWIN CITIES MN CLIMATE SUMMARY FOR APRIL 5 2018...

CLIMATE NORMAL PERIOD 1981 TO 2010
CLIMATE RECORD PERIOD 1871 TO 2018


WEATHER ITEM   OBSERVED TIME   RECORD YEAR NORMAL DEPARTURE LAST
                VALUE   (LST)  VALUE       VALUE  FROM      YEAR
                                                  NORMAL
..................................................................
TEMPERATURE (F)
 YESTERDAY
  MAXIMUM         40    454 PM  80    1991  52    -12       56
  MINIMUM         13    515 AM  12    1979  32    -19       38
  AVERAGE         27                        42    -15       47

PRECIPITATION (IN)
  YESTERDAY        0.00          0.91 1999   0.07  -0.07     0.00
  MONTH TO DATE    0.71                      0.36   0.35     0.12
  SINCE MAR 1      1.90                      2.25  -0.35     0.80
  SINCE JAN 1      4.78                      3.92   0.86     2.42

SNOWFALL (IN)
  YESTERDAY        0.0           1.5  1964   0.1   -0.1      0.0
  MONTH TO DATE    9.0                       0.6    8.4      0.0
  SINCE MAR 1     17.8                      10.9    6.9      4.7
  SINCE JUL 1     61.2                      52.6    8.6     31.5
  SNOW DEPTH       5

DEGREE DAYS
 HEATING
  YESTERDAY       38                        23     15       18
  MONTH TO DATE  205                       119     86       74
  SINCE MAR 1   1207                      1117     90     1029
  SINCE JUL 1   6898                      6907     -9     5730

 COOLING
  YESTERDAY        0                         0      0        0
  MONTH TO DATE    0                         0      0        0
  SINCE MAR 1      0                         0      0        0
  SINCE JAN 1      0                         0      0        0
..................................................................


WIND (MPH)
  HIGHEST WIND SPEED    24   HIGHEST WIND DIRECTION    NW (320)
  HIGHEST GUST SPEED    29   HIGHEST GUST DIRECTION    NW (310)
  AVERAGE WIND SPEED     7.1


SKY COVER
  POSSIBLE SUNSHINE  MM
  AVERAGE SKY COVER 0.4


WEATHER CONDITIONS
 THE FOLLOWING WEATHER WAS RECORDED YESTERDAY.
  HAZE


RELATIVE HUMIDITY (PERCENT)
 HIGHEST    88           400 AM
 LOWEST     48           200 PM
 AVERAGE    68

..........................................................


THE TWIN CITIES MN CLIMATE NORMALS FOR TODAY
                         NORMAL    RECORD    YEAR
 MAXIMUM TEMPERATURE (F)   53        86      1991
 MINIMUM TEMPERATURE (F)   33        10      1979


SUNRISE AND SUNSET
APRIL  6 2018.........SUNRISE   644 AM CDT   SUNSET   747 PM CDT
APRIL  7 2018.........SUNRISE   643 AM CDT   SUNSET   748 PM CDT


-  INDICATES NEGATIVE NUMBERS.
R  INDICATES RECORD WAS SET OR TIED.
MM INDICATES DATA IS MISSING.
T  INDICATES TRACE AMOUNT.




$$
