000
CDUS43 KMPX 082153
CLIMSP


CLIMATE REPORT
NATIONAL WEATHER SERVICE CHANHASSEN MN
452 PM CDT TUE MAY 8 2018


...................................

...THE TWIN CITIES MN CLIMATE SUMMARY FOR MAY 8 2018...
VALID TODAY AS OF 0400 PM LOCAL TIME.

CLIMATE NORMAL PERIOD 1981 TO 2010
CLIMATE RECORD PERIOD 1871 TO 2018


WEATHER ITEM   OBSERVED TIME   RECORD YEAR NORMAL DEPARTURE LAST
                VALUE   (LST)  VALUE       VALUE  FROM      YEAR
                                                  NORMAL
..................................................................
TEMPERATURE (F)
 TODAY
  MAXIMUM         72    838 AM  90    1874  67      5       70
  MINIMUM         63   1155 AM  28    1960  47     16       46
  AVERAGE         68                        57     11       58

PRECIPITATION (IN)
  TODAY            0.04          1.73 1872   0.11  -0.07     0.25
  MONTH TO DATE    0.59                      0.88  -0.29     0.54
  SINCE MAR 1      3.99                      5.43  -1.44     5.67
  SINCE JAN 1      6.87                      7.10  -0.23     7.29

SNOWFALL (IN)
  TODAY            0.0           0.5  1923   0.0    0.0      0.0
  MONTH TO DATE    0.0                       0.0    0.0       T
  SINCE MAR 1     34.9                      12.7   22.2      5.2
  SINCE JUL 1     78.3                      54.4   23.9     32.0
  SNOW DEPTH       0

DEGREE DAYS
 HEATING
  TODAY            0                         9     -9        7
  MONTH TO DATE    6                        79    -73       84
  SINCE MAR 1   1830                      1607    223     1467
  SINCE JUL 1   7521                      7397    124     6168

 COOLING
  TODAY            3                         1      2        0
  MONTH TO DATE   17                         6     11        0
  SINCE MAR 1     21                        11     10        0
  SINCE JAN 1     21                        11     10        0
..................................................................


WIND (MPH)
  HIGHEST WIND SPEED    18   HIGHEST WIND DIRECTION     S (180)
  HIGHEST GUST SPEED    24   HIGHEST GUST DIRECTION    SW (210)
  AVERAGE WIND SPEED     8.9


SKY COVER
  POSSIBLE SUNSHINE  MM
  AVERAGE SKY COVER 0.9


WEATHER CONDITIONS
 THE FOLLOWING WEATHER WAS RECORDED TODAY.
  LIGHT RAIN


RELATIVE HUMIDITY (PERCENT)
 HIGHEST    72          1200 PM
 LOWEST     31           900 AM
 AVERAGE    52

..........................................................


THE TWIN CITIES MN CLIMATE NORMALS FOR TOMORROW
                         NORMAL    RECORD    YEAR
 MAXIMUM TEMPERATURE (F)   68        91      1987
                                             1887
 MINIMUM TEMPERATURE (F)   47        27      1966


SUNRISE AND SUNSET
MAY  8 2018...........SUNRISE   553 AM CDT   SUNSET   827 PM CDT
MAY  9 2018...........SUNRISE   551 AM CDT   SUNSET   828 PM CDT


-  INDICATES NEGATIVE NUMBERS.
R  INDICATES RECORD WAS SET OR TIED.
MM INDICATES DATA IS MISSING.
T  INDICATES TRACE AMOUNT.




$$
