000
CDUS43 KMPX 040713
CLIMSP


CLIMATE REPORT
NATIONAL WEATHER SERVICE CHANHASSEN MN
212 AM CDT FRI MAY 4 2018


...................................

...THE TWIN CITIES MN CLIMATE SUMMARY FOR MAY 3 2018...

CLIMATE NORMAL PERIOD 1981 TO 2010
CLIMATE RECORD PERIOD 1871 TO 2018


WEATHER ITEM   OBSERVED TIME   RECORD YEAR NORMAL DEPARTURE LAST
                VALUE   (LST)  VALUE       VALUE  FROM      YEAR
                                                  NORMAL
..................................................................
TEMPERATURE (F)
 YESTERDAY
  MAXIMUM         75    114 PM  93    1949  66      9       66
  MINIMUM         55    538 AM  18    1967  45     10       45
  AVERAGE         65                        55     10       56

PRECIPITATION (IN)
  YESTERDAY        T             1.72 1912   0.11  -0.11     0.00
  MONTH TO DATE    0.47                      0.33   0.14     0.29
  SINCE MAR 1      3.87                      4.88  -1.01     5.42
  SINCE JAN 1      6.75                      6.55   0.20     7.04

SNOWFALL (IN)
  YESTERDAY        0.0           0.5  2013   0.0    0.0      0.0
  MONTH TO DATE    0.0                       0.0    0.0       T
  SINCE MAR 1     34.9                      12.7   22.2      5.2
  SINCE JUL 1     78.3                      54.4   23.9     32.0
  SNOW DEPTH       0

DEGREE DAYS
 HEATING
  YESTERDAY        0                        10    -10        9
  MONTH TO DATE    6                        32    -26       51
  SINCE MAR 1   1830                      1560    270     1434
  SINCE JUL 1   7521                      7350    171     6135

 COOLING
  YESTERDAY        0                         1     -1        0
  MONTH TO DATE    0                         1     -1        0
  SINCE MAR 1      4                         6     -2        0
  SINCE JAN 1      4                         6     -2        0
..................................................................


WIND (MPH)
  HIGHEST WIND SPEED    13   HIGHEST WIND DIRECTION     S (180)
  HIGHEST GUST SPEED    16   HIGHEST GUST DIRECTION     S (170)
  AVERAGE WIND SPEED     3.2


SKY COVER
  POSSIBLE SUNSHINE  MM
  AVERAGE SKY COVER 0.8


WEATHER CONDITIONS
 THE FOLLOWING WEATHER WAS RECORDED YESTERDAY.
  NO SIGNIFICANT WEATHER WAS OBSERVED.


RELATIVE HUMIDITY (PERCENT)
 HIGHEST    72           400 AM
 LOWEST     29           200 PM
 AVERAGE    51

..........................................................


THE TWIN CITIES MN CLIMATE NORMALS FOR TODAY
                         NORMAL    RECORD    YEAR
 MAXIMUM TEMPERATURE (F)   66        91      1952
 MINIMUM TEMPERATURE (F)   45        22      1967


SUNRISE AND SUNSET
MAY  4 2018...........SUNRISE   558 AM CDT   SUNSET   822 PM CDT
MAY  5 2018...........SUNRISE   557 AM CDT   SUNSET   823 PM CDT


-  INDICATES NEGATIVE NUMBERS.
R  INDICATES RECORD WAS SET OR TIED.
MM INDICATES DATA IS MISSING.
T  INDICATES TRACE AMOUNT.




$$
