000
CDUS43 KMPX 230019
CLIMSP


CLIMATE REPORT
NATIONAL WEATHER SERVICE CHANHASSEN MN
719 PM CDT TUE MAY 22 2018


...................................

...THE TWIN CITIES MN CLIMATE SUMMARY FOR MAY 22 2018...
VALID TODAY AS OF 0500 PM LOCAL TIME.

CLIMATE NORMAL PERIOD 1981 TO 2010
CLIMATE RECORD PERIOD 1871 TO 2018


WEATHER ITEM   OBSERVED TIME   RECORD YEAR NORMAL DEPARTURE LAST
                VALUE   (LST)  VALUE       VALUE  FROM      YEAR
                                                  NORMAL
..................................................................
TEMPERATURE (F)
 TODAY
  MAXIMUM         76    410 PM  99    1925  71      5       67
  MINIMUM         57    521 AM  32    1917  51      6       45
  AVERAGE         67                        61      6       56

PRECIPITATION (IN)
  TODAY            0.00          1.20 1936   0.11  -0.11     0.01
  MONTH TO DATE    1.25                      2.39  -1.14     4.76
  SINCE MAR 1      4.65                      6.94  -2.29     9.89
  SINCE JAN 1      7.53                      8.61  -1.08    11.51

SNOWFALL (IN)
  TODAY            0.0           0.0    MM   0.0    0.0      0.0
  MONTH TO DATE    0.0                       0.0    0.0       T
  SINCE MAR 1     34.9                      12.7   22.2      5.2
  SINCE JUL 1     78.3                      54.4   23.9     32.0
  SNOW DEPTH       0

DEGREE DAYS
 HEATING
  TODAY            0                         6     -6        9
  MONTH TO DATE   63                       178   -115      174
  SINCE MAR 1   1887                      1706    181     1557
  SINCE JUL 1   7578                      7496     82     6258

 COOLING
  TODAY            2                         1      1        0
  MONTH TO DATE   38                        20     18       15
  SINCE MAR 1     42                        25     17       15
  SINCE JAN 1     42                        25     17       15
..................................................................


WIND (MPH)
  HIGHEST WIND SPEED    10   HIGHEST WIND DIRECTION    SE (120)
  HIGHEST GUST SPEED    14   HIGHEST GUST DIRECTION    SE (130)
  AVERAGE WIND SPEED     4.6


SKY COVER
  POSSIBLE SUNSHINE  MM
  AVERAGE SKY COVER 0.8


WEATHER CONDITIONS
 THE FOLLOWING WEATHER WAS RECORDED TODAY.
  FOG


RELATIVE HUMIDITY (PERCENT)
 HIGHEST    93           500 AM
 LOWEST     54           400 PM
 AVERAGE    74

..........................................................


THE TWIN CITIES MN CLIMATE NORMALS FOR TOMORROW
                         NORMAL    RECORD    YEAR
 MAXIMUM TEMPERATURE (F)   71        89      2012
 MINIMUM TEMPERATURE (F)   51        28      1963


SUNRISE AND SUNSET
MAY 22 2018...........SUNRISE   537 AM CDT   SUNSET   843 PM CDT
MAY 23 2018...........SUNRISE   536 AM CDT   SUNSET   844 PM CDT


-  INDICATES NEGATIVE NUMBERS.
R  INDICATES RECORD WAS SET OR TIED.
MM INDICATES DATA IS MISSING.
T  INDICATES TRACE AMOUNT.




$$
