000
CDUS43 KMPX 250738
CLIMSP


CLIMATE REPORT
NATIONAL WEATHER SERVICE CHANHASSEN MN
237 AM CDT WED APR 25 2018


...................................

...THE TWIN CITIES MN CLIMATE SUMMARY FOR APRIL 24 2018...

CLIMATE NORMAL PERIOD 1981 TO 2010
CLIMATE RECORD PERIOD 1871 TO 2018


WEATHER ITEM   OBSERVED TIME   RECORD YEAR NORMAL DEPARTURE LAST
                VALUE   (LST)  VALUE       VALUE  FROM      YEAR
                                                  NORMAL
..................................................................
TEMPERATURE (F)
 YESTERDAY
  MAXIMUM         66   1142 AM  84    1962  62      4       72
  MINIMUM         43    511 AM  24    1875  41      2       49
  AVERAGE         55                        52      3       61

PRECIPITATION (IN)
  YESTERDAY        0.00          1.43 1908   0.10  -0.10     0.02
  MONTH TO DATE    2.17                      2.02   0.15     2.90
  SINCE MAR 1      3.36                      3.91  -0.55     3.58
  SINCE JAN 1      6.24                      5.58   0.66     5.20

SNOWFALL (IN)
  YESTERDAY        0.0           0.3  1902   0.0    0.0      0.0
  MONTH TO DATE   26.1                       2.1   24.0      0.5
  SINCE MAR 1     34.9                      12.4   22.5      5.2
  SINCE JUL 1     78.3                      54.1   24.2     32.0
  SNOW DEPTH       0

DEGREE DAYS
 HEATING
  YESTERDAY       10                        14     -4        4
  MONTH TO DATE  755                       458    297      303
  SINCE MAR 1   1757                      1456    301     1258
  SINCE JUL 1   7448                      7246    202     5959

 COOLING
  YESTERDAY        0                         0      0        0
  MONTH TO DATE    0                         0      0        0
  SINCE MAR 1      0                         0      0        0
  SINCE JAN 1      0                         0      0        0
..................................................................


WIND (MPH)
  HIGHEST WIND SPEED    24   HIGHEST WIND DIRECTION     N (10)
  HIGHEST GUST SPEED    30   HIGHEST GUST DIRECTION     N (20)
  AVERAGE WIND SPEED    10.0


SKY COVER
  POSSIBLE SUNSHINE  MM
  AVERAGE SKY COVER 0.4


WEATHER CONDITIONS
 THE FOLLOWING WEATHER WAS RECORDED YESTERDAY.
  NO SIGNIFICANT WEATHER WAS OBSERVED.


RELATIVE HUMIDITY (PERCENT)
 HIGHEST    83           600 AM
 LOWEST     31          1100 AM
 AVERAGE    57

..........................................................


THE TWIN CITIES MN CLIMATE NORMALS FOR TODAY
                         NORMAL    RECORD    YEAR
 MAXIMUM TEMPERATURE (F)   63        91      1962
 MINIMUM TEMPERATURE (F)   42        25      1907


SUNRISE AND SUNSET
APRIL 25 2018.........SUNRISE   612 AM CDT   SUNSET   811 PM CDT
APRIL 26 2018.........SUNRISE   610 AM CDT   SUNSET   812 PM CDT


-  INDICATES NEGATIVE NUMBERS.
R  INDICATES RECORD WAS SET OR TIED.
MM INDICATES DATA IS MISSING.
T  INDICATES TRACE AMOUNT.




$$
