000
CXUS53 KMPX 011916
CLMMSP
CLIMATE REPORT
NATIONAL WEATHER SERVICE TWIN CITIES/CHANHASSEN MN
216 PM CDT TUE AUG 01 2023
...................................
...THE TWIN CITIES MN CLIMATE SUMMARY FOR THE MONTH OF JULY 2023...
CLIMATE NORMAL PERIOD 1991 TO 2020
CLIMATE RECORD PERIOD 1871 TO 2023
WEATHER OBSERVED NORMAL DEPART LAST YEAR`S
VALUE DATE(S) VALUE FROM VALUE DATE(S)
NORMAL
................................................................
TEMPERATURE (F)
RECORD
HIGH 108 07/14/1936
LOW 43 07/04/1972
HIGHEST 96 07/27 93 3 95 07/18
LOWEST 56 07/06 56 0 59 07/25
07/28
AVG. MAXIMUM 85.1 83.4 1.7 85.3
AVG. MINIMUM 64.0 65.3 -1.3 67.3
MEAN 74.5 74.3 0.2 76.3
DAYS MAX >= 90 9 5.4 3.6 4
DAYS MAX <= 32 0 0.0 0.0 0
DAYS MIN <= 32 0 0.0 0.0 0
DAYS MIN <= 0 0 0.0 0.0 0
PRECIPITATION (INCHES)
RECORD
MAXIMUM 17.90 1987
MINIMUM 0.11 1936
TOTALS 2.57 4.06 -1.49 1.18
DAILY AVG. 0.08 0.13 -0.05 0.04
DAYS >= .01 8 10.4 -2.4 10
DAYS >= .10 5 6.6 -1.6 4
DAYS >= .50 3 2.5 0.5 0
DAYS >= 1.00 1 1.1 -0.1 0
GREATEST
24 HR. TOTAL 1.06 07/26 TO 07/26
SNOWFALL (INCHES)
RECORDS
TOTAL T 2012
TOTALS 0.0 0.0 0.0 0.0
SINCE 7/1 0.0 0.0 0.0 MM
SNOWDEPTH AVG. 0 0
DAYS >= 1.0 0 0.0 0.0 0
GREATEST
SNOW DEPTH 0 0 MM
24 HR TOTAL MM
DEGREE DAYS
HEATING TOTAL 0 4 -4 0
SINCE 7/1 0 0 0 MM
COOLING TOTAL 304 294 10 357
SINCE 1/1 723 518 205 MM
................................................................
WIND (MPH)
AVERAGE WIND SPEED 7.2
HIGHEST WIND SPEED/DIRECTION 39/310 DATE 07/28
HIGHEST GUST SPEED/DIRECTION 59/310 DATE 07/13
SKY COVER
POSSIBLE SUNSHINE (PERCENT) MM
AVERAGE SKY COVER 0.42
NUMBER OF DAYS FAIR 13
NUMBER OF DAYS PC 17
NUMBER OF DAYS CLOUDY 1
AVERAGE RH (PERCENT) 59
WEATHER CONDITIONS. NUMBER OF DAYS WITH
THUNDERSTORM 11 MIXED PRECIP 0
HEAVY RAIN 4 RAIN 4
LIGHT RAIN 9 FREEZING RAIN 0
LT FREEZING RAIN 0 HAIL 0
HEAVY SNOW 0 SNOW 0
LIGHT SNOW 0 SLEET 0
FOG 6 FOG W/VIS <= 1/4 MILE 1
HAZE 5
- INDICATES NEGATIVE NUMBERS.
R INDICATES RECORD WAS SET OR TIED.
MM INDICATES DATA IS MISSING.
T INDICATES TRACE AMOUNT.
$$