000
CXUS53 KMPX 012107
CLMMSP


CLIMATE REPORT
NATIONAL WEATHER SERVICE CHANHASSEN MN
257 PM CST THU FEB 1 2018

...................................

...THE TWIN CITIES MN CLIMATE SUMMARY FOR THE MONTH OF JANUARY 2018...

CLIMATE NORMAL PERIOD 1981 TO 2010
CLIMATE RECORD PERIOD 1871 TO 2018

WEATHER         OBSERVED          NORMAL  DEPART  LAST YEAR`S
                 VALUE   DATE(S)  VALUE   FROM    VALUE  DATE(S)
                                          NORMAL
................................................................
TEMPERATURE (F)
RECORD
 HIGH              58   01/25/1944
 LOW              -41   01/21/1888
HIGHEST            47   01/26        35      12       42  01/30
LOWEST            -14   01/01       -10      -4       -9  01/06
AVG. MAXIMUM     24.8              23.7     1.1     27.1
AVG. MINIMUM      8.4               7.5     0.9     14.8
MEAN             16.6              15.6     1.0     20.9
DAYS MAX >= 90      0               0.0     0.0        0
DAYS MAX <= 32     20              22.2    -2.2       19
DAYS MIN <= 32     30              30.6    -0.6       27
DAYS MIN <= 0      12               9.5     2.5        7

PRECIPITATION (INCHES)
RECORD
 MAXIMUM         3.63   1967
 MINIMUM         0.05   1892
                        1898
TOTALS           1.55              0.90    0.65     0.98
DAILY AVG.       0.05              0.03    0.02     0.03
DAYS >= .01         5               8.9    -3.9       11
DAYS >= .10         4               3.0     1.0        5
DAYS >= .50         1               0.3     0.7        0
DAYS >= 1.00        1               0.0     1.0        0
GREATEST
 24 HR. TOTAL    1.03   01/22 TO 01/22

SNOWFALL (INCHES)
RECORDS
 TOTAL           46.4   5
                        0
TOTALS           20.4              12.2     8.2      8.4
SINCE 7/1        27.5              34.0    -6.5     26.5
SNOWDEPTH AVG.      3                 7      -4        1
DAYS >= 1.0         4               3.2     0.8        3
GREATEST
 SNOW DEPTH        11   01/23                          4  01/13
                                                          01/12
                                                          01/11
 24 HR TOTAL     12.4   01/22 TO 01/22

DEGREE_DAYS
HEATING TOTAL    1491              1531     -40     1360
 SINCE 7/1       4324              4554    -230     3762
COOLING TOTAL       0                 0       0        0
 SINCE 1/1          0                 0       0        0
.................................................................

WIND (MPH)
AVERAGE WIND SPEED              9.1
HIGHEST WIND SPEED/DIRECTION    32/340    DATE  01/31
HIGHEST GUST SPEED/DIRECTION    39/340    DATE  01/31

SKY COVER
POSSIBLE SUNSHINE (PERCENT)   MM
AVERAGE SKY COVER           0.60
NUMBER OF DAYS FAIR            8
NUMBER OF DAYS PC             11
NUMBER OF DAYS CLOUDY         12

AVERAGE RH (PERCENT)     77

WEATHER CONDITIONS. NUMBER OF DAYS WITH
THUNDERSTORM              0     MIXED PRECIP               0
HEAVY RAIN                0     RAIN                       0
LIGHT RAIN                2     FREEZING RAIN              0
LT FREEZING RAIN          0     HAIL                       0
HEAVY SNOW                1     SNOW                       4
LIGHT SNOW               10     SLEET                      1
FOG                      15     FOG W/VIS <= 1/4 MILE      1
HAZE                      7

-  INDICATES NEGATIVE NUMBERS.
R  INDICATES RECORD WAS SET OR TIED.
MM INDICATES DATA IS MISSING.
T  INDICATES TRACE AMOUNT.

$$
