000
CXUS53 KMPX 010652
CLMMSP


CLIMATE REPORT
NATIONAL WEATHER SERVICE CHANHASSEN MN
150 AM CDT TUE MAY 1 2018

...................................

...THE TWIN CITIES MN CLIMATE SUMMARY FOR THE MONTH OF APRIL 2018...

CLIMATE NORMAL PERIOD 1981 TO 2010
CLIMATE RECORD PERIOD 1871 TO 2018

WEATHER         OBSERVED          NORMAL  DEPART  LAST YEAR`S
                 VALUE   DATE(S)  VALUE   FROM    VALUE  DATE(S)
                                          NORMAL
................................................................
TEMPERATURE (F)
RECORD
 HIGH              95   04/21/1980
 LOW                2   04/13/1962
HIGHEST            84   04/30        67      17       73  04/08
LOWEST              8   04/04        28     -20       32  04/27
                                                          04/11
AVG. MAXIMUM     47.4              57.8   -10.4     59.3
AVG. MINIMUM     27.7              37.2    -9.5     41.6
MEAN             37.6              47.5    -9.9     50.5
DAYS MAX >= 90      0               0.0     0.0        0
DAYS MAX <= 32      8               0.3     7.7        0
DAYS MIN <= 32     20               8.6    11.4        2
DAYS MIN <= 0       0               0.0     0.0        0

PRECIPITATION (INCHES)
RECORD
 MAXIMUM         7.00   2001
 MINIMUM         0.16   1987
TOTALS           2.21              2.66   -0.45     4.45
DAILY AVG.       0.07              0.09   -0.02     0.15
DAYS >= .01         8              10.7    -2.7       14
DAYS >= .10         6               5.9     0.1       11
DAYS >= .50         2               1.7     0.3        3
DAYS >= 1.00        0               0.4    -0.4        1
GREATEST
 24 HR. TOTAL    0.79   04/14 TO 04/14

SNOWFALL (INCHES)
RECORDS
 TOTAL           21.8   5
                        0
TOTALS           26.1R              2.4    23.7      0.5
SINCE 7/1        78.3              54.4    23.9     32.0
SNOWDEPTH AVG.      3                MM      MM        0
DAYS >= 1.0         6               0.6     5.4        0
GREATEST
 SNOW DEPTH        11R  04/16                          1  04/11
 24 HR TOTAL     11.1   04/14 TO 04/14

DEGREE_DAYS
HEATING TOTAL     822               530     292      428
 SINCE 7/1       7515              7318     197     6084
COOLING TOTAL       4                 5      -1        0
 SINCE 1/1          4                 5      -1        0
.................................................................

WIND (MPH)
AVERAGE WIND SPEED              9.5
HIGHEST WIND SPEED/DIRECTION    33/050    DATE  04/14
HIGHEST GUST SPEED/DIRECTION    45/030    DATE  04/14

SKY COVER
POSSIBLE SUNSHINE (PERCENT)   MM
AVERAGE SKY COVER           0.50
NUMBER OF DAYS FAIR           11
NUMBER OF DAYS PC              9
NUMBER OF DAYS CLOUDY         10

AVERAGE RH (PERCENT)     63

WEATHER CONDITIONS. NUMBER OF DAYS WITH
  0
  2
  0
  0
  5
  1
  2
HAZE                      3

-  INDICATES NEGATIVE NUMBERS.
R  INDICATES RECORD WAS SET OR TIED.
MM INDICATES DATA IS MISSING.
T  INDICATES TRACE AMOUNT.

$$

4TH COLDEST APRIL ON RECORD.
