000
CXUS55 KGJT 010910
CF6MTJ
PRELIMINARY LOCAL CLIMATOLOGICAL DATA (WS FORM: F-6)
STATION: MONTROSE CO
MONTH: MARCH
YEAR: 2023
LATITUDE: 38 30 N
LONGITUDE: 107 53 W
TEMPERATURE IN F: :PCPN: SNOW: WIND :SUNSHINE: SKY :PK WND
================================================================================
1 2 3 4 5 6A 6B 7 8 9 10 11 12 13 14 15 16 17 18
12Z AVG MX 2MIN
DY MAX MIN AVG DEP HDD CDD WTR SNW DPTH SPD SPD DIR MIN PSBL S-S WX SPD DR
================================================================================
1 40 24 32 -6 33 0 0.07 M M 3.8 12 80 M M 9 1 16 60
2 40 28 34 -4 31 0 0.04 M M 3.1 14 320 M M 8 12 19 320
3 38 24 31 -7 34 0 0.01 M M 5.9 16 340 M M 6 1 20 340
4 43 21 32 -7 33 0 0.00 M M 5.7 14 60 M M 0 19 250
5 51 36 44 5 21 0 0.00 M M 12.7 32 230 M M 0 49 230
6 56 37 47 8 18 0 0.00 M M 9.7 26 230 M M 0 42 240
7 54 29 42 2 23 0 0.00 M M 7.0 22 220 M M 0 30 210
8 53 27 40 0 25 0 0.00 M M 6.9 22 220 M M 1 33 260
9 50 24 37 -3 28 0 0.00 M M 5.4 13 150 M M 0 15 10
10 49 31 40 -1 25 0 0.09 M M 5.0 25 230 M M 8 1 33 220
11 48 32 40 -1 25 0 0.15 M M 8.4 18 320 M M 8 1 24 320
12 51 32 42 1 23 0 0.11 M M 5.7 21 240 M M 7 1 28 240
13 51 31 41 0 24 0 0.00 M M 5.2 12 320 M M 3 17 300
14 54 30 42 0 23 0 0.00 M M 7.0 20 190 M M 2 27 220
15 50 34 42 0 23 0 0.15 M M 6.8 18 310 M M 10 1 24 310
16 40 25 33 -9 32 0 0.12 M M 7.7 21 310 M M 8 1 26 320
17 40 24 32 -10 33 0 0.00 M M 3.7 12 330 M M 5 15 350
18 45 21 33 -10 32 0 0.00 M M 5.8 12 110 M M 0 19 110
19 50 23 37 -6 28 0 0.00 M M 7.3 17 270 M M 1 22 250
20 46 33 40 -3 25 0 T M M 7.9 21 180 M M 9 27 170
21 38 29 34 -10 31 0 0.05 M M 3.6 13 290 M M 9 1 16 150
22 47 31 39 -5 26 0 0.13 M M 11.3 26 240 M M 7 12 40 190
23 46 29 38 -6 27 0 T M M 7.8 23 330 M M 6 32 300
24 44 20 32 -12 33 0 0.16 M M 5.8 23 280 M M 7 128 33 290
25 32 13 23 -21 42 0 T M M 5.8 14 360 M M 5 18 360
26 36 18 27 -18 38 0 0.01 M M 7.9 23 290 M M 6 1 29 260
27 35 20 28 -17 37 0 T M M 6.1 17 330 M M 5 1 23 360
28 49 17 33 -12 32 0 0.00 M M 7.7 22 70 M M 0 29 70
29 58 30 44 -1 21 0 0.00 M M 8.4 20 100 M M 0 26 110
30 53 30 42 -4 23 0 0.01 M M 11.8 37 190 M M 5 18 50 220
31 48 28 38 -8 27 0 T M M 8.9 23 300 M M 9 1 33 290
================================================================================
SM 1435 831 876 0 1.10 M 215.8 M 144
================================================================================
AV 46.3 26.8 7.0 FASTST M M 5 MAX(MPH)
MISC ----> 37 190 50 220
================================================================================
NOTES:
# LAST OF SEVERAL OCCURRENCES
COLUMN 17 PEAK WIND IN M.P.H.
PRELIMINARY LOCAL CLIMATOLOGICAL DATA (WS FORM: F-6) , PAGE 2
STATION: MONTROSE CO
MONTH: MARCH
YEAR: 2023
LATITUDE: 38 30 N
LONGITUDE: 107 53 W
[TEMPERATURE DATA] [PRECIPITATION DATA] SYMBOLS USED IN COLUMN 16
AVERAGE MONTHLY: 36.5 TOTAL FOR MONTH: 1.10 1 = FOG OR MIST
DPTR FM NORMAL: -5.6 DPTR FM NORMAL: 0.48 2 = FOG REDUCING VISIBILITY
HIGHEST: 58 ON 29 GRTST 24HR 0.27 ON 15-16 TO 1/4 MILE OR LESS
LOWEST: 13 ON 25 3 = THUNDER
SNOW, ICE PELLETS, HAIL 4 = ICE PELLETS
TOTAL MONTH: M 5 = HAIL
GRTST 24HR M ON M 6 = FREEZING RAIN OR DRIZZLE
GRTST DEPTH: M ON M 7 = DUSTSTORM OR SANDSTORM:
VSBY 1/2 MILE OR LESS
8 = SMOKE OR HAZE
[NO. OF DAYS WITH] [WEATHER - DAYS WITH] 9 = BLOWING SNOW
X = TORNADO
MAX 32 OR BELOW: 1 0.01 INCH OR MORE: 13
MAX 90 OR ABOVE: 0 0.10 INCH OR MORE: 6
MIN 32 OR BELOW: 27 0.50 INCH OR MORE: 0
MIN 0 OR BELOW: 0 1.00 INCH OR MORE: 0
[HDD (BASE 65) ]
TOTAL THIS MO. 876 CLEAR (SCALE 0-3) 12
DPTR FM NORMAL 164 PTCLDY (SCALE 4-7) 12
TOTAL FM JUL 1 5480 CLOUDY (SCALE 8-10) 7
DPTR FM NORMAL 197
[CDD (BASE 65) ]
TOTAL THIS MO. 0
DPTR FM NORMAL 0 [PRESSURE DATA]
TOTAL FM JAN 1 0 HIGHEST SLP M ON M
DPTR FM NORMAL 0 LOWEST SLP 29.47 ON 30
[REMARKS]
#FINAL-03-23#