000
CXUS55 KGJT 011010
CF6MTJ
PRELIMINARY LOCAL CLIMATOLOGICAL DATA (WS FORM: F-6)
STATION: MONTROSE CO
MONTH: FEBRUARY
YEAR: 2022
LATITUDE: 38 30 N
LONGITUDE: 107 53 W
TEMPERATURE IN F: :PCPN: SNOW: WIND :SUNSHINE: SKY :PK WND
================================================================================
1 2 3 4 5 6A 6B 7 8 9 10 11 12 13 14 15 16 17 18
12Z AVG MX 2MIN
DY MAX MIN AVG DEP HDD CDD WTR SNW DPTH SPD SPD DIR MIN PSBL S-S WX SPD DR
================================================================================
1 37 16 27 -3 38 0 T M M 6.6 16 300 M M 5 18 20 320
2 28 11 20 -10 45 0 T M M 7.4 21 300 M M 10 18 26 290
3 26 4 15 -16 50 0 0.00 M M 8.0 14 140 M M 0 18 310
4 33 4 19 -12 46 0 0.00 M M 6.0 13 150 M M 0 15 150
5 39 9 24 -7 41 0 0.00 M M 4.9 13 140 M M 0 15 140
6 39 13 26 -5 39 0 0.00 M M 7.8 14 160 M M 1 20 300
7 43 13 28 -4 37 0 0.00 M M 6.1 14 140 M M 0 17 140
8 48 15 32 0 33 0 0.00 M M 6.3 13 150 M M 0 8 15 170
9 49 18 34 2 31 0 0.00 M M 5.8 13 330 M M 1 16 330
10 49 20 35 3 30 0 0.00 M M 5.7 13 140 M M 0 14 150
11 53 19 36 3 29 0 0.00 M M 5.3 16 340 M M 0 25 340
12 45 16 31 -2 34 0 0.00 M M 5.2 10 150 M M 0 12 140
13 51 15 33 0 32 0 0.00 M M 5.4 12 160 M M 0 12 160
14 55 17 36 2 29 0 0.00 M M 6.9 13 140 M M 0 15 170
15 58 30 44 10 21 0 0.00 M M 8.3 25 200 M M 0 8 41 200
16 47 28 38 4 27 0 0.02 M M 9.0 23 310 M M 7 12 30 240
17 35 21 28 -6 37 0 0.00 M M 8.2 17 310 M M 4 23 320
18 45 16 31 -4 34 0 0.00 M M 5.7 14 140 M M 0 17 160
19 52 19 36 1 29 0 0.00 M M 5.0 12 170 M M 0 13 170
20 58 20 39 4 26 0 0.00 M M 7.5 25 250 M M 0 35 250
21 49 32 41 5 24 0 0.01 M M 13.1 36 210 M M 4 18 50 210
22 34 23 29 -7 36 0 0.15 M M 4.6 21 240 M M 9 12 32 260
23 39 23 31 -5 34 0 0.01 M M 8.4 26 210 M M 8 12 36 210
24 27 17 22 -14 43 0 T M M 4.2 16 320 M M 7 1 21 310
25 34 16 25 -12 40 0 T M M 5.7 16 310 M M 5 20 310
26 33 10 22 -15 43 0 T M M 4.2 14 150 M M 3 16 150
27 42 8 25 -12 40 0 0.00 M M 5.5 12 140 M M 0 16 320
28 49 19 34 -4 31 0 0.00 M M 5.6 14 150 M M 0 17 140
================================================================================
SM 1197 472 979 0 0.19 M 182.4 M 64
================================================================================
AV 42.8 16.9 6.5 FASTST M M 2 MAX(MPH)
MISC ----> 36 210 50 210
================================================================================
NOTES:
# LAST OF SEVERAL OCCURRENCES
COLUMN 17 PEAK WIND IN M.P.H.
PRELIMINARY LOCAL CLIMATOLOGICAL DATA (WS FORM: F-6) , PAGE 2
STATION: MONTROSE CO
MONTH: FEBRUARY
YEAR: 2022
LATITUDE: 38 30 N
LONGITUDE: 107 53 W
[TEMPERATURE DATA] [PRECIPITATION DATA] SYMBOLS USED IN COLUMN 16
AVERAGE MONTHLY: 29.8 TOTAL FOR MONTH: 0.19 1 = FOG OR MIST
DPTR FM NORMAL: -3.9 DPTR FM NORMAL: -0.23 2 = FOG REDUCING VISIBILITY
HIGHEST: 58 ON 20,15 GRTST 24HR 0.16 ON 21-22 TO 1/4 MILE OR LESS
LOWEST: 4 ON 4, 3 3 = THUNDER
SNOW, ICE PELLETS, HAIL 4 = ICE PELLETS
TOTAL MONTH: M 5 = HAIL
GRTST 24HR M ON M 6 = FREEZING RAIN OR DRIZZLE
GRTST DEPTH: M ON M 7 = DUSTSTORM OR SANDSTORM:
VSBY 1/2 MILE OR LESS
8 = SMOKE OR HAZE
[NO. OF DAYS WITH] [WEATHER - DAYS WITH] 9 = BLOWING SNOW
X = TORNADO
MAX 32 OR BELOW: 3 0.01 INCH OR MORE: 4
MAX 90 OR ABOVE: 0 0.10 INCH OR MORE: 1
MIN 32 OR BELOW: 28 0.50 INCH OR MORE: 0
MIN 0 OR BELOW: 0 1.00 INCH OR MORE: 0
[HDD (BASE 65) ]
TOTAL THIS MO. 979 CLEAR (SCALE 0-3) 19
DPTR FM NORMAL 104 PTCLDY (SCALE 4-7) 7
TOTAL FM JUL 1 4329 CLOUDY (SCALE 8-10) 2
DPTR FM NORMAL -245
[CDD (BASE 65) ]
TOTAL THIS MO. 0
DPTR FM NORMAL 0 [PRESSURE DATA]
TOTAL FM JAN 1 0 HIGHEST SLP 30.78 ON 4
DPTR FM NORMAL 0 LOWEST SLP 29.41 ON 21
[REMARKS]
#FINAL-02-22#