000
CXUS55 KGJT 011010
CF6MTJ
PRELIMINARY LOCAL CLIMATOLOGICAL DATA (WS FORM: F-6)
STATION: MONTROSE CO
MONTH: DECEMBER
YEAR: 2021
LATITUDE: 38 30 N
LONGITUDE: 107 53 W
TEMPERATURE IN F: :PCPN: SNOW: WIND :SUNSHINE: SKY :PK WND
================================================================================
1 2 3 4 5 6A 6B 7 8 9 10 11 12 13 14 15 16 17 18
12Z AVG MX 2MIN
DY MAX MIN AVG DEP HDD CDD WTR SNW DPTH SPD SPD DIR MIN PSBL S-S WX SPD DR
================================================================================
1 57 23 40 8 25 0 0.00 M M 5.8 13 160 M M 0 15 160
2 56 26 41 10 24 0 0.00 M M 5.6 10 160 M M 0 12 160
3 56 25 41 10 24 0 0.00 M M 5.8 10 160 M M 0 12 170
4 54 24 39 9 26 0 0.00 M M 5.7 12 160 M M 0 14 360
5 52 21 37 7 28 0 0.00 M M 6.1 13 150 M M 0 15 140
6 50 18 34 4 31 0 T M M 5.5 15 210 M M 4 8 21 220
7 43 31 37 8 28 0 0.06 M M 2.8 10 150 M M 9 1 12 160
8 38 24 31 2 34 0 0.01 M M 4.5 13 150 M M 6 16 170
9 47 34 41 12 24 0 0.22 M M 7.7 23 240 M M 9 1 30 240
10 37 16 27 -1 38 0 0.07 M M 12.5 31 290 M M 6 1 42 290
11 31 10 21 -7 44 0 0.00 M M 5.6 12 150 M M 0 14 150
12 43 14 29 1 36 0 0.00 M M 4.9 15 120 M M 0 21 60
13 48 19 34 6 31 0 0.00 M M 8.9 20 100 M M 0 27 100
14 55 31 43 16 22 0 0.00 M M 12.2 22 80 M M 5 8 33 90
15 51 21 36 9 29 0 0.01 M M 10.4 36 250 M M 6 18 47 250
16 39 17 28 1 37 0 0.00 M M 5.0 13 310 M M 1 16 310
17 36 17 27 1 38 0 0.00 M M 5.7 14 310 M M 5 17 320
18 34 12 23 -3 42 0 0.00 M M 5.4 10 150 M M 0 12 140
19 37 11 24 -2 41 0 0.00 M M 5.8 10 150 M M 0 12 340
20 40 11 26 0 39 0 0.00 M M 4.6 10 160 M M 0 12 160
21 42 16 29 3 36 0 0.00 M M 4.9 9 150 M M 0 12 350
22 42 12 27 1 38 0 0.00 M M 4.3 10 140 M M 1 12 170
23 51 26 39 13 26 0 T M M 7.7 28 230 M M 7 41 220
24 47 32 40 14 25 0 0.08 M M 8.7 26 210 M M 5 1 39 210
25 49 28 39 14 26 0 0.00 M M 7.4 23 80 M M 2 29 90
26 44 26 35 10 30 0 T M M 14.8 41 220 M M 5 8 66 200
27 41 24 33 8 32 0 T M M 9.8 29 240 M M 7 18 38 230
28 33 25 29 4 36 0 T M M 7.0 21 210 M M 9 1 29 210
29 37 25 31 6 34 0 0.01 M M 4.5 22 140 M M 7 1 37 140
30 43 31 37 12 28 0 0.00 M M 9.8 28 210 M M 6 39 210
31 42 25 34 9 31 0 0.21 M M 10.0 35 220 M M 7 12 50 220
================================================================================
SM 1375 675 983 0 0.67 M 219.4 M 107
================================================================================
AV 44.4 21.8 7.1 FASTST M M 3 MAX(MPH)
MISC ----> 41 220 66 200
================================================================================
NOTES:
# LAST OF SEVERAL OCCURRENCES
COLUMN 17 PEAK WIND IN M.P.H.
PRELIMINARY LOCAL CLIMATOLOGICAL DATA (WS FORM: F-6) , PAGE 2
STATION: MONTROSE CO
MONTH: DECEMBER
YEAR: 2021
LATITUDE: 38 30 N
LONGITUDE: 107 53 W
[TEMPERATURE DATA] [PRECIPITATION DATA] SYMBOLS USED IN COLUMN 16
AVERAGE MONTHLY: 33.1 TOTAL FOR MONTH: 0.67 1 = FOG OR MIST
DPTR FM NORMAL: 5.8 DPTR FM NORMAL: 0.21 2 = FOG REDUCING VISIBILITY
HIGHEST: 57 ON 1 GRTST 24HR 0.29 ON 9-10 TO 1/4 MILE OR LESS
LOWEST: 10 ON 11 3 = THUNDER
SNOW, ICE PELLETS, HAIL 4 = ICE PELLETS
TOTAL MONTH: M 5 = HAIL
GRTST 24HR M ON M 6 = FREEZING RAIN OR DRIZZLE
GRTST DEPTH: M ON M 7 = DUSTSTORM OR SANDSTORM:
VSBY 1/2 MILE OR LESS
8 = SMOKE OR HAZE
[NO. OF DAYS WITH] [WEATHER - DAYS WITH] 9 = BLOWING SNOW
X = TORNADO
MAX 32 OR BELOW: 1 0.01 INCH OR MORE: 8
MAX 90 OR ABOVE: 0 0.10 INCH OR MORE: 2
MIN 32 OR BELOW: 30 0.50 INCH OR MORE: 0
MIN 0 OR BELOW: 0 1.00 INCH OR MORE: 0
[HDD (BASE 65) ]
TOTAL THIS MO. 983 CLEAR (SCALE 0-3) 15
DPTR FM NORMAL -184 PTCLDY (SCALE 4-7) 13
TOTAL FM JUL 1 2202 CLOUDY (SCALE 8-10) 3
DPTR FM NORMAL -324
[CDD (BASE 65) ]
TOTAL THIS MO. 0
DPTR FM NORMAL 0 [PRESSURE DATA]
TOTAL FM JAN 1 908 HIGHEST SLP 30.51 ON 18
DPTR FM NORMAL 209 LOWEST SLP 29.27 ON 15
[REMARKS]
#FINAL-12-21#