000
CXUS53 KILX 010900
CF6MTO
PRELIMINARY LOCAL CLIMATOLOGICAL DATA (WS FORM: F-6)
STATION: MATTOON IL AIRPORT
MONTH: JUNE
YEAR: 2021
LATITUDE: 39 28 N
LONGITUDE: 88 17 W
TEMPERATURE IN F: :PCPN: SNOW: WIND :SUNSHINE: SKY :PK WND
================================================================================
1 2 3 4 5 6A 6B 7 8 9 10 11 12 13 14 15 16 17 18
12Z AVG MX 2MIN
DY MAX MIN AVG DEP HDD CDD WTR SNW DPTH SPD SPD DIR MIN PSBL S-S WX SPD DR
================================================================================
1 73 57 65 -4 0 0 0.01 M M 3.8 10 70 M M 4 13 80
2 69 60 65 -4 0 0 T M M 5.2 13 50 M M 10 1 17 50
3 84 61 73 3 0 8 0.00 M M 5.4 15 20 M M 3 1 24 360
4 84 64 74 4 0 9 0.00 M M 6.5 14 190 M M 0 21 190
5 85 64 75 5 0 10 0.00 M M 6.7 15 190 M M 1 21 190
6 82 66 74 3 0 9 T M M 8.0 14 170 M M 4 23 200
7 81 69 75 4 0 10 0.10 M M 7.2 14 160 M M 6 1 19 170
8 79 67 73 2 0 8 0.08 M M 7.2 12 130 M M 5 1 M M
9 83 70 77 6 0 12 0.25 M M 2.8 13 30 M M 7 1 16 30
10 89 69 79 7 0 14 0.00 M M 3.8 13 40 M M 3 12 19 40
11 93 68 81 9 0 16 T M M 3.6 14 340 M M 1 1 20 350
12 95 70 83 11 0 18 0.98 M M 5.6 41 30 M M 2 13 55 30
13 87 66 77 5 0 12 0.00 M M 8.0 17 10 M M 1 1 22 20
14 87 64 76 3 0 11 0.00 M M 8.6 24 300 M M 0 32 300
15 84 60 72 -1 0 7 0.00 M M 5.2 13 40 M M 2 18 10
16 84 59 72 -1 0 7 0.00 M M 4.4 12 30 M M 1 18 40
17 87 57 72 -1 0 7 0.00 M M 7.2 14 170 M M 0 20 160
18 96 76 86 12 0 21 T M M 8.4 20 280 M M 1 3 31 230
19 82 67 75 1 0 10 0.93 M M 8.9 31 340 M M 4 13 43 170
20 89 72 81 7 0 16 0.00 M M 8.5 17 210 M M 1 18 27 210
21 82 55 69 -5 0 4 0.01 M M 13.3 23 280 M M 7 3 38 270
22 75 50 63 -11 2 0 0.00 M M 5.4 13 290 M M 0 17 280
23 79 60 70 -4 0 5 0.00 M M 11.6 20 170 M M 1 33 160
24 80 62 71 -4 0 6 0.35 M M 9.6 20 190 M M 4 13 29 190
25 83 71 77 2 0 12 0.89 M M 10.9 18 170 M M 4 13 30 180
26 86 73 80 5 0 15 0.89 M M 12.0 24 190 M M 6 138 38 180
27 86 72 79 4 0 14 3.16 M M 9.1 26 300 M M 7 123 36 280
28 89 69 79 4 0 14 0.01 M M 6.2 16 280 M M 1 25 270
29 90 72 81 6 0 16 1.28 M M 5.6 22 260 M M 2 13 36 280
30 83 72 78 3 0 13 0.02 M M 3.0 10 210 M M 4 1 15 210
================================================================================
SM 2526 1962 2 304 8.96 M 211.7 M 92
================================================================================
AV 84.2 65.4 7.1 FASTST M M 3 MAX(MPH)
MISC ----> 41 30 55 30
================================================================================
NOTES:
# LAST OF SEVERAL OCCURRENCES
COLUMN 17 PEAK WIND IN M.P.H.
PRELIMINARY LOCAL CLIMATOLOGICAL DATA (WS FORM: F-6) , PAGE 2
STATION: MATTOON IL AIRPORT
MONTH: JUNE
YEAR: 2021
LATITUDE: 39 28 N
LONGITUDE: 88 17 W
[TEMPERATURE DATA] [PRECIPITATION DATA] SYMBOLS USED IN COLUMN 16
AVERAGE MONTHLY: 74.8 TOTAL FOR MONTH: 8.96 1 = FOG OR MIST
DPTR FM NORMAL: 2.0 DPTR FM NORMAL: 4.24 2 = FOG REDUCING VISIBILITY
HIGHEST: 96 ON 18 GRTST 24HR 3.37 ON 26-27 TO 1/4 MILE OR LESS
LOWEST: 50 ON 22 3 = THUNDER
SNOW, ICE PELLETS, HAIL 4 = ICE PELLETS
TOTAL MONTH: M 5 = HAIL
GRTST 24HR M ON M 6 = FREEZING RAIN OR DRIZZLE
GRTST DEPTH: M ON M 7 = DUSTSTORM OR SANDSTORM:
VSBY 1/2 MILE OR LESS
8 = SMOKE OR HAZE
[NO. OF DAYS WITH] [WEATHER - DAYS WITH] 9 = BLOWING SNOW
X = TORNADO
MAX 32 OR BELOW: 0 0.01 INCH OR MORE: 14
MAX 90 OR ABOVE: 4 0.10 INCH OR MORE: 9
MIN 32 OR BELOW: 0 0.50 INCH OR MORE: 6
MIN 0 OR BELOW: 0 1.00 INCH OR MORE: 2
[HDD (BASE 65) ]
TOTAL THIS MO. 2 CLEAR (SCALE 0-3) 15
DPTR FM NORMAL -10 PTCLDY (SCALE 4-7) 14
TOTAL FM JUL 1 5153 CLOUDY (SCALE 8-10) 1
DPTR FM NORMAL -140
[CDD (BASE 65) ]
TOTAL THIS MO. 304
DPTR FM NORMAL 60 [PRESSURE DATA]
TOTAL FM JAN 1 404 HIGHEST SLP 30.22 ON 1
DPTR FM NORMAL 54 LOWEST SLP 29.54 ON 21
[REMARKS]
#FINAL-06-21#