000
CXUS55 KBOI 011002
CF6MUO
PRELIMINARY LOCAL CLIMATOLOGICAL DATA (WS FORM: F-6)
STATION: MOUNTAIN HOME AFB
MONTH: JUNE
YEAR: 2023
LATITUDE: 43 2 N
LONGITUDE: 115 52 W
TEMPERATURE IN F: :PCPN: SNOW: WIND :SUNSHINE: SKY :PK WND
================================================================================
1 2 3 4 5 6A 6B 7 8 9 10 11 12 13 14 15 16 17 18
12Z AVG MX 2MIN
DY MAX MIN AVG DEP HDD CDD WTR SNW DPTH SPD SPD DIR MIN PSBL S-S WX SPD DR
================================================================================
1 79 49 64 1 1 0 0.00 M M 10.6 20 290 M M 4 26 290
2 78 52 65 2 0 0 0.01 M M 12.8 24 280 M M 5 33 270
3 81 49 65 1 0 0 T M M 4.6 17 40 M M 4 8 M M
4 81 60 71 7 0 6 T M M 10.3 29 90 M M 7 3 33 80
5 83 52 68 4 0 3 0.00 M M 6.6 14 320 M M 5 21 330
6 89 54 72 8 0 7 T M M 6.5 36 180 M M 4 378 60 170
7 85 53 69 4 0 4 0.00 M M 8.2 31 360 M M 4 43 360
8 80 57 69 4 0 4 0.28 M M 9.7 29 180 M M 5 3 35 170
9 73 55 64 -1 1 0 0.05 M M 5.7 18 240 M M 6 M M
10 78 57 68 2 0 3 T M M 5.9 15 300 M M 5 1 21 300
11 83 54 69 3 0 4 T M M 5.7 18 110 M M 4 8 23 110
12 81 54 68 2 0 3 0.00 M M 6.5 14 340 M M 7 17 240
13 81 58 70 4 0 5 T M M 8.1 22 280 M M 7 31 270
14 75 56 66 -1 0 1 0.05 M M 13.6 23 300 M M 2 31 320
15 76 47 62 -5 3 0 0.00 M M 16.4 24 290 M M 0 35 290
16 78 51 65 -2 0 0 0.00 M M 11.9 18 290 M M 0 25 270
17 81 51 66 -2 0 1 T M M 4.7 10 350 M M 7 M M
18 73 52 63 -5 2 0 0.08 M M 8.2 18 310 M M 6 33 300
19 63 41 52 -16 13 0 0.00 M M 16.9 31 300 M M 2 39 300
20 63 36 50 -19 15 0 T M M 8.4 30 290 M M 3 39 290
21 71 42 57 -12 8 0 0.00 M M 7.6 13 340 M M 2 16 310
22 81 38 60 -9 5 0 0.00 M M 8.7 23 300 M M 2 31 310
23 81 53 67 -3 0 2 T M M 12.8 25 280 M M 4 39 300
24 59 47 53 -17 12 0 0.00 M M 3.5 8 70 M M 0 M M
25 86 56 71 1 0 6 T M M 10.6 37 330 M M 3 46 330
26 80 52 66 -5 0 1 T M M 10.5 26 300 M M 4 8 36 300
27 79 49 64 -7 1 0 T M M 8.2 21 300 M M 3 28 300
28 82 48 65 -6 0 0 0.00 M M 6.8 17 280 M M 1 23 280
29 87 54 71 -1 0 6 0.00 M M 7.4 12 290 M M 0 20 260
30 94 55 75 3 0 10 0.00 M M 4.8 14 320 M M 0 M M
================================================================================
SM 2361 1532 61 66 0.47 M 262.0 M 106
================================================================================
AV 78.7 51.1 8.7 FASTST M M 4 MAX(MPH)
MISC ----> 37 330 60 170
================================================================================
NOTES:
# LAST OF SEVERAL OCCURRENCES
COLUMN 17 PEAK WIND IN M.P.H.
PRELIMINARY LOCAL CLIMATOLOGICAL DATA (WS FORM: F-6) , PAGE 2
STATION: MOUNTAIN HOME AFB
MONTH: JUNE
YEAR: 2023
LATITUDE: 43 2 N
LONGITUDE: 115 52 W
[TEMPERATURE DATA] [PRECIPITATION DATA] SYMBOLS USED IN COLUMN 16
AVERAGE MONTHLY: 64.9 TOTAL FOR MONTH: 0.47 1 = FOG OR MIST
DPTR FM NORMAL: -2.3 DPTR FM NORMAL: -0.12 2 = FOG REDUCING VISIBILITY
HIGHEST: 94 ON 30 GRTST 24HR 0.28 ON 8- 8 TO 1/4 MILE OR LESS
LOWEST: 36 ON 20 3 = THUNDER
SNOW, ICE PELLETS, HAIL 4 = ICE PELLETS
TOTAL MONTH: M 5 = HAIL
GRTST 24HR M ON M 6 = FREEZING RAIN OR DRIZZLE
GRTST DEPTH: M ON M 7 = DUSTSTORM OR SANDSTORM:
VSBY 1/2 MILE OR LESS
8 = SMOKE OR HAZE
[NO. OF DAYS WITH] [WEATHER - DAYS WITH] 9 = BLOWING SNOW
X = TORNADO
MAX 32 OR BELOW: 0 0.01 INCH OR MORE: 5
MAX 90 OR ABOVE: 1 0.10 INCH OR MORE: 1
MIN 32 OR BELOW: 0 0.50 INCH OR MORE: 0
MIN 0 OR BELOW: 0 1.00 INCH OR MORE: 0
[HDD (BASE 65) ]
TOTAL THIS MO. 61 CLEAR (SCALE 0-3) 11
DPTR FM NORMAL -14 PTCLDY (SCALE 4-7) 19
TOTAL FM JUL 1 6199 CLOUDY (SCALE 8-10) 0
DPTR FM NORMAL 361
[CDD (BASE 65) ]
TOTAL THIS MO. 66
DPTR FM NORMAL -68 [PRESSURE DATA]
TOTAL FM JAN 1 93 HIGHEST SLP M ON M
DPTR FM NORMAL -77 LOWEST SLP M ON M
[REMARKS]
#FINAL-06-23#