000
CXUS51 KBTV 211445
CF6MVL
PRELIMINARY LOCAL CLIMATOLOGICAL DATA (WS FORM: F-6)
STATION: MORRISVILLE VT
MONTH: JUNE
YEAR: 2022
LATITUDE: 44 31 N
LONGITUDE: 72 37 W
TEMPERATURE IN F: :PCPN: SNOW: WIND :SUNSHINE: SKY :PK WND
================================================================================
1 2 3 4 5 6A 6B 7 8 9 10 11 12 13 14 15 16 17 18
12Z AVG MX 2MIN
DY MAX MIN AVG DEP HDD CDD WTR SNW DPTH SPD SPD DIR MIN PSBL S-S WX SPD DR
================================================================================
1 58 54 56 -2 9 0 0.21 M M 2.0 9 350 M M 10 13 13 360
2 68 54 61 3 4 0 0.22 M M 2.6 10 20 M M 10 1 14 330
3 74 50 62 3 3 0 0.02 M M 4.4 13 320 M M 4 1 18 360
4 76 45 61 2 4 0 0.05 M M 4.6 18 200 M M 4 12 24 210
5 70 43 57 -2 8 0 0.00 M M 5.2 17 320 M M 4 25 340
6 78 40 59 -1 6 0 0.00 M M 1.3 14 20 M M 1 18 22 350
7 80 53 67 7 0 2 0.09 M M 7.8 23 170 M M 3 1 30 180
8 73 51 62 2 3 0 0.24 M M 3.9 14 210 M M 5 1 20 210
9 61 50 56 -4 9 0 M M M 4.6 14 340 M M 7 1 23 330
10 69 50 60 -1 5 0 0.05 M M 3.8 15 230 M M 8 23 230
11 75 46 61 0 4 0 0.01 M M 2.0 12 20 M M 2 1 14 20
12 79 45 62 1 3 0 T M M 5.0 20 190 M M 3 1 27 170
13 77 50 64 2 1 0 T M M 4.7 16 340 M M 5 1 23 340
14 77 45 61 -1 4 0 0.00 M M 4.4 15 340 M M 2 1 23 350
15 80 48 64 2 1 0 0.00 M M 1.9 9 210 M M 1 1 14 180
16 78 60 69 7 0 4 T M M 8.6 18 170 M M 7 13 25 220
17 78 52 65 2 0 0 T M M 8.0 24 330 M M 5 1 36 320
18 56 49 53 -10 12 0 T M M 7.6 20 330 M M 10 1 33 320
19 68 44 56 -7 9 0 0.00 M M 11.1 25 350 M M 3 39 360
20 73 38 56 -7 9 0 0.00 M M 4.2 16 310 M M 0 23 320
21 75 43 59 -5 6 0 T M M 4.5 15 210 M M 3 8 18 210
22 68 58 63 -1 2 0 0.18 M M 8.2 17 170 M M 9 1 26 200
23 71 56 64 0 1 0 M M M 6.4 21 170 M M 9 30 160
24 81 53 67 3 0 2 0.00 M M 3.3 15 10 M M 5 1 18 360
25 88 49 69 4 0 4 0.00 M M 2.8 14 10 M M 1 1 22 10
26 90 55 73 8 0 8 0.00 M M 5.8 15 200 M M 1 1 21 210
27 79 64 72 7 0 7 0.92 M M 5.1 15 310 M M 7 1 22 310
28 74 50 62 -3 3 0 0.10 M M 2.8 13 330 M M 6 1 17 340
29 79 48 64 -2 1 0 0.14 M M 4.0 17 350 M M 5 123 26 330
30 75 50 63 -3 2 0 0.00 M M 2.8 12 340 M M 2 12 17 360
================================================================================
SM 2228 1493 109 27 2.23 M 143.4 M 142
================================================================================
AV 74.3 49.8 4.8 FASTST M M 5 MAX(MPH)
MISC ----> 25 350 39 360
================================================================================
NOTES:
# LAST OF SEVERAL OCCURRENCES
COLUMN 17 PEAK WIND IN M.P.H.
PRELIMINARY LOCAL CLIMATOLOGICAL DATA (WS FORM: F-6) , PAGE 2
STATION: MORRISVILLE VT
MONTH: JUNE
YEAR: 2022
LATITUDE: 44 31 N
LONGITUDE: 72 37 W
[TEMPERATURE DATA] [PRECIPITATION DATA] SYMBOLS USED IN COLUMN 16
AVERAGE MONTHLY: 62.0 TOTAL FOR MONTH: 2.23 1 = FOG OR MIST
DPTR FM NORMAL: -0.1 DPTR FM NORMAL: -1.53 2 = FOG REDUCING VISIBILITY
HIGHEST: 90 ON 26 GRTST 24HR 0.92 ON 27-27 TO 1/4 MILE OR LESS
LOWEST: 38 ON 20 3 = THUNDER
SNOW, ICE PELLETS, HAIL 4 = ICE PELLETS
TOTAL MONTH: M 5 = HAIL
GRTST 24HR M ON M 6 = FREEZING RAIN OR DRIZZLE
GRTST DEPTH: M ON M 7 = DUSTSTORM OR SANDSTORM:
VSBY 1/2 MILE OR LESS
8 = SMOKE OR HAZE
[NO. OF DAYS WITH] [WEATHER - DAYS WITH] 9 = BLOWING SNOW
X = TORNADO
MAX 32 OR BELOW: 0 0.01 INCH OR MORE: 12
MAX 90 OR ABOVE: 1 0.10 INCH OR MORE: 7
MIN 32 OR BELOW: 0 0.50 INCH OR MORE: 1
MIN 0 OR BELOW: 0 1.00 INCH OR MORE: 0
[HDD (BASE 65) ]
TOTAL THIS MO. 109 CLEAR (SCALE 0-3) 9
DPTR FM NORMAL -22 PTCLDY (SCALE 4-7) 15
TOTAL FM JUL 1 7728 CLOUDY (SCALE 8-10) 6
DPTR FM NORMAL -688
[CDD (BASE 65) ]
TOTAL THIS MO. 27
DPTR FM NORMAL -17 [PRESSURE DATA]
TOTAL FM JAN 1 68 HIGHEST SLP 30.24 ON 30
DPTR FM NORMAL 15 LOWEST SLP 29.51 ON 17
[REMARKS]
#FINAL-06-22#