000
CXUS51 KBTV 010800
CF6MVL
PRELIMINARY LOCAL CLIMATOLOGICAL DATA (WS FORM: F-6)
STATION: MORRISVILLE VT
MONTH: DECEMBER
YEAR: 2023
LATITUDE: 44 31 N
LONGITUDE: 72 37 W
TEMPERATURE IN F: :PCPN: SNOW: WIND :SUNSHINE: SKY :PK WND
================================================================================
1 2 3 4 5 6A 6B 7 8 9 10 11 12 13 14 15 16 17 18
12Z AVG MX 2MIN
DY MAX MIN AVG DEP HDD CDD WTR SNW DPTH SPD SPD DIR MIN PSBL S-S WX SPD DR
================================================================================
1 49 34 42 14 23 0 0.16 M M 4.3 14 190 M M 9 18 20 210
2 39 33 36 8 29 0 0.03 M M 1.2 8 20 M M 10 12 9 20
3 36 33 35 8 30 0 0.34 M M 0.6 7 180 M M 10 1 10 190
4 35 27 31 4 34 0 0.70 M M 4.5 17 20 M M 10 1 19 20
5 27 21 24 -3 41 0 T M M 5.9 12 10 M M 10 1 14 360
6 24 10 17 -9 48 0 T M M 5.8 16 350 M M 9 1 22 360
7 22 3 13 -13 52 0 T M M 1.3 7 180 M M 4 18 8 180
8 33 21 27 1 38 0 0.00 M M 0.4 6 100 M M 8 8 170
9 40 27 34 9 31 0 0.00 M M 4.0 9 140 M M 10 1 14 180
10 44 33 39 14 26 0 0.68 M M 5.2 15 360 M M 9 12 23 360
11 34 26 30 6 35 0 0.64 M M 2.8 15 310 M M 10 1 24 310
12 36 17 27 3 38 0 T M M 4.7 18 190 M M 7 1 27 190
13 35 20 28 4 37 0 0.03 M M 5.1 17 350 M M 9 1 23 330
14 31 11 21 -2 44 0 T M M 3.6 12 220 M M 5 17 190
15 47 15 31 8 34 0 T M M 3.6 12 300 M M 3 8 24 300
16 45 23 34 11 31 0 0.00 M M 4.1 17 310 M M 1 25 320
17 42 35 39 17 26 0 0.32 M M 6.9 21 180 M M 7 1 29 160
18 62 38 50 28 15 0 2.25 M M 9.2 32 160 M M 9 1 50 140
19 43 25 34 12 31 0 T M M 7.8 14 330 M M 8 19 320
20 36 18 27 6 38 0 T M M 4.6 16 340 M M 5 21 340
21 29 13 21 0 44 0 0.00 M M 8.5 20 330 M M 3 28 320
22 28 10 19 -2 46 0 0.00 M M 0.5 6 10 M M 0 7 360
23 33 12 23 3 42 0 T M M 1.9 8 210 M M 5 11 200
24 37 30 34 14 31 0 T M M 0.7 5 190 M M 10 6 170
25 40 28 34 14 31 0 T M M 1.7 6 180 M M 9 1 8 160
26 38 29 34 14 31 0 0.10 M M 0.6 6 170 M M 10 12 7 150
27 42 35 39 20 26 0 0.12 M M 0.8 5 210 M M 10 1 5 190
28 45 37 41 22 24 0 0.12 M M 1.7 8 20 M M 10 12 9 20
29 44 35 40 21 25 0 0.13 M M 2.3 9 20 M M 10 1 11 20
30 36 25 31 13 34 0 T M M 6.9 14 330 M M 10 1 21 340
31 26 22 24 6 41 0 T M M 6.6 14 330 M M 10 1 20 330
================================================================================
SM 1158 746 1056 0 5.62 M 117.8 M 240
================================================================================
AV 37.4 24.1 3.8 FASTST M M 8 MAX(MPH)
MISC ----> 32 160 50 140
================================================================================
NOTES:
# LAST OF SEVERAL OCCURRENCES
COLUMN 17 PEAK WIND IN M.P.H.
PRELIMINARY LOCAL CLIMATOLOGICAL DATA (WS FORM: F-6) , PAGE 2
STATION: MORRISVILLE VT
MONTH: DECEMBER
YEAR: 2023
LATITUDE: 44 31 N
LONGITUDE: 72 37 W
[TEMPERATURE DATA] [PRECIPITATION DATA] SYMBOLS USED IN COLUMN 16
AVERAGE MONTHLY: 30.7 TOTAL FOR MONTH: 5.62 1 = FOG OR MIST
DPTR FM NORMAL: 7.8 DPTR FM NORMAL: 3.12 2 = FOG REDUCING VISIBILITY
HIGHEST: 62 ON 18 GRTST 24HR 2.52 ON 17-18 TO 1/4 MILE OR LESS
LOWEST: 3 ON 7 3 = THUNDER
SNOW, ICE PELLETS, HAIL 4 = ICE PELLETS
TOTAL MONTH: M 5 = HAIL
GRTST 24HR M ON M 6 = FREEZING RAIN OR DRIZZLE
GRTST DEPTH: M ON M 7 = DUSTSTORM OR SANDSTORM:
VSBY 1/2 MILE OR LESS
8 = SMOKE OR HAZE
[NO. OF DAYS WITH] [WEATHER - DAYS WITH] 9 = BLOWING SNOW
X = TORNADO
MAX 32 OR BELOW: 7 0.01 INCH OR MORE: 13
MAX 90 OR ABOVE: 0 0.10 INCH OR MORE: 11
MIN 32 OR BELOW: 22 0.50 INCH OR MORE: 4
MIN 0 OR BELOW: 0 1.00 INCH OR MORE: 1
[HDD (BASE 65) ]
TOTAL THIS MO. 1056 CLEAR (SCALE 0-3) 4
DPTR FM NORMAL -251 PTCLDY (SCALE 4-7) 8
TOTAL FM JUL 1 2551 CLOUDY (SCALE 8-10) 19
DPTR FM NORMAL -624
[CDD (BASE 65) ]
TOTAL THIS MO. 0
DPTR FM NORMAL 0 [PRESSURE DATA]
TOTAL FM JAN 1 372 HIGHEST SLP 30.61 ON 21
DPTR FM NORMAL 127 LOWEST SLP 28.94 ON 18
[REMARKS]
#FINAL-12-23#