000
CXUS56 KOTX 011010
CF6MWH
PRELIMINARY LOCAL CLIMATOLOGICAL DATA (WS FORM: F-6)
STATION: MOSES LAKE WA AIRPORT
MONTH: OCTOBER
YEAR: 2020
LATITUDE: 47 12 N
LONGITUDE: 119 19 W
TEMPERATURE IN F: :PCPN: SNOW: WIND :SUNSHINE: SKY :PK WND
================================================================================
1 2 3 4 5 6A 6B 7 8 9 10 11 12 13 14 15 16 17 18
12Z AVG MX 2MIN
DY MAX MIN AVG DEP HDD CDD WTR SNW DPTH SPD SPD DIR MIN PSBL S-S WX SPD DR
================================================================================
1 80 48 64 8 1 0 0.00 M M 4.0 9 10 M M 0 11 10
2 84 50 67 12 0 2 0.00 M M 4.0 9 10 M M 0 11 340
3 82 49 66 11 0 1 0.00 M M 3.5 9 20 M M 0 12 170
4 84 45 65 11 0 0 0.00 M M 5.4 13 270 M M 0 16 290
5 81 48 65 11 0 0 0.00 M M 4.4 12 360 M M 0 14 180
6 84 47 66 13 0 1 0.00 M M 4.6 9 180 M M 0 13 190
7 84 50 67 14 0 2 0.00 M M 5.0 12 360 M M 0 12 10
8 83 47 65 13 0 0 0.00 M M 6.2 21 250 M M 0 26 240
9 76 51 64 12 1 0 0.00 M M 6.4 17 200 M M 0 23 220
10 70 45 58 6 7 0 0.05 M M 13.6 39 250 M M 5 78 47 250
11 60 48 54 3 11 0 0.07 M M 10.3 23 150 M M 4 29 150
12 68 51 60 9 5 0 0.00 M M 7.6 21 260 M M 0 28 260
13 69 48 59 9 6 0 0.08 M M 13.4 35 260 M M 4 47 280
14 67 46 57 7 8 0 0.00 M M 9.9 21 270 M M 1 28 280
15 63 33 48 -2 17 0 0.00 M M 4.8 13 170 M M 2 14 170
16 71 45 58 9 7 0 T M M 11.6 29 250 M M 4 38 230
17 66 45 56 7 9 0 0.00 M M 6.2 21 310 M M 1 25 310
18 68 48 58 10 7 0 0.00 M M 5.7 20 260 M M 5 25 250
19 68 51 60 12 5 0 0.00 M M 13.9 24 250 M M 0 30 250
20 62 35 49 1 16 0 0.00 M M 3.9 16 280 M M 0 20 280
21 59 33 46 -1 19 0 T M M 9.4 24 330 M M 1 29 340
22 55 28 42 -5 23 0 0.00 M M 3.8 10 20 M M 2 13 350
23 44 25 35 -11 30 0 0.02 M M 8.1 16 20 M M 8 20 50
24 45 22 34 -12 31 0 T M M 13.1 24 60 M M 5 30 60
25 42 20 31 -15 34 0 0.00 M M 8.3 18 50 M M 0 22 50
26 43 20 32 -13 33 0 0.00 M M 3.5 8 200 M M 2 11 100
27 49 18 34 -11 31 0 0.00 M M 3.9 9 350 M M 0 9 360
28 52 32 42 -2 23 0 0.00 M M 2.8 10 340 M M 0 11 100
29 65 33 49 5 16 0 0.00 M M 2.7 9 350 M M 0 8 11 180
30 66 35 51 7 14 0 0.00 M M 11.2 36 250 M M 1 8 49 250
31 58 26 42 -1 23 0 0.00 M M 3.4 12 350 M M 0 12 350
================================================================================
SM 2048 1222 377 6 0.22 M 214.6 M 45
================================================================================
AV 66.1 39.4 6.9 FASTST M M 1 MAX(MPH)
MISC ----> 39 250 49 250
================================================================================
NOTES:
# LAST OF SEVERAL OCCURRENCES
COLUMN 17 PEAK WIND IN M.P.H.
PRELIMINARY LOCAL CLIMATOLOGICAL DATA (WS FORM: F-6) , PAGE 2
STATION: MOSES LAKE WA AIRPORT
MONTH: OCTOBER
YEAR: 2020
LATITUDE: 47 12 N
LONGITUDE: 119 19 W
[TEMPERATURE DATA] [PRECIPITATION DATA] SYMBOLS USED IN COLUMN 16
AVERAGE MONTHLY: 52.7 TOTAL FOR MONTH: 0.22 1 = FOG OR MIST
DPTR FM NORMAL: 3.4 DPTR FM NORMAL: -0.43 2 = FOG REDUCING VISIBILITY
HIGHEST: 84 ON 7, 6 GRTST 24HR 0.08 ON 13-13 TO 1/4 MILE OR LESS
LOWEST: 18 ON 27 3 = THUNDER
SNOW, ICE PELLETS, HAIL 4 = ICE PELLETS
TOTAL MONTH: M 5 = HAIL
GRTST 24HR M ON M 6 = FREEZING RAIN OR DRIZZLE
GRTST DEPTH: M ON M 7 = DUSTSTORM OR SANDSTORM:
VSBY 1/2 MILE OR LESS
8 = SMOKE OR HAZE
[NO. OF DAYS WITH] [WEATHER - DAYS WITH] 9 = BLOWING SNOW
X = TORNADO
MAX 32 OR BELOW: 0 0.01 INCH OR MORE: 4
MAX 90 OR ABOVE: 0 0.10 INCH OR MORE: 0
MIN 32 OR BELOW: 8 0.50 INCH OR MORE: 0
MIN 0 OR BELOW: 0 1.00 INCH OR MORE: 0
[HDD (BASE 65) ]
TOTAL THIS MO. 377 CLEAR (SCALE 0-3) 24
DPTR FM NORMAL -110 PTCLDY (SCALE 4-7) 7
TOTAL FM JUL 1 427 CLOUDY (SCALE 8-10) 0
DPTR FM NORMAL -209
[CDD (BASE 65) ]
TOTAL THIS MO. 6
DPTR FM NORMAL 5 [PRESSURE DATA]
TOTAL FM JAN 1 917 HIGHEST SLP M ON M
DPTR FM NORMAL 302 LOWEST SLP 29.52 ON 10
[REMARKS]
#FINAL-10-20#