000
CXUS54 KFWD 161605
CF6MWL
PRELIMINARY LOCAL CLIMATOLOGICAL DATA (WS FORM: F-6)
STATION: MINERAL WELLS
MONTH: JANUARY
YEAR: 2024
LATITUDE: 32 46 N
LONGITUDE: 98 4 W
TEMPERATURE IN F: :PCPN: SNOW: WIND :SUNSHINE: SKY :PK WND
================================================================================
1 2 3 4 5 6A 6B 7 8 9 10 11 12 13 14 15 16 17 18
12Z AVG MX 2MIN
DY MAX MIN AVG DEP HDD CDD WTR SNW DPTH SPD SPD DIR MIN PSBL S-S WX SPD DR
================================================================================
1 45 31 38 -7 27 0 0.00 M M 6.9 16 350 M M 4 22 10
2 48 27 38 -7 27 0 0.95 M M 3.6 14 100 M M 5 1 17 150
3 54 38 46 1 19 0 0.00 M M 3.5 12 270 M M 6 1 14 280
4 54 33 44 -1 21 0 0.40 M M 7.1 23 150 M M 9 12 31 160
5 58 41 50 5 15 0 0.07 M M 8.9 25 120 M M 6 12 31 120
6 51 33 42 -3 23 0 0.00 M M 6.1 14 270 M M 4 17 310
7 61 28 45 0 20 0 0.00 M M 11.5 22 140 M M 1 30 160
8 57 37 47 2 18 0 0.43 M M 19.3 43 290 M M 8 13 57 280
9 51 30 41 -4 24 0 0.00 M M 17.0 35 300 M M 1 53 300
10 69 28 49 4 16 0 0.00 M M 10.7 25 220 M M 0 37 230
11 76 33 55 10 10 0 0.00 M M 7.1 24 200 M M 0 33 200
12 58 26 42 -3 23 0 0.00 M M 15.0 33 310 M M 2 8 44 300
13 66 18 42 -3 23 0 0.00 M M 13.4 29 350 M M 0 36 360
14 18 12 15 -30 50 0 T M M 12.7 23 350 M M 8 29 350
15 27 10 19 -26 46 0 T M M 12.8 23 350 M M 5 8 33 350
16 29 11 20 -25 45 0 0.00 M M 10.3 22 350 M M 0 32 340
17 48 12 30 -15 35 0 0.00 M M 12.3 23 160 M M 0 33 160
18 61 32 47 2 18 0 0.00 M M 8.1 16 290 M M 0 21 290
19 44 22 33 -13 32 0 0.00 M M 14.3 25 350 M M 0 36 340
20 38 18 28 -18 37 0 0.00 M M 6.4 13 30 M M 1 17 80
21 41 32 37 -9 28 0 0.09 M M 12.6 22 130 M M 10 1 29 130
22 41 34 38 -8 27 0 0.01 M M 5.2 14 140 M M 10 1 21 130
23 51 40 46 0 19 0 0.20 M M 4.8 14 80 M M 10 12 18 80
24 53 44 49 3 16 0 0.01 M M 5.5 10 300 M M 10 1 14 330
25 55 41 48 2 17 0 0.00 M M 4.0 9 130 M M 7 12 11 260
26 52 45 49 3 16 0 0.11 M M 7.5 17 130 M M 10 128 22 120
27 57 41 49 3 16 0 0.01 M M 11.8 21 320 M M 6 1 26 310
28 67 33 50 4 15 0 0.00 M M 5.1 12 270 M M 0 16 290
29 73 34 54 7 11 0 0.00 M M 3.4 16 290 M M 0 22 310
30 75 36 56 9 9 0 0.00 M M 3.2 13 290 M M 0 17 290
31 76 37 57 10 8 0 0.00 M M 5.1 14 160 M M 0 20 160
================================================================================
SM 1654 937 711 0 2.28 M 275.2 M 123
================================================================================
AV 53.4 30.2 8.9 FASTST M M 4 MAX(MPH)
MISC ----> 43 290 57 280
================================================================================
NOTES:
# LAST OF SEVERAL OCCURRENCES
COLUMN 17 PEAK WIND IN M.P.H.
PRELIMINARY LOCAL CLIMATOLOGICAL DATA (WS FORM: F-6) , PAGE 2
STATION: MINERAL WELLS
MONTH: JANUARY
YEAR: 2024
LATITUDE: 32 46 N
LONGITUDE: 98 4 W
[TEMPERATURE DATA] [PRECIPITATION DATA] SYMBOLS USED IN COLUMN 16
AVERAGE MONTHLY: 41.8 TOTAL FOR MONTH: 2.28 1 = FOG OR MIST
DPTR FM NORMAL: -3.6 DPTR FM NORMAL: 0.69 2 = FOG REDUCING VISIBILITY
HIGHEST: 76 ON 31,11 GRTST 24HR 0.95 ON 2- 2 TO 1/4 MILE OR LESS
LOWEST: 10 ON 15 3 = THUNDER
SNOW, ICE PELLETS, HAIL 4 = ICE PELLETS
TOTAL MONTH: M 5 = HAIL
GRTST 24HR M ON M 6 = FREEZING RAIN OR DRIZZLE
GRTST DEPTH: M ON M 7 = DUSTSTORM OR SANDSTORM:
VSBY 1/2 MILE OR LESS
8 = SMOKE OR HAZE
[NO. OF DAYS WITH] [WEATHER - DAYS WITH] 9 = BLOWING SNOW
X = TORNADO
MAX 32 OR BELOW: 3 0.01 INCH OR MORE: 10
MAX 90 OR ABOVE: 0 0.10 INCH OR MORE: 5
MIN 32 OR BELOW: 15 0.50 INCH OR MORE: 1
MIN 0 OR BELOW: 0 1.00 INCH OR MORE: 0
[HDD (BASE 65) ]
TOTAL THIS MO. 711 CLEAR (SCALE 0-3) 15
DPTR FM NORMAL 103 PTCLDY (SCALE 4-7) 10
TOTAL FM JUL 1 1474 CLOUDY (SCALE 8-10) 6
DPTR FM NORMAL -122
[CDD (BASE 65) ]
TOTAL THIS MO. 0
DPTR FM NORMAL -1 [PRESSURE DATA]
TOTAL FM JAN 1 0 HIGHEST SLP 30.62 ON 20
DPTR FM NORMAL -1 LOWEST SLP 29.40 ON 11
[REMARKS]
#FINAL-01-24#