000
CXUS55 KBOI 011002
CF6MYL
PRELIMINARY LOCAL CLIMATOLOGICAL DATA (WS FORM: F-6)
STATION: MCCALL ID
MONTH: JULY
YEAR: 2022
LATITUDE: 44 52 N
LONGITUDE: 116 6 W
TEMPERATURE IN F: :PCPN: SNOW: WIND :SUNSHINE: SKY :PK WND
================================================================================
1 2 3 4 5 6A 6B 7 8 9 10 11 12 13 14 15 16 17 18
12Z AVG MX 2MIN
DY MAX MIN AVG DEP HDD CDD WTR SNW DPTH SPD SPD DIR MIN PSBL S-S WX SPD DR
================================================================================
1 83 47 65 5 0 0 0.00 M M 4.3 15 260 M M M 20 260
2 85 49 67 6 0 2 0.00 M M 6.8 22 200 M M M 30 210
3 78 56 67 6 0 2 T M M 6.7 21 200 M M M 28 190
4 68 54 61 0 4 0 T M M 4.8 15 320 M M M 22 320
5 78 44 61 -1 4 0 T M M 2.8 9 190 M M M 3 16 170
6 82 48 65 3 0 0 0.00 M M 2.7 14 340 M M M 19 320
7 84 50 67 5 0 2 T M M 4.3 15 210 M M M 25 180
8 85 51 68 5 0 3 0.00 M M 4.6 18 200 M M 0 18 25 270
9 82 54 68 5 0 3 0.02 M M 4.5 16 300 M M 1 3 24 300
10 78 50 64 1 1 0 0.00 M M 5.5 15 290 M M 1 23 300
11 83 48 66 2 0 1 0.00 M M 5.8 12 290 M M 0 18 280
12 90 50 70 6 0 5 0.00 M M 3.2 13 40 M M 0 18 20
13 86 60 73 9 0 8 T M M 4.1 15 170 M M 1 3 22 60
14 92 54 73 9 0 8 0.00 M M 4.4 21 200 M M 0 25 190
15 88 51 70 6 0 5 0.00 M M 6.8 22 200 M M 1 3 27 190
16 91 51 71 6 0 6 0.00 M M 4.5 21 200 M M 0 27 180
17 89 49 69 4 0 4 0.00 M M 5.2 20 170 M M 0 28 170
18 78 53 66 1 0 1 0.00 M M 6.9 22 180 M M 0 29 180
19 87 43 65 0 0 0 0.00 M M 3.2 14 240 M M 0 8 21 290
20 91 49 70 5 0 5 0.00 M M 3.8 18 230 M M 0 26 230
21 92 49 71 5 0 6 0.00 M M 3.9 16 200 M M 0 20 200
22 86 51 69 3 0 4 0.00 M M 4.4 17 300 M M 0 25 300
23 85 48 67 1 0 2 0.00 M M 4.4 15 170 M M 0 22 180
24 84 49 67 1 0 2 0.00 M M 7.6 15 10 M M 0 25 20
25 89 50 70 4 0 5 0.00 M M 4.8 13 250 M M 0 17 360
26 91 54 73 7 0 8 0.00 M M 4.8 14 290 M M 0 27 320
27 93 56 75 9 0 10 0.00 M M 6.5 18 10 M M 0 29 360
28 94 68 81 15 0 16 0.00 M M 6.8 17 300 M M 0 25 320
29 95 58 77 11 0 12 0.00 M M 4.7 17 330 M M 0 26 330
30 96 50 73 7 0 8 0.00 0.0 0 3.5 16 340 M M 0 25 340
31 95 55 75 9 0 10 0.00 0.0 0 3.3 15 300 M M 0 21 270
================================================================================
SM 2678 1599 9 138 0.02 0.0 149.6 M 4
================================================================================
AV 86.4 51.6 4.8 FASTST M M 0 MAX(MPH)
MISC ----> # 22 200 30 210
================================================================================
NOTES:
# LAST OF SEVERAL OCCURRENCES
COLUMN 17 PEAK WIND IN M.P.H.
PRELIMINARY LOCAL CLIMATOLOGICAL DATA (WS FORM: F-6) , PAGE 2
STATION: MCCALL ID
MONTH: JULY
YEAR: 2022
LATITUDE: 44 52 N
LONGITUDE: 116 6 W
[TEMPERATURE DATA] [PRECIPITATION DATA] SYMBOLS USED IN COLUMN 16
AVERAGE MONTHLY: 69.0 TOTAL FOR MONTH: 0.02 1 = FOG OR MIST
DPTR FM NORMAL: 4.9 DPTR FM NORMAL: -0.56 2 = FOG REDUCING VISIBILITY
HIGHEST: 96 ON 30 GRTST 24HR 0.02 ON 9- 9 TO 1/4 MILE OR LESS
LOWEST: 43 ON 19 3 = THUNDER
SNOW, ICE PELLETS, HAIL 4 = ICE PELLETS
TOTAL MONTH: 0.0 INCH 5 = HAIL
GRTST 24HR 0.0 6 = FREEZING RAIN OR DRIZZLE
GRTST DEPTH: 0 7 = DUSTSTORM OR SANDSTORM:
VSBY 1/2 MILE OR LESS
8 = SMOKE OR HAZE
[NO. OF DAYS WITH] [WEATHER - DAYS WITH] 9 = BLOWING SNOW
X = TORNADO
MAX 32 OR BELOW: 0 0.01 INCH OR MORE: 1
MAX 90 OR ABOVE: 11 0.10 INCH OR MORE: 0
MIN 32 OR BELOW: 0 0.50 INCH OR MORE: 0
MIN 0 OR BELOW: 0 1.00 INCH OR MORE: 0
[HDD (BASE 65) ]
TOTAL THIS MO. 9 CLEAR (SCALE 0-3) 24
DPTR FM NORMAL -74 PTCLDY (SCALE 4-7) 0
TOTAL FM JUL 1 9 CLOUDY (SCALE 8-10) 7
DPTR FM NORMAL -78
[CDD (BASE 65) ]
TOTAL THIS MO. 138
DPTR FM NORMAL 83 [PRESSURE DATA]
TOTAL FM JAN 1 146 HIGHEST SLP 30.20 ON 11
DPTR FM NORMAL 83 LOWEST SLP 29.64 ON 3
[REMARKS]
#FINAL-07-22#