000
CXUS56 KSTO 090547
CF6MYV
PRELIMINARY LOCAL CLIMATOLOGICAL DATA (WS FORM: F-6)
STATION: MARYSVILLE
MONTH: MARCH
YEAR: 2022
LATITUDE: 39 6 N
LONGITUDE: 121-34 E
TEMPERATURE IN F: :PCPN: SNOW: WIND :SUNSHINE: SKY :PK WND
================================================================================
1 2 3 4 5 6A 6B 7 8 9 10 11 12 13 14 15 16 17 18
12Z AVG MX 2MIN
DY MAX MIN AVG DEP HDD CDD WTR SNW DPTH SPD SPD DIR MIN PSBL S-S WX SPD DR
================================================================================
1 75 41 58 5 7 0 0.00 0.0 M 2.3 8 90 M M 0 10 140
2 73 40 57 4 8 0 0.00 0.0 M 6.0 14 170 M M 0 16 170
3 65 47 56 2 9 0 T 0.0 M 6.1 17 320 M M 4 20 330
4 67 41 54 0 11 0 0.01 M M 5.9 26 250 M M 6 1 32 250
5 56 35 46 -8 19 0 T 0.0 M 3.5 10 160 M M 6 13 150
6 64 33 49 -5 16 0 0.00 0.0 M 5.7 13 310 M M 0 16 310
7 70 40 55 1 10 0 0.00 M M 11.4 24 320 M M 0 30 320
8 75 39 57 3 8 0 0.00 0.0 M 6.1 16 330 M M 0 21 330
9 72 38 55 1 10 0 0.00 M M 4.4 21 330 M M 1 28 330
10 68 41 55 1 10 0 0.00 M M 14.8 26 320 M M 0 33 330
11 70 35 53 -1 12 0 0.00 M M 5.2 14 160 M M 0 20 350
12 72 33 53 -1 12 0 0.00 M M 8.2 22 180 M M 2 25 180
13 67 49 58 3 7 0 0.00 M M 8.5 20 180 M M 1 M M
14 71 39 55 0 10 0 0.00 M M 4.8 15 140 M M 1 20 140
15 69 51 60 5 5 0 0.40 M M 7.3 14 180 M M 6 1 19 150
16 73 48 61 6 4 0 0.00 M M 6.1 15 330 M M 1 M M
17 71 44 58 3 7 0 0.00 0.0 M 6.5 17 130 M M 1 22 150
18 73 40 57 2 8 0 0.00 0.0 M 3.5 12 150 M M 0 17 150
19 65 45 55 0 10 0 0.05 0.0 M 9.0 18 150 M M 5 25 150
20 70 44 57 2 8 0 0.00 M M 11.1 18 340 M M 0 27 340
21 81 40 61 6 4 0 0.00 M M 11.3 24 340 M M 0 32 320
22 88 59 74 19 0 9 0.00 0.0 M 11.2 21 340 M M 0 26 340
23 83 50 67 12 0 2 0.00 0.0 M 3.9 12 180 M M 0 15 180
24 84 49 67 11 0 2 0.00 0.0 M 2.6 8 150 M M 0 10 200
25 80 46 63 7 2 0 0.00 0.0 M 5.7 10 160 M M 0 13 160
26 81 42 62 6 3 0 0.00 0.0 M 5.3 13 150 M M 0 17 160
27 73 51 62 6 3 0 0.01 0.0 M 10.1 17 180 M M 1 22 170
28 64 45 55 -1 10 0 0.23 M M 4.5 14 130 M M 7 1 17 130
29 72 41 57 1 8 0 0.00 M M 4.7 13 140 M M 1 1 17 140
30 61 44 53 -3 12 0 0.00 0.0 M 7.1 14 160 M M 6 1 19 160
31 74 40 57 1 8 0 0.00 0.0 M 3.2 12 330 M M 2 12 15 330
================================================================================
SM 2227 1330 241 13 0.70 0.0 206.0 M 51
================================================================================
AV 71.8 42.9 6.6 FASTST M M 2 MAX(MPH)
MISC ----> # 26 250 33 330
================================================================================
NOTES:
# LAST OF SEVERAL OCCURRENCES
COLUMN 17 PEAK WIND IN M.P.H.
PRELIMINARY LOCAL CLIMATOLOGICAL DATA (WS FORM: F-6) , PAGE 2
STATION: MARYSVILLE
MONTH: MARCH
YEAR: 2022
LATITUDE: 39 6 N
LONGITUDE: 121-34 E
[TEMPERATURE DATA] [PRECIPITATION DATA] SYMBOLS USED IN COLUMN 16
AVERAGE MONTHLY: 57.4 TOTAL FOR MONTH: 0.70 1 = FOG OR MIST
DPTR FM NORMAL: 2.6 DPTR FM NORMAL: -2.22 2 = FOG REDUCING VISIBILITY
HIGHEST: 88 ON 22 GRTST 24HR 0.40 ON 15-15 TO 1/4 MILE OR LESS
LOWEST: 33 ON 6,12 3 = THUNDER
SNOW, ICE PELLETS, HAIL 4 = ICE PELLETS
TOTAL MONTH: 0.0 INCH 5 = HAIL
GRTST 24HR 0.0 6 = FREEZING RAIN OR DRIZZLE
GRTST DEPTH: M ON M 7 = DUSTSTORM OR SANDSTORM:
VSBY 1/2 MILE OR LESS
8 = SMOKE OR HAZE
[NO. OF DAYS WITH] [WEATHER - DAYS WITH] 9 = BLOWING SNOW
X = TORNADO
MAX 32 OR BELOW: 0 0.01 INCH OR MORE: 5
MAX 90 OR ABOVE: 0 0.10 INCH OR MORE: 2
MIN 32 OR BELOW: 0 0.50 INCH OR MORE: 0
MIN 0 OR BELOW: 0 1.00 INCH OR MORE: 0
[HDD (BASE 65) ]
TOTAL THIS MO. 241 CLEAR (SCALE 0-3) 24
DPTR FM NORMAL -76 PTCLDY (SCALE 4-7) 7
TOTAL FM JUL 1 2091 CLOUDY (SCALE 8-10) 0
DPTR FM NORMAL -221
[CDD (BASE 65) ]
TOTAL THIS MO. 13
DPTR FM NORMAL 12 [PRESSURE DATA]
TOTAL FM JAN 1 13 HIGHEST SLP 30.40 ON 7
DPTR FM NORMAL 12 LOWEST SLP 29.64 ON 27
[REMARKS]
#FINAL-03-22#