000
CXUS56 KSTO 011301
CF6MYV
PRELIMINARY LOCAL CLIMATOLOGICAL DATA (WS FORM: F-6)
STATION: MARYSVILLE
MONTH: AUGUST
YEAR: 2023
LATITUDE: 39 6 N
LONGITUDE: 121-34 E
TEMPERATURE IN F: :PCPN: SNOW: WIND :SUNSHINE: SKY :PK WND
================================================================================
1 2 3 4 5 6A 6B 7 8 9 10 11 12 13 14 15 16 17 18
12Z AVG MX 2MIN
DY MAX MIN AVG DEP HDD CDD WTR SNW DPTH SPD SPD DIR MIN PSBL S-S WX SPD DR
================================================================================
1 93 59 76 -2 0 11 0.00 M M 6.4 14 160 M M 0 18 140
2 90 57 74 -4 0 9 0.00 M M 9.1 15 180 M M 0 18 170
3 88 58 73 -5 0 8 0.00 M M 8.0 14 180 M M 0 17 140
4 94 58 76 -2 0 11 0.00 M M 4.8 12 160 M M 0 14 160
5 100 63 82 4 0 17 0.00 M M 4.7 12 190 M M 0 14 200
6 104 67 86 8 0 21 0.00 M M 6.2 21 320 M M 0 8 25 320
7 104 64 84 6 0 19 0.00 0.0 M 5.4 14 190 M M 0 17 180
8 92 65 79 1 0 14 0.00 M M 11.3 18 150 M M 0 23 160
9 91 61 76 -2 0 11 0.00 M M 6.8 14 210 M M 0 19 210
10 94 61 78 0 0 13 0.00 M M 6.5 14 180 M M 0 17 180
11 91 67 79 1 0 14 0.00 M M 5.8 12 200 M M 0 19 170
12 97 62 80 3 0 15 0.00 M M 4.4 10 170 M M 0 17 220
13 101 67 84 7 0 19 0.00 M M 5.6 21 180 M M 0 26 180
14 100 73 87 10 0 22 0.00 M M 4.0 16 330 M M 0 20 340
15 107 M M M M M 0.00 M M 5.1 15 130 M M 0 18 130
16 108 M M M M M 0.00 M M 4.6 16 160 M M 0 21 160
17 105 M M M M M 0.00 M M 7.1 14 160 M M 0 17 150
18 93 66 80 3 0 15 0.00 M M 9.3 16 160 M M 0 21 180
19 97 64 81 4 0 16 0.00 M M 6.0 24 160 M M 0 31 160
20 91 72 82 5 0 17 0.00 M M 4.9 13 310 M M 1 17 320
21 85 67 76 -1 0 11 0.14 M M 9.8 21 210 M M 4 1 27 210
22 90 65 78 2 0 13 0.00 M M 2.9 10 230 M M 2 16 240
23 97 63 80 4 0 15 0.00 M M 3.0 10 350 M M 0 14 320
24 100 65 83 7 0 18 0.00 M M 7.2 15 160 M M 0 18 170
25 92 63 78 2 0 13 0.00 M M 6.8 14 150 M M 0 17 150
26 96 56 76 0 0 11 0.00 M M 3.9 9 200 M M 0 14 210
27 96 57 77 1 0 12 0.00 M M 3.5 9 230 M M 0 14 270
28 99 56 78 2 0 13 0.00 0.0 M 3.5 8 160 M M 0 11 290
29 96 59 78 2 0 13 0.00 0.0 M 5.1 13 140 M M 0 8 17 320
30 99 65 82 6 0 17 0.00 M M 5.5 14 350 M M 0 8 20 10
31 96 59 78 3 0 13 0.00 M M 8.0 20 150 M M 0 26 150
================================================================================
SM 2986 1759 0 401 0.14 0.0 185.2 M 7
================================================================================
AV 96.3 62.8 6.0 FASTST M M 0 MAX(MPH)
MISC ----> 24 160 31 160
================================================================================
NOTES:
# LAST OF SEVERAL OCCURRENCES
COLUMN 17 PEAK WIND IN M.P.H.
PRELIMINARY LOCAL CLIMATOLOGICAL DATA (WS FORM: F-6) , PAGE 2
STATION: MARYSVILLE
MONTH: AUGUST
YEAR: 2023
LATITUDE: 39 6 N
LONGITUDE: 121-34 E
[TEMPERATURE DATA] [PRECIPITATION DATA] SYMBOLS USED IN COLUMN 16
AVERAGE MONTHLY: 79.6 TOTAL FOR MONTH: 0.14 1 = FOG OR MIST
DPTR FM NORMAL: 2.6 DPTR FM NORMAL: 0.09 2 = FOG REDUCING VISIBILITY
HIGHEST: 108 ON 16 GRTST 24HR 0.14 ON 21-21 TO 1/4 MILE OR LESS
LOWEST: 56 ON 26,28 3 = THUNDER
SNOW, ICE PELLETS, HAIL 4 = ICE PELLETS
TOTAL MONTH: 0.0 INCH 5 = HAIL
GRTST 24HR 0.0 6 = FREEZING RAIN OR DRIZZLE
GRTST DEPTH: M ON M 7 = DUSTSTORM OR SANDSTORM:
VSBY 1/2 MILE OR LESS
8 = SMOKE OR HAZE
[NO. OF DAYS WITH] [WEATHER - DAYS WITH] 9 = BLOWING SNOW
X = TORNADO
MAX 32 OR BELOW: 0 0.01 INCH OR MORE: 1
MAX 90 OR ABOVE: 29 0.10 INCH OR MORE: 1
MIN 32 OR BELOW: 0 0.50 INCH OR MORE: 0
MIN 0 OR BELOW: 0 1.00 INCH OR MORE: 0
[HDD (BASE 65) ]
TOTAL THIS MO. 0 CLEAR (SCALE 0-3) 30
DPTR FM NORMAL 0 PTCLDY (SCALE 4-7) 1
TOTAL FM JUL 1 0 CLOUDY (SCALE 8-10) 0
DPTR FM NORMAL 0
[CDD (BASE 65) ]
TOTAL THIS MO. 401
DPTR FM NORMAL 29 [PRESSURE DATA]
TOTAL FM JAN 1 1282 HIGHEST SLP 30.05 ON 3
DPTR FM NORMAL 81 LOWEST SLP 29.57 ON 20
[REMARKS]
#FINAL-08-23#