000
CXUS53 KBIS 010830
CF6N60
PRELIMINARY LOCAL CLIMATOLOGICAL DATA (WS FORM: F-6)
STATION: GARRISON (AMOS) ND
MONTH: JUNE
YEAR: 2023
LATITUDE: 47 39 N
LONGITUDE: 101 23 W
TEMPERATURE IN F: :PCPN: SNOW: WIND :SUNSHINE: SKY :PK WND
================================================================================
1 2 3 4 5 6A 6B 7 8 9 10 11 12 13 14 15 16 17 18
12Z AVG MX 2MIN
DY MAX MIN AVG DEP HDD CDD WTR SNW DPTH SPD SPD DIR MIN PSBL S-S WX SPD DR
================================================================================
1 89 54 72 13 0 7 0.00 M M 7.6 15 130 M M 0 21 160
2 89 63 76 16 0 11 0.00 M M 10.1 21 150 M M 0 29 150
3 89 62 76 16 0 11 0.00 M M 10.0 20 170 M M 0 26 140
4 92 62 77 17 0 12 0.06 M M 5.5 23 170 M M 0 32 180
5 87 63 75 15 0 10 0.00 M M 4.5 17 240 M M 0 25 220
6 91 62 77 16 0 12 0.00 M M 5.0 13 150 M M 0 17 150
7 94 60 77 16 0 12 0.00 M M 3.3 16 100 M M 0 21 100
8 90 60 75 14 0 10 0.00 M M 7.9 38 340 M M 0 50 340
9 84 60 72 11 0 7 0.01 M M 7.2 22 20 M M 0 32 50
10 73 49 61 -1 4 0 0.00 M M 9.6 21 70 M M 0 32 70
11 74 42 58 -4 7 0 0.00 M M 4.7 12 110 M M 0 18 150
12 79 45 62 0 3 0 0.00 M M 5.7 15 310 M M 0 23 250
13 85 53 69 7 0 4 0.00 M M 7.6 17 330 M M 0 22 330
14 85 52 69 7 0 4 0.00 M M 9.8 21 130 M M 0 26 130
15 72 59 66 3 0 1 0.30 M M 6.5 16 330 M M 0 22 350
16 66 54 60 -3 5 0 0.39 M M 5.7 18 340 M M 0 26 340
17 75 51 63 0 2 0 0.00 M M 3.9 13 230 M M 0 17 220
18 83 53 68 5 0 3 0.00 M M 8.7 21 140 M M 0 30 130
19 83 62 73 9 0 8 0.00 M M 7.9 29 310 M M 0 38 300
20 84 64 74 10 0 9 0.02 M M 10.5 25 340 M M 0 36 20
21 74 56 65 1 0 0 0.03 M M 9.6 35 330 M M 0 45 330
22 71 55 63 -1 2 0 1.18 M M 8.1 23 300 M M 0 36 10
23 67 52 60 -4 5 0 0.16 M M 8.9 18 90 M M 0 25 60
24 69 57 63 -1 2 0 0.00 M M 12.0 23 20 M M 0 34 340
25 78 54 66 1 0 1 0.00 M M 9.2 17 300 M M 0 22 330
26 79 50 65 0 0 0 0.00 M M 5.5 14 200 M M 0 18 170
27 80 60 70 5 0 5 0.01 M M 7.6 23 160 M M 0 34 150
28 84 55 70 5 0 5 0.00 M M 6.0 22 250 M M 0 31 220
29 81 53 67 1 0 2 0.00 M M 7.9 20 320 M M 0 26 320
30 81 53 67 1 0 2 0.00 M M 4.1 12 120 M M 0 15 110
================================================================================
SM 2428 1675 30 136 2.16 M 220.6 M 0
================================================================================
AV 80.9 55.8 7.4 FASTST M M 0 MAX(MPH)
MISC ----> 38 340 50 340
================================================================================
NOTES:
# LAST OF SEVERAL OCCURRENCES
COLUMN 17 PEAK WIND IN M.P.H.
PRELIMINARY LOCAL CLIMATOLOGICAL DATA (WS FORM: F-6) , PAGE 2
STATION: GARRISON (AMOS) ND
MONTH: JUNE
YEAR: 2023
LATITUDE: 47 39 N
LONGITUDE: 101 23 W
[TEMPERATURE DATA] [PRECIPITATION DATA] SYMBOLS USED IN COLUMN 16
AVERAGE MONTHLY: 68.4 TOTAL FOR MONTH: 2.16 1 = FOG OR MIST
DPTR FM NORMAL: 5.8 DPTR FM NORMAL: -1.38 2 = FOG REDUCING VISIBILITY
HIGHEST: 94 ON 7 GRTST 24HR 1.21 ON 21-22 TO 1/4 MILE OR LESS
LOWEST: 42 ON 11 3 = THUNDER
SNOW, ICE PELLETS, HAIL 4 = ICE PELLETS
TOTAL MONTH: M 5 = HAIL
GRTST 24HR M ON M 6 = FREEZING RAIN OR DRIZZLE
GRTST DEPTH: M ON M 7 = DUSTSTORM OR SANDSTORM:
VSBY 1/2 MILE OR LESS
8 = SMOKE OR HAZE
[NO. OF DAYS WITH] [WEATHER - DAYS WITH] 9 = BLOWING SNOW
X = TORNADO
MAX 32 OR BELOW: 0 0.01 INCH OR MORE: 9
MAX 90 OR ABOVE: 4 0.10 INCH OR MORE: 4
MIN 32 OR BELOW: 0 0.50 INCH OR MORE: 1
MIN 0 OR BELOW: 0 1.00 INCH OR MORE: 1
[HDD (BASE 65) ]
TOTAL THIS MO. 30 CLEAR (SCALE 0-3) 30
DPTR FM NORMAL -83 PTCLDY (SCALE 4-7) 0
TOTAL FM JUL 1 9525 CLOUDY (SCALE 8-10) 0
DPTR FM NORMAL 463
[CDD (BASE 65) ]
TOTAL THIS MO. 136
DPTR FM NORMAL 94 [PRESSURE DATA]
TOTAL FM JAN 1 176 HIGHEST SLP 30.16 ON 11
DPTR FM NORMAL 126 LOWEST SLP 29.50 ON 18
[REMARKS]
#FINAL-06-23#