000
CXHW50 PHFO 011250
CF6NGF
PRELIMINARY LOCAL CLIMATOLOGICAL DATA (WS FORM: F-6)
STATION: KANEOHE BAY MCAS HI
MONTH: FEBRUARY
YEAR: 2022
LATITUDE: 21 25 N
LONGITUDE: 157 46 W
TEMPERATURE IN F: :PCPN: SNOW: WIND :SUNSHINE: SKY :PK WND
================================================================================
1 2 3 4 5 6A 6B 7 8 9 10 11 12 13 14 15 16 17 18
12Z AVG MX 2MIN
DY MAX MIN AVG DEP HDD CDD WTR SNW DPTH SPD SPD DIR MIN PSBL S-S WX SPD DR
================================================================================
1 80 73 77 4 0 12 0.00 M M 7.4 11 60 M M 3 16 80
2 79 73 76 3 0 11 0.00 M M 6.4 10 100 M M 3 M M
3 78 68 73 0 0 8 0.00 M M 5.2 8 90 M M 3 M M
4 78 67 73 0 0 8 0.00 M M 2.8 8 50 M M 2 M M
5 79 74 77 4 0 12 0.01 M M 5.2 9 50 M M 3 14 70
6 77 74 76 3 0 11 0.02 M M 8.6 12 70 M M 4 18 70
7 79 73 76 3 0 11 0.00 M M 9.8 14 80 M M 4 23 90
8 79 73 76 3 0 11 0.00 M M 7.8 12 80 M M 4 18 70
9 79 72 76 3 0 11 0.00 M M 6.3 10 70 M M 5 16 70
10 78 71 75 2 0 10 0.18 M M 4.4 9 40 M M 4 M M
11 78 70 74 1 0 9 0.00 M M 3.9 9 60 M M 2 M M
12 79 71 75 2 0 10 0.00 M M 8.3 14 40 M M 3 M M
13 79 71 75 2 0 10 0.00 M M 10.5 14 30 M M 3 M M
14 78 70 74 1 0 9 0.00 M M 7.9 10 40 M M 3 M M
15 78 73 76 3 0 11 0.02 M M 8.5 11 40 M M 5 16 70
16 M 70 M M M M 0.09 M M 8.0 10 110 M M 3 M M
17 72 69 71 -2 0 6 T M M 5.8 10 60 M M 4 M M
18 M M M M M M 0.00 M M M M M M M M M M
19 77 77 77 4 0 12 0.00 M M 10.4 10 20 M M 4 M M
20 M M M M M M 0.00 M M M M M M M M M M
21 M M M M M M 0.00 M M M M M M M M M M
22 80 75 78 5 0 13 0.08 M M 8.0 10 50 M M 8 15 50
23 76 74 75 2 0 10 T M M 8.4 12 90 M M 6 18 70
24 M M M M M M 0.00 M M M M M M M M M M
25 79 72 76 3 0 11 0.01 M M 9.3 13 60 M M 6 19 60
26 74 73 74 1 0 9 0.02 M M 8.5 11 80 M M 8 19 90
27 78 75 77 4 0 12 0.00 M M 4.7 5 0 M M 8 M M
28 79 70 75 2 0 10 0.01 M M 4.7 12 50 M M 7 M M
================================================================================
SM 1793 1728 0 237 0.44 M 170.8 M 105
================================================================================
AV 78.0 72.0 7.1 FASTST M M 4 MAX(MPH)
MISC ----> # 14 80 23 90
================================================================================
NOTES:
# LAST OF SEVERAL OCCURRENCES
COLUMN 17 PEAK WIND IN M.P.H.
PRELIMINARY LOCAL CLIMATOLOGICAL DATA (WS FORM: F-6) , PAGE 2
STATION: KANEOHE BAY MCAS HI
MONTH: FEBRUARY
YEAR: 2022
LATITUDE: 21 25 N
LONGITUDE: 157 46 W
[TEMPERATURE DATA] [PRECIPITATION DATA] SYMBOLS USED IN COLUMN 16
AVERAGE MONTHLY: 75.0 TOTAL FOR MONTH: 0.44 1 = FOG OR MIST
DPTR FM NORMAL: 1.8 DPTR FM NORMAL: -2.72 2 = FOG REDUCING VISIBILITY
HIGHEST: 80 ON 22, 1 GRTST 24HR 0.18 ON 10-10 TO 1/4 MILE OR LESS
LOWEST: 67 ON 4 3 = THUNDER
SNOW, ICE PELLETS, HAIL 4 = ICE PELLETS
TOTAL MONTH: M 5 = HAIL
GRTST 24HR M ON M 6 = FREEZING RAIN OR DRIZZLE
GRTST DEPTH: M ON M 7 = DUSTSTORM OR SANDSTORM:
VSBY 1/2 MILE OR LESS
8 = SMOKE OR HAZE
[NO. OF DAYS WITH] [WEATHER - DAYS WITH] 9 = BLOWING SNOW
X = TORNADO
MAX 32 OR BELOW: 0 0.01 INCH OR MORE: 9
MAX 90 OR ABOVE: 0 0.10 INCH OR MORE: 1
MIN 32 OR BELOW: 0 0.50 INCH OR MORE: 0
MIN 0 OR BELOW: 0 1.00 INCH OR MORE: 0
[HDD (BASE 65) ]
TOTAL THIS MO. 0 CLEAR (SCALE 0-3) 8
DPTR FM NORMAL 0 PTCLDY (SCALE 4-7) 16
TOTAL FM JUL 1 0 CLOUDY (SCALE 8-10) 4
DPTR FM NORMAL 0
[CDD (BASE 65) ]
TOTAL THIS MO. 237
DPTR FM NORMAL 6 [PRESSURE DATA]
TOTAL FM JAN 1 515 HIGHEST SLP M ON M
DPTR FM NORMAL 34 LOWEST SLP 29.87 ON 11
[REMARKS]
#FINAL-02-22#