000
CXUS51 KOKX 010910
CF6NYC
PRELIMINARY LOCAL CLIMATOLOGICAL DATA (WS FORM: F-6)
STATION: CENTRAL PARK NY
MONTH: JUNE
YEAR: 2023
LATITUDE: 40 46 N
LONGITUDE: 73 58 W
TEMPERATURE IN F: :PCPN: SNOW: WIND :SUNSHINE: SKY :PK WND
================================================================================
1 2 3 4 5 6A 6B 7 8 9 10 11 12 13 14 15 16 17 18
12Z AVG MX 2MIN
DY MAX MIN AVG DEP HDD CDD WTR SNW DPTH SPD SPD DIR MIN PSBL S-S WX SPD DR
================================================================================
1 87 59 73 5 0 8 0.00 0.0 0 1.8 9 60 M M 0 18 13 50
2 91 66 79 11 0 14 0.24 0.0 0 2.0 16 60 M M 1 13 22 40
3 69 54 62 -6 3 0 0.00 0.0 0 7.7 15 70 M M 8 8 22 50
4 69 49 59 -9 6 0 0.00 0.0 0 5.8 16 50 M M 6 24 60
5 76 56 66 -3 0 1 0.00 0.0 0 3.0 14 50 M M 4 8 19 30
6 79 60 70 1 0 5 T 0.0 0 3.9 14 310 M M 4 38 22 300
7 69 57 63 -6 2 0 0.00 0.0 0 5.0 12 320 M M 7 8 20 260
8 72 55 64 -6 1 0 0.00 0.0 0 2.6 10 300 M M 9 8 15 70
9 72 58 65 -5 0 0 T 0.0 0 3.9 9 240 M M 5 16 240
10 78 58 68 -2 0 3 T 0.0 0 3.9 13 300 M M 3 20 290
11 82 64 73 2 0 8 0.01 0.0 0 0.9 12 130 M M 2 18 18 130
12 78 66 72 1 0 7 0.30 0.0 0 2.9 13 120 M M 5 18 20 130
13 78 64 71 0 0 6 0.00 0.0 0 5.0 12 280 M M 5 1 19 230
14 76 63 70 -2 0 5 0.14 0.0 0 3.8 13 280 M M 3 1 22 230
15 77 61 69 -3 0 4 0.00 0.0 0 5.2 13 300 M M 4 20 310
16 79 63 71 -1 0 6 0.23 0.0 0 2.7 12 230 M M 3 13 20 210
17 77 62 70 -3 0 5 T 0.0 0 4.5 15 300 M M 5 38 27 330
18 80 62 71 -2 0 6 0.00 0.0 0 4.4 12 300 M M 3 8 17 290
19 81 65 73 0 0 8 0.00 0.0 0 3.8 9 100 M M 1 17 130
20 78 64 71 -3 0 6 0.00 0.0 0 5.4 14 50 M M 4 18 60
21 73 62 68 -6 0 3 0.00 0.0 0 10.4 17 60 M M 5 25 50
22 72 60 66 -8 0 1 T 0.0 0 8.7 18 60 M M 10 18 26 50
23 71 65 68 -6 0 3 0.04 0.0 0 3.2 8 130 M M 10 1 13 130
24 78 69 74 -1 0 9 0.07 0.0 0 0.7 8 130 M M 6 1 22 170
25 85 71 78 3 0 13 T 0.0 0 1.5 10 80 M M 1 18 16 90
26 78 68 73 -2 0 8 0.51 0.0 0 4.0 14 300 M M 4 138 21 320
27 79 66 73 -2 0 8 0.08 0.0 0 1.6 8 180 M M 5 18 17 210
28 82 66 74 -2 0 9 T 0.0 0 3.8 14 290 M M 5 18 23 250
29 82 65 74 -2 0 9 0.00 0.0 0 2.4 8 310 M M 4 8 14 310
30 84 70 77 1 0 12 0.00 0.0 0 1.8 8 240 M M 1 18 16 170
================================================================================
SM 2332 1868 12 167 1.62 0.0 116.3 M 133
================================================================================
AV 77.7 62.3 3.9 FASTST M M 4 MAX(MPH)
MISC ----> 18 60 27 330
================================================================================
NOTES:
# LAST OF SEVERAL OCCURRENCES
COLUMN 17 PEAK WIND IN M.P.H.
PRELIMINARY LOCAL CLIMATOLOGICAL DATA (WS FORM: F-6) , PAGE 2
STATION: CENTRAL PARK NY
MONTH: JUNE
YEAR: 2023
LATITUDE: 40 46 N
LONGITUDE: 73 58 W
[TEMPERATURE DATA] [PRECIPITATION DATA] SYMBOLS USED IN COLUMN 16
AVERAGE MONTHLY: 70.0 TOTAL FOR MONTH: 1.62 1 = FOG OR MIST
DPTR FM NORMAL: -2.0 DPTR FM NORMAL: -2.92 2 = FOG REDUCING VISIBILITY
HIGHEST: 91 ON 2 GRTST 24HR 0.52 ON 26-27 TO 1/4 MILE OR LESS
LOWEST: 49 ON 4 3 = THUNDER
SNOW, ICE PELLETS, HAIL 4 = ICE PELLETS
TOTAL MONTH: 0.0 INCH 5 = HAIL
GRTST 24HR 0.0 6 = FREEZING RAIN OR DRIZZLE
GRTST DEPTH: 0 7 = DUSTSTORM OR SANDSTORM:
VSBY 1/2 MILE OR LESS
8 = SMOKE OR HAZE
[NO. OF DAYS WITH] [WEATHER - DAYS WITH] 9 = BLOWING SNOW
X = TORNADO
MAX 32 OR BELOW: 0 0.01 INCH OR MORE: 9
MAX 90 OR ABOVE: 1 0.10 INCH OR MORE: 5
MIN 32 OR BELOW: 0 0.50 INCH OR MORE: 1
MIN 0 OR BELOW: 0 1.00 INCH OR MORE: 0
[HDD (BASE 65) ]
TOTAL THIS MO. 12 CLEAR (SCALE 0-3) 10
DPTR FM NORMAL -3 PTCLDY (SCALE 4-7) 17
TOTAL FM JUL 1 3844 CLOUDY (SCALE 8-10) 3
DPTR FM NORMAL -706
[CDD (BASE 65) ]
TOTAL THIS MO. 167
DPTR FM NORMAL -59 [PRESSURE DATA]
TOTAL FM JAN 1 253 HIGHEST SLP M ON M
DPTR FM NORMAL -54 LOWEST SLP 29.48 ON 14
[REMARKS]
#FINAL-06-23#