000
CXUS55 KPSR 011005
CF6NYL
PRELIMINARY LOCAL CLIMATOLOGICAL DATA (WS FORM: F-6)
STATION: YUMA AZ
MONTH: AUGUST
YEAR: 2023
LATITUDE: 32 39 N
LONGITUDE: 114 37 W
TEMPERATURE IN F: :PCPN: SNOW: WIND :SUNSHINE: SKY :PK WND
================================================================================
1 2 3 4 5 6A 6B 7 8 9 10 11 12 13 14 15 16 17 18
12Z AVG MX 2MIN
DY MAX MIN AVG DEP HDD CDD WTR SNW DPTH SPD SPD DIR MIN PSBL S-S WX SPD DR
================================================================================
1 107 84 96 1 0 31 0.00 M M 6.8 16 200 M M 2 25 200
2 108 85 97 2 0 32 0.00 M M 6.3 16 250 M M 1 24 240
3 110 83 97 2 0 32 0.00 M M 6.0 15 270 M M 0 21 280
4 108 78 93 -2 0 28 0.00 M M 5.4 13 280 M M 0 18 240
5 112 77 95 0 0 30 0.00 M M 5.8 14 200 M M 0 21 190
6 108 84 96 1 0 31 0.00 0.0 M 13.5 25 160 M M 0 32 170
7 110 86 98 3 0 33 0.00 0.0 M 9.3 20 150 M M 0 26 150
8 107 88 98 3 0 33 0.00 0.0 0 6.9 18 300 M M 1 26 310
9 107 85 96 1 0 31 0.00 0.0 0 6.4 16 300 M M 3 23 290
10 105 86 96 1 0 31 0.00 0.0 0 7.9 18 160 M M 1 23 160
11 102 83 93 -2 0 28 0.00 0.0 0 6.6 14 200 M M 2 19 190
12 104 84 94 -1 0 29 0.00 0.0 0 8.0 17 160 M M 0 24 210
13 107 80 94 -1 0 29 0.00 M M 6.7 14 200 M M 0 18 160
14 110 84 97 2 0 32 0.00 M M 5.4 15 150 M M 2 20 150
15 114 88 101 6 0 36 0.00 M M 6.7 21 30 M M 3 28 30
16 111 92 102 7 0 37 0.00 M M 6.6 16 20 M M 4 20 30
17 114 87 101 6 0 36 0.00 M M 5.0 18 150 M M 2 38 27 160
18 106 90 98 3 0 33 0.00 M M 11.7 26 150 M M 5 38 31 150
19 91 74 83 -12 0 18 M M M 8.5 23 130 M M 7 138 30 150
20 93 73 83 -12 0 18 M M M 23.0 51 160 M M 8 78 69 140
21 93 74 84 -11 0 19 0.00 M M 8.6 22 150 M M 3 26 150
22 99 75 87 -8 0 22 0.00 M M 3.0 13 260 M M 2 17 220
23 106 79 93 -2 0 28 0.00 M M 4.3 13 230 M M 1 19 190
24 107 83 95 1 0 30 0.00 M M 5.6 13 210 M M 0 19 160
25 111 83 97 3 0 32 0.00 M M 3.7 12 240 M M 0 18 210
26 113 85 99 5 0 34 0.00 M M 4.9 15 270 M M 0 19 290
27 116 87 102 8 0 37 0.00 M M 6.8 14 290 M M 0 21 10
28 118 85 102 8 0 37 0.00 M M 6.5 15 280 M M 0 21 330
29 115 84 100 6 0 35 0.00 M M 5.1 16 190 M M 0 20 190
30 110 87 99 5 0 34 0.00 M M 12.9 24 150 M M 1 8 30 150
31 106 86 96 2 0 31 0.00 M M 13.8 28 140 M M 5 78 35 150
================================================================================
SM 3328 2579 0 947 0.00 0.0 237.7 M 53
================================================================================
AV107.4 83.2 7.7 FASTST M M 2 MAX(MPH)
MISC ----> 51 160 69 140
================================================================================
NOTES:
# LAST OF SEVERAL OCCURRENCES
COLUMN 17 PEAK WIND IN M.P.H.
PRELIMINARY LOCAL CLIMATOLOGICAL DATA (WS FORM: F-6) , PAGE 2
STATION: YUMA AZ
MONTH: AUGUST
YEAR: 2023
LATITUDE: 32 39 N
LONGITUDE: 114 37 W
[TEMPERATURE DATA] [PRECIPITATION DATA] SYMBOLS USED IN COLUMN 16
AVERAGE MONTHLY: 95.3 TOTAL FOR MONTH: 0.00 1 = FOG OR MIST
DPTR FM NORMAL: 0.5 DPTR FM NORMAL: -0.20 2 = FOG REDUCING VISIBILITY
HIGHEST: 118 ON 28 GRTST 24HR T ON 19-19 TO 1/4 MILE OR LESS
LOWEST: 73 ON 20 3 = THUNDER
SNOW, ICE PELLETS, HAIL 4 = ICE PELLETS
TOTAL MONTH: 0.0 INCH 5 = HAIL
GRTST 24HR 0.0 6 = FREEZING RAIN OR DRIZZLE
GRTST DEPTH: 0 7 = DUSTSTORM OR SANDSTORM:
VSBY 1/2 MILE OR LESS
8 = SMOKE OR HAZE
[NO. OF DAYS WITH] [WEATHER - DAYS WITH] 9 = BLOWING SNOW
X = TORNADO
MAX 32 OR BELOW: 0 0.01 INCH OR MORE: 0
MAX 90 OR ABOVE: 31 0.10 INCH OR MORE: 0
MIN 32 OR BELOW: 0 0.50 INCH OR MORE: 0
MIN 0 OR BELOW: 0 1.00 INCH OR MORE: 0
[HDD (BASE 65) ]
TOTAL THIS MO. 0 CLEAR (SCALE 0-3) 25
DPTR FM NORMAL 0 PTCLDY (SCALE 4-7) 6
TOTAL FM JUL 1 0 CLOUDY (SCALE 8-10) 0
DPTR FM NORMAL 0
[CDD (BASE 65) ]
TOTAL THIS MO. 947
DPTR FM NORMAL 23 [PRESSURE DATA]
TOTAL FM JAN 1 3310 HIGHEST SLP 29.95 ON 21
DPTR FM NORMAL -158 LOWEST SLP 29.56 ON 20
[REMARKS]
#FINAL-08-23#