000
CXUS56 KMTR 081626
CF6OAK
PRELIMINARY LOCAL CLIMATOLOGICAL DATA (WS FORM: F-6)
STATION: OAKLAND AIRPORT
MONTH: JANUARY
YEAR: 2023
LATITUDE: 37 43 N
LONGITUDE: 122 13 W
TEMPERATURE IN F: :PCPN: SNOW: WIND :SUNSHINE: SKY :PK WND
================================================================================
1 2 3 4 5 6A 6B 7 8 9 10 11 12 13 14 15 16 17 18
12Z AVG MX 2MIN
DY MAX MIN AVG DEP HDD CDD WTR SNW DPTH SPD SPD DIR MIN PSBL S-S WX SPD DR
================================================================================
1 62 46 54 5 11 0 0.00 M M 6.9 15 290 M M 2 19 350
2 52 45 49 0 16 0 0.41 M M 10.2 24 60 M M 9 1 34 70
3 55 45 50 1 15 0 0.00 M M 7.7 16 70 M M 8 19 70
4 59 48 54 5 11 0 1.40 M M 16.9 33 130 M M 10 1 58 130
5 58 51 55 6 10 0 0.32 M M 14.7 29 200 M M 8 13 43 200
6 60 50 55 6 10 0 T M M 9.0 16 150 M M 9 22 150
7 59 51 55 6 10 0 0.12 M M 17.4 37 150 M M 9 1 59 140
8 62 52 57 8 8 0 0.79 M M 12.2 40 150 M M 7 1 54 150
9 59 51 55 6 10 0 1.19 M M 8.8 22 140 M M 8 1 45 140
10 57 48 53 3 12 0 0.37 M M 18.0 35 200 M M 7 138 53 210
11 59 51 55 5 10 0 0.29 M M 16.5 21 150 M M 10 1 40 140
12 67 54 61 11 4 0 0.00 M M 9.3 21 180 M M 8 30 120
13 60 53 57 7 8 0 0.40 M M 11.1 25 170 M M 9 1 35 150
14 58 50 54 4 11 0 0.99 M M 14.2 28 160 M M 9 138 44 150
15 54 47 51 1 14 0 0.95 M M 10.8 24 190 M M 9 1 28 180
16 56 45 51 1 14 0 0.95 M M 15.4 36 300 M M 7 1 44 280
17 54 38 46 -4 19 0 0.00 M M 3.3 10 270 M M 2 19 250
18 56 40 48 -2 17 0 0.11 M M 7.2 18 250 M M 6 1 26 190
19 53 41 47 -3 18 0 T M M 5.6 17 300 M M 5 21 300
20 55 39 47 -3 18 0 0.00 M M 7.9 21 50 M M 1 32 70
21 56 33 45 -5 20 0 0.00 M M 3.8 14 300 M M 3 15 300
22 61 38 50 0 15 0 0.00 M M 9.1 24 350 M M 3 40 330
23 63 41 52 2 13 0 0.00 M M 6.9 20 50 M M 1 28 60
24 61 42 52 2 13 0 0.00 M M 5.7 16 70 M M 1 24 80
25 65 39 52 2 13 0 0.00 M M 4.0 17 70 M M 1 21 50
26 69 46 58 8 7 0 0.00 M M 8.5 29 60 M M 1 40 60
27 57 40 49 -1 16 0 0.00 M M 5.3 16 290 M M 4 12 20 290
28 55 41 48 -3 17 0 0.00 M M 7.0 17 250 M M 7 12 30 230
29 51 44 48 -3 17 0 0.00 M M 11.1 29 300 M M 8 38 310
30 55 35 45 -6 20 0 0.00 M M 6.5 22 50 M M 0 32 70
31 57 32 45 -6 20 0 0.00 M M 4.0 9 280 M M 1 17 250
================================================================================
SM 1805 1376 417 0 8.29 M 295.0 M 173
================================================================================
AV 58.2 44.4 9.5 FASTST M M 6 MAX(MPH)
MISC ----> 40 150 59 140
================================================================================
NOTES:
# LAST OF SEVERAL OCCURRENCES
COLUMN 17 PEAK WIND IN M.P.H.
PRELIMINARY LOCAL CLIMATOLOGICAL DATA (WS FORM: F-6) , PAGE 2
STATION: OAKLAND AIRPORT
MONTH: JANUARY
YEAR: 2023
LATITUDE: 37 43 N
LONGITUDE: 122 13 W
[TEMPERATURE DATA] [PRECIPITATION DATA] SYMBOLS USED IN COLUMN 16
AVERAGE MONTHLY: 51.3 TOTAL FOR MONTH: 8.29 1 = FOG OR MIST
DPTR FM NORMAL: 1.4 DPTR FM NORMAL: 4.87 2 = FOG REDUCING VISIBILITY
HIGHEST: 69 ON 26 GRTST 24HR 2.16 ON 8- 9 TO 1/4 MILE OR LESS
LOWEST: 32 ON 31 3 = THUNDER
SNOW, ICE PELLETS, HAIL 4 = ICE PELLETS
TOTAL MONTH: M 5 = HAIL
GRTST 24HR M ON M 6 = FREEZING RAIN OR DRIZZLE
GRTST DEPTH: M ON M 7 = DUSTSTORM OR SANDSTORM:
VSBY 1/2 MILE OR LESS
8 = SMOKE OR HAZE
[NO. OF DAYS WITH] [WEATHER - DAYS WITH] 9 = BLOWING SNOW
X = TORNADO
MAX 32 OR BELOW: 0 0.01 INCH OR MORE: 13
MAX 90 OR ABOVE: 0 0.10 INCH OR MORE: 13
MIN 32 OR BELOW: 1 0.50 INCH OR MORE: 6
MIN 0 OR BELOW: 0 1.00 INCH OR MORE: 2
[HDD (BASE 65) ]
TOTAL THIS MO. 417 CLEAR (SCALE 0-3) 11
DPTR FM NORMAL -53 PTCLDY (SCALE 4-7) 9
TOTAL FM JUL 1 1528 CLOUDY (SCALE 8-10) 11
DPTR FM NORMAL -9
[CDD (BASE 65) ]
TOTAL THIS MO. 0
DPTR FM NORMAL 0 [PRESSURE DATA]
TOTAL FM JAN 1 0 HIGHEST SLP 30.47 ON 26
DPTR FM NORMAL 0 LOWEST SLP 29.44 ON 16
[REMARKS]
#FINAL-01-23#