000
CXUS56 KMTR 011634
CF6OAK
PRELIMINARY LOCAL CLIMATOLOGICAL DATA (WS FORM: F-6)
STATION: OAKLAND AIRPORT
MONTH: APRIL
YEAR: 2020
LATITUDE: 37 43 N
LONGITUDE: 122 13 W
TEMPERATURE IN F: :PCPN: SNOW: WIND :SUNSHINE: SKY :PK WND
================================================================================
1 2 3 4 5 6A 6B 7 8 9 10 11 12 13 14 15 16 17 18
12Z AVG MX 2MIN
DY MAX MIN AVG DEP HDD CDD WTR SNW DPTH SPD SPD DIR MIN PSBL S-S WX SPD DR
================================================================================
1 64 48 56 0 9 0 0.00 M M 7.3 20 290 M M 2 22 280
2 66 43 55 -1 10 0 0.00 M M 9.2 21 270 M M 0 24 260
3 64 43 54 -2 11 0 0.00 M M 8.7 21 280 M M 3 24 280
4 61 51 56 0 9 0 0.20 M M 14.2 23 210 M M 8 1 27 210
5 57 46 52 -4 13 0 0.47 M M 12.5 24 210 M M 9 18 28 210
6 55 42 49 -7 16 0 0.24 0.0 M 3.9 17 180 M M 8 1 20 170
7 65 39 52 -4 13 0 0.00 M M 7.5 20 290 M M 3 22 330
8 64 53 59 2 6 0 0.00 M M 8.2 15 200 M M 9 1 22 320
9 65 56 61 4 4 0 0.00 M M 8.0 16 210 M M 9 18 180
10 66 55 61 4 4 0 0.00 M M 10.4 20 270 M M 6 23 270
11 61 54 58 1 7 0 T M M 9.8 18 280 M M 9 21 290
12 64 54 59 2 6 0 T M M 10.0 18 250 M M 8 18 22 250
13 70 53 62 5 3 0 0.00 0.0 M 9.2 18 300 M M 4 18 21 300
14 80 47 64 7 1 0 0.00 M M 6.7 21 280 M M 1 1 26 280
15 74 50 62 4 3 0 0.00 M M 6.9 22 290 M M 3 25 290
16 63 54 59 1 6 0 T M M 11.0 16 270 M M 9 1 24 250
17 64 55 60 2 5 0 0.00 M M 11.5 18 240 M M 9 22 240
18 67 57 62 4 3 0 0.00 M M 10.3 17 270 M M 7 22 220
19 67 56 62 4 3 0 0.00 M M 9.2 17 280 M M 7 21 280
20 66 56 61 3 4 0 T M M 12.8 25 280 M M 8 28 270
21 67 55 61 3 4 0 0.00 M M 10.1 22 270 M M 6 25 270
22 74 52 63 5 2 0 0.00 0.0 M 9.0 20 280 M M 4 24 280
23 73 56 65 7 0 0 0.00 0.0 M 6.7 22 280 M M 5 26 280
24 75 54 65 7 0 0 0.00 M M 6.2 16 280 M M 2 18 280
25 78 56 67 9 0 2 0.00 M M 7.4 22 280 M M 6 1 25 280
26 68 55 62 4 3 0 0.00 M M 9.4 22 280 M M 5 24 280
27 75 52 64 6 1 0 0.00 M M 8.7 20 270 M M 5 22 270
28 75 56 66 8 0 1 0.00 M M 8.1 21 280 M M 2 23 280
29 67 56 62 3 3 0 0.00 M M 12.2 22 270 M M 9 26 270
30 71 55 63 4 2 0 0.00 M M 10.4 25 280 M M 7 30 280
================================================================================
SM 2026 1559 151 3 0.91 0.0 275.5 M 173
================================================================================
AV 67.5 52.0 9.2 FASTST M M 6 MAX(MPH)
MISC ----> # 25 280 30 280
================================================================================
NOTES:
# LAST OF SEVERAL OCCURRENCES
COLUMN 17 PEAK WIND IN M.P.H.
PRELIMINARY LOCAL CLIMATOLOGICAL DATA (WS FORM: F-6) , PAGE 2
STATION: OAKLAND AIRPORT
MONTH: APRIL
YEAR: 2020
LATITUDE: 37 43 N
LONGITUDE: 122 13 W
[TEMPERATURE DATA] [PRECIPITATION DATA] SYMBOLS USED IN COLUMN 16
AVERAGE MONTHLY: 59.8 TOTAL FOR MONTH: 0.91 1 = FOG OR MIST
DPTR FM NORMAL: 2.3 DPTR FM NORMAL: -0.43 2 = FOG REDUCING VISIBILITY
HIGHEST: 80 ON 14 GRTST 24HR 0.67 ON 4- 5 TO 1/4 MILE OR LESS
LOWEST: 39 ON 7 3 = THUNDER
SNOW, ICE PELLETS, HAIL 4 = ICE PELLETS
TOTAL MONTH: 0.0 INCH 5 = HAIL
GRTST 24HR 0.0 6 = FREEZING RAIN OR DRIZZLE
GRTST DEPTH: M ON M 7 = DUSTSTORM OR SANDSTORM:
VSBY 1/2 MILE OR LESS
8 = SMOKE OR HAZE
[NO. OF DAYS WITH] [WEATHER - DAYS WITH] 9 = BLOWING SNOW
X = TORNADO
MAX 32 OR BELOW: 0 0.01 INCH OR MORE: 3
MAX 90 OR ABOVE: 0 0.10 INCH OR MORE: 3
MIN 32 OR BELOW: 0 0.50 INCH OR MORE: 0
MIN 0 OR BELOW: 0 1.00 INCH OR MORE: 0
[HDD (BASE 65) ]
TOTAL THIS MO. 151 CLEAR (SCALE 0-3) 7
DPTR FM NORMAL -82 PTCLDY (SCALE 4-7) 15
TOTAL FM JUL 1 1888 CLOUDY (SCALE 8-10) 8
DPTR FM NORMAL -699
[CDD (BASE 65) ]
TOTAL THIS MO. 3
DPTR FM NORMAL -2 [PRESSURE DATA]
TOTAL FM JAN 1 4 HIGHEST SLP 30.31 ON 22
DPTR FM NORMAL -2 LOWEST SLP 29.62 ON 5
[REMARKS]
#FINAL-04-20#