660
CXUS53 KOAX 011000
CF6OFK
PRELIMINARY LOCAL CLIMATOLOGICAL DATA (WS FORM: F-6)
STATION: NORFOLK NE
MONTH: JULY
YEAR: 2020
LATITUDE: 41 58 N
LONGITUDE: 97 26 W
TEMPERATURE IN F: :PCPN: SNOW: WIND :SUNSHINE: SKY :PK WND
================================================================================
1 2 3 4 5 6A 6B 7 8 9 10 11 12 13 14 15 16 17 18
12Z AVG MX 2MIN
DY MAX MIN AVG DEP HDD CDD WTR SNW DPTH SPD SPD DIR MIN PSBL S-S WX SPD DR
================================================================================
1 91 64 78 4 0 13 0.00 0.0 0 4.8 14 240 M M 0 19 230
2 90 67 79 5 0 14 0.00 0.0 0 8.1 17 120 M M 1 1 24 150
3 90 67 79 5 0 14 0.78 0.0 0 6.1 29 330 M M 3 13 37 320
4 88 69 79 4 0 14 0.00 0.0 0 5.5 15 150 M M 2 18 21 130
5 89 65 77 2 0 12 0.00 0.0 0 6.4 14 140 M M 2 18 20 190
6 90 68 79 4 0 14 0.01 0.0 0 8.8 31 140 M M 2 138 48 140
7 92 65 79 4 0 14 0.03 0.0 0 9.8 24 310 M M 0 3 41 310
8 94 67 81 6 0 16 0.01 0.0 0 14.5 33 230 M M 1 3 49 250
9 88 65 77 2 0 12 0.23 0.0 0 8.1 26 300 M M 1 13 37 300
10 87 61 74 -1 0 9 0.24 0.0 0 8.0 43 300 M M 0 13 59 300
11 87 64 76 1 0 11 0.12 0.0 0 11.1 28 170 M M 1 138 38 170
12 85 57 71 -4 0 6 0.00 0.0 0 5.9 15 100 M M 0 20 100
13 90 65 78 3 0 13 0.04 0.0 0 13.2 24 170 M M 1 3 32 170
14 79 64 72 -3 0 7 0.02 0.0 0 10.8 23 10 M M 4 3 33 10
15 83 61 72 -3 0 7 T 0.0 0 5.2 15 330 M M 0 21 330
16 88 58 73 -2 0 8 0.00 0.0 0 8.8 18 200 M M 3 12 26 210
17 95 71 83 8 0 18 0.00 0.0 0 12.7 24 170 M M 0 32 160
18 99 71 85 10 0 20 0.00 0.0 0 11.5 21 310 M M 1 29 310
19 90 63 77 2 0 12 0.12 0.0 0 5.1 16 330 M M 3 3 22 330
20 83 66 75 0 0 10 0.39 0.0 0 8.8 24 130 M M 5 13 33 130
21 85 63 74 -1 0 9 T 0.0 0 6.9 17 340 M M 1 23 320
22 85 59 72 -3 0 7 0.00 0.0 0 7.5 16 150 M M 1 21 160
23 91 70 81 6 0 16 0.02 0.0 0 12.6 22 160 M M 3 13 31 170
24 93 74 84 9 0 19 0.00 0.0 0 15.1 25 160 M M 0 37 150
25 95 76 86 11 0 21 0.03 0.0 0 15.0 25 210 M M 2 3 34 180
26 88 73 81 6 0 16 T 0.0 0 6.0 18 260 M M 1 24 270
27 89 60 75 0 0 10 0.00 0.0 0 6.8 13 150 M M 1 19 70
28 90 60 75 0 0 10 0.00 0.0 0 10.5 20 210 M M 0 27 200
29 87 66 77 2 0 12 0.48 0.0 0 5.1 28 50 M M 2 13 40 60
30 81 61 71 -4 0 6 0.00 0.0 0 9.0 21 70 M M 3 31 60
31 84 56 70 -5 0 5 0.00 0.0 0 4.8 14 20 M M 1 1 20 20
================================================================================
SM 2746 2016 0 375 2.52 0.0 272.5 M 45
================================================================================
AV 88.6 65.0 8.8 FASTST M M 1 MAX(MPH)
MISC ----> # 43 300 # 59 300
================================================================================
NOTES:
# LAST OF SEVERAL OCCURRENCES
COLUMN 17 PEAK WIND IN M.P.H.
PRELIMINARY LOCAL CLIMATOLOGICAL DATA (WS FORM: F-6) , PAGE 2
STATION: NORFOLK NE
MONTH: JULY
YEAR: 2020
LATITUDE: 41 58 N
LONGITUDE: 97 26 W
[TEMPERATURE DATA] [PRECIPITATION DATA] SYMBOLS USED IN COLUMN 16
AVERAGE MONTHLY: 76.8 TOTAL FOR MONTH: 2.52 1 = FOG OR MIST
DPTR FM NORMAL: 1.8 DPTR FM NORMAL: -0.80 2 = FOG REDUCING VISIBILITY
HIGHEST: 99 ON 18 GRTST 24HR 0.78 ON 3- 3 TO 1/4 MILE OR LESS
LOWEST: 56 ON 31 3 = THUNDER
SNOW, ICE PELLETS, HAIL 4 = ICE PELLETS
TOTAL MONTH: 0.0 INCH 5 = HAIL
GRTST 24HR 0.0 6 = FREEZING RAIN OR DRIZZLE
GRTST DEPTH: 0 7 = DUSTSTORM OR SANDSTORM:
VSBY 1/2 MILE OR LESS
8 = SMOKE OR HAZE
[NO. OF DAYS WITH] [WEATHER - DAYS WITH] 9 = BLOWING SNOW
X = TORNADO
MAX 32 OR BELOW: 0 0.01 INCH OR MORE: 14
MAX 90 OR ABOVE: 14 0.10 INCH OR MORE: 7
MIN 32 OR BELOW: 0 0.50 INCH OR MORE: 1
MIN 0 OR BELOW: 0 1.00 INCH OR MORE: 0
[HDD (BASE 65) ]
TOTAL THIS MO. 0 CLEAR (SCALE 0-3) 28
DPTR FM NORMAL -4 PTCLDY (SCALE 4-7) 3
TOTAL FM JUL 1 0 CLOUDY (SCALE 8-10) 0
DPTR FM NORMAL -4
[CDD (BASE 65) ]
TOTAL THIS MO. 375
DPTR FM NORMAL 61 [PRESSURE DATA]
TOTAL FM JAN 1 728 HIGHEST SLP 30.16 ON 10
DPTR FM NORMAL 167 LOWEST SLP 29.65 ON 9
[REMARKS]
#FINAL-07-20#