000
CXHW52 PHFO 011250
CF6OGG
PRELIMINARY LOCAL CLIMATOLOGICAL DATA (WS FORM: F-6)
STATION: KAHULUI HI
MONTH: FEBRUARY
YEAR: 2024
LATITUDE: 20 53 N
LONGITUDE: 156 26 W
TEMPERATURE IN F: :PCPN: SNOW: WIND :SUNSHINE: SKY :PK WND
================================================================================
1 2 3 4 5 6A 6B 7 8 9 10 11 12 13 14 15 16 17 18
12Z AVG MX 2MIN
DY MAX MIN AVG DEP HDD CDD WTR SNW DPTH SPD SPD DIR MIN PSBL S-S WX SPD DR
================================================================================
1 82 62 72 -1 0 7 T M M 7.6 21 330 M M 6 29 340
2 74 66 70 -3 0 5 0.38 M M 16.0 29 360 M M 10 18 37 360
3 77 67 72 -1 0 7 T M M 18.4 30 30 M M 9 37 30
4 78 64 71 -2 0 6 T M M 17.3 30 60 M M 4 18 43 50
5 80 62 71 -2 0 6 0.00 M M 18.4 33 60 M M 2 53 80
6 81 57 69 -4 0 4 0.00 M M 13.7 31 60 M M 1 49 80
7 82 61 72 -1 0 7 0.00 M M 16.3 31 60 M M 1 47 70
8 83 61 72 -1 0 7 0.00 M M 6.9 20 70 M M 3 26 70
9 84 59 72 -1 0 7 T M M 6.1 15 40 M M 4 21 10
10 84 61 73 0 0 8 0.00 M M 6.2 17 50 M M 2 26 30
11 81 59 70 -3 0 5 0.00 M M 5.0 14 350 M M 2 22 360
12 83 56 70 -3 0 5 0.00 M M 7.5 18 340 M M 1 26 360
13 80 62 71 -2 0 6 T M M 5.3 12 350 M M 4 20 340
14 82 61 72 -1 0 7 T M M 13.4 25 200 M M 3 36 220
15 74 65 70 -3 0 5 0.08 M M 11.8 22 340 M M 7 18 32 340
16 74 65 70 -3 0 5 0.07 M M 9.3 21 30 M M 9 1 26 30
17 79 64 72 -1 0 7 0.00 M M 12.8 21 20 M M 6 28 30
18 77 65 71 -2 0 6 0.02 M M 14.2 26 30 M M 6 33 30
19 79 63 71 -2 0 6 T M M 14.0 29 30 M M 4 41 40
20 82 57 70 -3 0 5 0.00 M M 7.9 21 50 M M 3 28 40
21 83 61 72 -1 0 7 0.00 M M 11.6 23 60 M M 5 34 70
22 81 63 72 -1 0 7 T M M 10.3 23 60 M M 5 32 60
23 82 58 70 -3 0 5 T M M 11.1 25 60 M M 4 38 70
24 77 58 68 -5 0 3 T M M 13.3 28 60 M M 4 40 60
25 79 66 73 0 0 8 0.01 M M 16.0 29 40 M M 2 41 30
26 79 66 73 0 0 8 0.12 M M 17.1 29 60 M M 5 1 42 60
27 79 67 73 0 0 8 0.01 M M 16.1 26 50 M M 5 40 40
28 80 66 73 0 0 8 T M M 15.5 29 40 M M 3 1 39 40
29 81 67 74 1 0 9 0.01 M M 16.8 24 50 M M 4 45 50
================================================================================
SM 2317 1809 0 184 0.70 M 355.9 M 124
================================================================================
AV 79.9 62.4 12.3 FASTST M M 4 MAX(MPH)
MISC ----> 33 60 53 80
================================================================================
NOTES:
# LAST OF SEVERAL OCCURRENCES
COLUMN 17 PEAK WIND IN M.P.H.
PRELIMINARY LOCAL CLIMATOLOGICAL DATA (WS FORM: F-6) , PAGE 2
STATION: KAHULUI HI
MONTH: FEBRUARY
YEAR: 2024
LATITUDE: 20 53 N
LONGITUDE: 156 26 W
[TEMPERATURE DATA] [PRECIPITATION DATA] SYMBOLS USED IN COLUMN 16
AVERAGE MONTHLY: 71.1 TOTAL FOR MONTH: 0.70 1 = FOG OR MIST
DPTR FM NORMAL: -1.9 DPTR FM NORMAL: -1.30 2 = FOG REDUCING VISIBILITY
HIGHEST: 84 ON 10, 9 GRTST 24HR 0.38 ON 2- 2 TO 1/4 MILE OR LESS
LOWEST: 56 ON 12 3 = THUNDER
SNOW, ICE PELLETS, HAIL 4 = ICE PELLETS
TOTAL MONTH: M 5 = HAIL
GRTST 24HR M ON M 6 = FREEZING RAIN OR DRIZZLE
GRTST DEPTH: M ON M 7 = DUSTSTORM OR SANDSTORM:
VSBY 1/2 MILE OR LESS
8 = SMOKE OR HAZE
[NO. OF DAYS WITH] [WEATHER - DAYS WITH] 9 = BLOWING SNOW
X = TORNADO
MAX 32 OR BELOW: 0 0.01 INCH OR MORE: 8
MAX 90 OR ABOVE: 0 0.10 INCH OR MORE: 2
MIN 32 OR BELOW: 0 0.50 INCH OR MORE: 0
MIN 0 OR BELOW: 0 1.00 INCH OR MORE: 0
[HDD (BASE 65) ]
TOTAL THIS MO. 0 CLEAR (SCALE 0-3) 11
DPTR FM NORMAL 0 PTCLDY (SCALE 4-7) 15
TOTAL FM JUL 1 0 CLOUDY (SCALE 8-10) 3
DPTR FM NORMAL 0
[CDD (BASE 65) ]
TOTAL THIS MO. 184
DPTR FM NORMAL -40 [PRESSURE DATA]
TOTAL FM JAN 1 458 HIGHEST SLP 30.27 ON 18
DPTR FM NORMAL -11 LOWEST SLP 29.88 ON 14
[REMARKS]
#FINAL-02-24#