000
CXUS56 KSGX 011045
CF6OKB
PRELIMINARY LOCAL CLIMATOLOGICAL DATA (WS FORM: F-6)
STATION: OCEANSIDE AIRPORT CA
MONTH: MAY
YEAR: 2021
LATITUDE: 33 13 N
LONGITUDE: 117 21 W
TEMPERATURE IN F: :PCPN: SNOW: WIND :SUNSHINE: SKY :PK WND
================================================================================
1 2 3 4 5 6A 6B 7 8 9 10 11 12 13 14 15 16 17 18
12Z AVG MX 2MIN
DY MAX MIN AVG DEP HDD CDD WTR SNW DPTH SPD SPD DIR MIN PSBL S-S WX SPD DR
================================================================================
1 68 59 64 4 1 0 0.00 M M 6.4 14 250 M M 7 18 19 250
2 69 56 63 3 2 0 T M M 6.4 15 210 M M 8 18 21 220
3 72 56 64 4 1 0 0.00 M M 5.6 18 280 M M 5 23 280
4 71 57 64 4 1 0 0.00 M M 4.8 13 260 M M 5 18 17 250
5 73 52 63 2 2 0 0.00 M M 4.7 15 220 M M 6 18 19 230
6 69 59 64 3 1 0 0.00 M M 4.5 13 240 M M 10 8 17 230
7 70 59 65 4 0 0 0.00 M M 5.8 14 250 M M 8 20 250
8 70 51 61 0 4 0 0.00 M M 5.1 14 240 M M 5 20 240
9 69 51 60 -1 5 0 0.00 M M 4.9 13 240 M M 8 8 17 270
10 70 54 62 1 3 0 0.00 M M 6.1 15 230 M M 7 20 240
11 70 56 63 1 2 0 0.00 M M 3.7 14 230 M M 9 20 260
12 72 61 67 5 0 2 0.00 M M 4.4 14 250 M M 9 8 19 250
13 70 60 65 3 0 0 0.00 M M 5.8 15 250 M M 9 8 19 250
14 71 59 65 3 0 0 0.00 M M 6.0 18 250 M M 7 24 240
15 70 59 65 3 0 0 T M M 7.9 14 250 M M 10 20 240
16 65 56 61 -1 4 0 0.15 M M 6.6 13 260 M M 9 18 17 230
17 70 58 64 2 1 0 0.00 M M 5.8 17 270 M M 9 23 290
18 71 54 63 1 2 0 0.00 M M 5.2 16 250 M M 6 21 240
19 72 58 65 2 0 0 0.00 M M 5.5 14 230 M M 9 19 210
20 71 52 62 -1 3 0 0.00 M M 7.6 16 240 M M 8 18 20 240
21 69 54 62 -1 3 0 0.00 M M 9.7 21 220 M M 6 8 26 210
22 67 47 57 -6 8 0 T M M 5.3 16 250 M M 2 22 250
23 71 44 58 -5 7 0 0.00 M M 6.1 18 250 M M 0 23 250
24 75 46 61 -2 4 0 0.00 M M 5.6 15 250 M M 0 1 20 250
25 77 49 63 0 2 0 0.00 M M 4.9 12 210 M M 1 18 15 270
26 72 57 65 2 0 0 0.00 M M 6.5 17 220 M M 6 18 22 210
27 69 51 60 -3 5 0 0.00 M M 5.5 16 240 M M 4 20 250
28 71 54 63 -1 2 0 0.00 M M 6.5 15 250 M M 6 20 250
29 69 59 64 0 1 0 0.00 M M 6.5 14 210 M M 9 8 20 230
30 69 57 63 -1 2 0 T M M 4.9 13 240 M M 10 1 17 210
31 71 59 65 1 0 0 0.00 M M 4.7 14 240 M M 9 20 230
================================================================================
SM 2183 1704 66 2 0.15 M 179.0 M 207
================================================================================
AV 70.4 55.0 5.8 FASTST M M 7 MAX(MPH)
MISC ----> 21 220 26 210
================================================================================
NOTES:
# LAST OF SEVERAL OCCURRENCES
COLUMN 17 PEAK WIND IN M.P.H.
PRELIMINARY LOCAL CLIMATOLOGICAL DATA (WS FORM: F-6) , PAGE 2
STATION: OCEANSIDE AIRPORT CA
MONTH: MAY
YEAR: 2021
LATITUDE: 33 13 N
LONGITUDE: 117 21 W
[TEMPERATURE DATA] [PRECIPITATION DATA] SYMBOLS USED IN COLUMN 16
AVERAGE MONTHLY: 62.7 TOTAL FOR MONTH: 0.15 1 = FOG OR MIST
DPTR FM NORMAL: 0.6 DPTR FM NORMAL: -0.15 2 = FOG REDUCING VISIBILITY
HIGHEST: 77 ON 25 GRTST 24HR 0.15 ON 15-16 TO 1/4 MILE OR LESS
LOWEST: 44 ON 23 3 = THUNDER
SNOW, ICE PELLETS, HAIL 4 = ICE PELLETS
TOTAL MONTH: M 5 = HAIL
GRTST 24HR M ON M 6 = FREEZING RAIN OR DRIZZLE
GRTST DEPTH: M ON M 7 = DUSTSTORM OR SANDSTORM:
VSBY 1/2 MILE OR LESS
8 = SMOKE OR HAZE
[NO. OF DAYS WITH] [WEATHER - DAYS WITH] 9 = BLOWING SNOW
X = TORNADO
MAX 32 OR BELOW: 0 0.01 INCH OR MORE: 1
MAX 90 OR ABOVE: 0 0.10 INCH OR MORE: 1
MIN 32 OR BELOW: 0 0.50 INCH OR MORE: 0
MIN 0 OR BELOW: 0 1.00 INCH OR MORE: 0
[HDD (BASE 65) ]
TOTAL THIS MO. 66 CLEAR (SCALE 0-3) 4
DPTR FM NORMAL -33 PTCLDY (SCALE 4-7) 14
TOTAL FM JUL 1 1953 CLOUDY (SCALE 8-10) 13
DPTR FM NORMAL 19
[CDD (BASE 65) ]
TOTAL THIS MO. 2
DPTR FM NORMAL -7 [PRESSURE DATA]
TOTAL FM JAN 1 6 HIGHEST SLP 30.12 ON 23
DPTR FM NORMAL -9 LOWEST SLP 29.81 ON 3
[REMARKS]
#FINAL-05-21#