000
CXUS54 KOUN 010810
CF6OKC
PRELIMINARY LOCAL CLIMATOLOGICAL DATA (WS FORM: F-6)
STATION: OKLAHOMA CITY
MONTH: SEPTEMBER
YEAR: 2021
LATITUDE: 35 24 N
LONGITUDE: 97 36 W
TEMPERATURE IN F: :PCPN: SNOW: WIND :SUNSHINE: SKY :PK WND
================================================================================
1 2 3 4 5 6A 6B 7 8 9 10 11 12 13 14 15 16 17 18
12Z AVG MX 2MIN
DY MAX MIN AVG DEP HDD CDD WTR SNW DPTH SPD SPD DIR MIN PSBL S-S WX SPD DR
================================================================================
1 98 70 84 7 0 19 0.00 0.0 0 7.5 14 150 M M 1 25 200
2 97 71 84 7 0 19 0.00 0.0 0 11.1 20 160 M M 3 25 190
3 97 74 86 9 0 21 0.00 0.0 0 12.7 23 200 M M 4 29 200
4 96 73 85 9 0 20 0.35 0.0 0 10.5 21 350 M M 6 13 26 340
5 88 69 79 3 0 14 0.00 0.0 0 9.2 16 50 M M 5 20 40
6 92 62 77 1 0 12 0.00 0.0 0 7.4 16 170 M M 3 22 170
7 95 63 79 3 0 14 0.00 0.0 0 9.2 21 200 M M 4 26 210
8 89 67 78 3 0 13 0.00 0.0 0 11.2 21 40 M M 3 25 40
9 91 58 75 0 0 10 0.00 0.0 0 7.5 17 180 M M 1 23 160
10 92 62 77 2 0 12 0.00 0.0 0 11.9 24 200 M M 3 30 210
11 93 64 79 5 0 14 0.00 0.0 0 14.6 25 190 M M 2 32 200
12 91 59 75 1 0 10 0.00 0.0 0 11.7 18 150 M M 1 24 160
13 91 60 76 2 0 11 0.00 0.0 0 11.0 21 190 M M 1 28 210
14 90 65 78 5 0 13 0.00 0.0 0 10.1 22 200 M M 1 26 200
15 87 64 76 3 0 11 0.00 0.0 0 4.1 9 350 M M 5 11 140
16 90 64 77 4 0 12 0.00 0.0 0 7.0 16 110 M M 2 20 120
17 91 65 78 6 0 13 0.00 0.0 0 6.7 16 110 M M 1 23 80
18 94 69 82 10 0 17 0.00 0.0 0 6.5 14 40 M M 2 18 70
19 93 62 78 6 0 13 0.00 0.0 0 7.5 15 160 M M 2 20 160
20 98 70 84 13 0 19 T 0.0 0 15.0 28 360 M M 4 18 36 350
21 81 59 70 -1 0 5 0.00 0.0 0 18.3 30 10 M M 4 38 10
22 80 51 66 -4 0 1 0.00 0.0 0 6.1 15 340 M M 0 18 350
23 83 50 67 -3 0 2 0.00 0.0 0 7.9 16 190 M M 3 22 170
24 85 51 68 -2 0 3 0.00 0.0 0 9.4 20 190 M M 5 23 210
25 87 58 73 4 0 8 0.00 0.0 0 7.8 16 80 M M 1 19 40
26 91 56 74 5 0 9 0.00 0.0 0 11.9 25 200 M M 3 31 190
27 90 57 74 5 0 9 0.00 0.0 0 11.1 22 210 M M 6 26 220
28 92 61 77 9 0 12 T 0.0 0 10.4 26 210 M M 6 35 200
29 87 61 74 6 0 9 0.00 0.0 0 13.5 23 140 M M 4 29 140
30 73 62 68 0 0 3 0.11 0.0 0 9.5 25 350 M M 8 13 32 340
================================================================================
SM 2702 1877 0 348 0.46 0.0 298.3 M 94
================================================================================
AV 90.1 62.6 9.9 FASTST M M 3 MAX(MPH)
MISC ----> 30 10 38 10
================================================================================
NOTES:
# LAST OF SEVERAL OCCURRENCES
COLUMN 17 PEAK WIND IN M.P.H.
PRELIMINARY LOCAL CLIMATOLOGICAL DATA (WS FORM: F-6) , PAGE 2
STATION: OKLAHOMA CITY
MONTH: SEPTEMBER
YEAR: 2021
LATITUDE: 35 24 N
LONGITUDE: 97 36 W
[TEMPERATURE DATA] [PRECIPITATION DATA] SYMBOLS USED IN COLUMN 16
AVERAGE MONTHLY: 76.3 TOTAL FOR MONTH: 0.46 1 = FOG OR MIST
DPTR FM NORMAL: 3.6 DPTR FM NORMAL: -3.26 2 = FOG REDUCING VISIBILITY
HIGHEST: 98 ON 20, 1 GRTST 24HR 0.35 ON 4- 4 TO 1/4 MILE OR LESS
LOWEST: 50 ON 23 3 = THUNDER
SNOW, ICE PELLETS, HAIL 4 = ICE PELLETS
TOTAL MONTH: 0.0 INCH 5 = HAIL
GRTST 24HR 0.0 6 = FREEZING RAIN OR DRIZZLE
GRTST DEPTH: 0 7 = DUSTSTORM OR SANDSTORM:
VSBY 1/2 MILE OR LESS
8 = SMOKE OR HAZE
[NO. OF DAYS WITH] [WEATHER - DAYS WITH] 9 = BLOWING SNOW
X = TORNADO
MAX 32 OR BELOW: 0 0.01 INCH OR MORE: 2
MAX 90 OR ABOVE: 20 0.10 INCH OR MORE: 2
MIN 32 OR BELOW: 0 0.50 INCH OR MORE: 0
MIN 0 OR BELOW: 0 1.00 INCH OR MORE: 0
[HDD (BASE 65) ]
TOTAL THIS MO. 0 CLEAR (SCALE 0-3) 17
DPTR FM NORMAL -20 PTCLDY (SCALE 4-7) 13
TOTAL FM JUL 1 0 CLOUDY (SCALE 8-10) 0
DPTR FM NORMAL -19
[CDD (BASE 65) ]
TOTAL THIS MO. 348
DPTR FM NORMAL 97 [PRESSURE DATA]
TOTAL FM JAN 1 1773 HIGHEST SLP M ON M
DPTR FM NORMAL -33 LOWEST SLP 29.69 ON 20
[REMARKS]
#FINAL-09-21#