000
CXUS54 KOUN 010810
CF6OKC
PRELIMINARY LOCAL CLIMATOLOGICAL DATA (WS FORM: F-6)
STATION: OKLAHOMA CITY
MONTH: AUGUST
YEAR: 2021
LATITUDE: 35 24 N
LONGITUDE: 97 36 W
TEMPERATURE IN F: :PCPN: SNOW: WIND :SUNSHINE: SKY :PK WND
================================================================================
1 2 3 4 5 6A 6B 7 8 9 10 11 12 13 14 15 16 17 18
12Z AVG MX 2MIN
DY MAX MIN AVG DEP HDD CDD WTR SNW DPTH SPD SPD DIR MIN PSBL S-S WX SPD DR
================================================================================
1 84 70 77 -5 0 12 0.79 0.0 M 11.0 26 50 M M 8 13 31 50
2 85 67 76 -6 0 11 0.00 0.0 0 9.2 17 40 M M 3 8 22 20
3 87 67 77 -5 0 12 0.00 0.0 0 7.1 14 20 M M 1 8 16 20
4 88 65 77 -5 0 12 0.00 0.0 0 4.1 9 60 M M 6 12 200
5 80 65 73 -9 0 8 0.05 0.0 0 7.6 17 240 M M 7 18 22 220
6 93 65 79 -3 0 14 0.00 0.0 0 11.0 18 170 M M 2 1 24 160
7 94 72 83 1 0 18 0.00 0.0 0 13.9 22 160 M M 4 28 150
8 93 72 83 1 0 18 0.36 0.0 0 13.0 24 210 M M 6 13 31 210
9 95 76 86 4 0 21 0.00 0.0 0 16.1 28 200 M M 3 35 200
10 94 77 86 4 0 21 0.00 0.0 0 15.6 24 200 M M 1 30 200
11 94 76 85 3 0 20 0.00 0.0 0 14.2 26 210 M M 5 33 210
12 93 75 84 2 0 19 0.00 0.0 0 11.9 21 210 M M 6 24 220
13 95 70 83 2 0 18 0.13 0.0 0 7.3 23 350 M M 8 138 29 350
14 87 70 79 -2 0 14 0.02 0.0 0 3.6 18 260 M M 8 3 21 260
15 90 68 79 -2 0 14 0.00 0.0 0 3.9 14 120 M M 4 17 140
16 90 68 79 -2 0 14 0.67 0.0 0 6.7 29 30 M M 6 13 34 30
17 83 69 76 -5 0 11 1.43 0.0 0 8.0 38 190 M M 8 13 47 180
18 84 68 76 -5 0 11 T 0.0 0 10.3 17 150 M M 8 1 23 150
19 83 73 78 -2 0 13 T 0.0 M 10.6 17 140 M M 8 1 21 160
20 94 75 85 5 0 20 0.00 0.0 0 13.8 22 210 M M 6 29 210
21 95 73 84 4 0 19 0.04 0.0 0 8.6 20 310 M M 6 3 26 320
22 95 70 83 3 0 18 0.00 0.0 0 8.9 18 200 M M 5 23 200
23 95 71 83 3 0 18 0.00 0.0 0 10.8 22 190 M M 1 27 180
24 95 69 82 3 0 17 0.00 0.0 0 11.6 22 200 M M 2 29 170
25 97 71 84 5 0 19 0.00 0.0 0 8.3 15 200 M M 2 20 160
26 95 70 83 4 0 18 0.00 0.0 0 6.8 13 190 M M 2 20 190
27 93 70 82 3 0 17 0.00 0.0 0 9.6 17 170 M M 2 1 22 170
28 93 71 82 4 0 17 0.00 0.0 0 9.6 23 130 M M 2 28 130
29 94 68 81 3 0 16 0.00 0.0 0 8.2 21 100 M M 3 25 130
30 94 72 83 5 0 18 0.05 0.0 M 4.0 22 90 M M 5 27 80
31 97 69 83 5 0 18 0.00 0.0 M 5.7 15 190 M M 3 20 200
================================================================================
SM 2829 2182 0 496 3.54 0.0 291.0 M 141
================================================================================
AV 91.3 70.4 9.4 FASTST M M 5 MAX(MPH)
MISC ----> 38 190 47 180
================================================================================
NOTES:
# LAST OF SEVERAL OCCURRENCES
COLUMN 17 PEAK WIND IN M.P.H.
PRELIMINARY LOCAL CLIMATOLOGICAL DATA (WS FORM: F-6) , PAGE 2
STATION: OKLAHOMA CITY
MONTH: AUGUST
YEAR: 2021
LATITUDE: 35 24 N
LONGITUDE: 97 36 W
[TEMPERATURE DATA] [PRECIPITATION DATA] SYMBOLS USED IN COLUMN 16
AVERAGE MONTHLY: 80.8 TOTAL FOR MONTH: 3.54 1 = FOG OR MIST
DPTR FM NORMAL: 0.1 DPTR FM NORMAL: -0.06 2 = FOG REDUCING VISIBILITY
HIGHEST: 97 ON 31,25 GRTST 24HR 2.10 ON 16-17 TO 1/4 MILE OR LESS
LOWEST: 65 ON 6, 5 3 = THUNDER
SNOW, ICE PELLETS, HAIL 4 = ICE PELLETS
TOTAL MONTH: 0.0 INCH 5 = HAIL
GRTST 24HR 0.0 6 = FREEZING RAIN OR DRIZZLE
GRTST DEPTH: 0 7 = DUSTSTORM OR SANDSTORM:
VSBY 1/2 MILE OR LESS
8 = SMOKE OR HAZE
[NO. OF DAYS WITH] [WEATHER - DAYS WITH] 9 = BLOWING SNOW
X = TORNADO
MAX 32 OR BELOW: 0 0.01 INCH OR MORE: 9
MAX 90 OR ABOVE: 22 0.10 INCH OR MORE: 5
MIN 32 OR BELOW: 0 0.50 INCH OR MORE: 3
MIN 0 OR BELOW: 0 1.00 INCH OR MORE: 1
[HDD (BASE 65) ]
TOTAL THIS MO. 0 CLEAR (SCALE 0-3) 12
DPTR FM NORMAL 0 PTCLDY (SCALE 4-7) 16
TOTAL FM JUL 1 0 CLOUDY (SCALE 8-10) 3
DPTR FM NORMAL 0
[CDD (BASE 65) ]
TOTAL THIS MO. 496
DPTR FM NORMAL 11 [PRESSURE DATA]
TOTAL FM JAN 1 1425 HIGHEST SLP M ON M
DPTR FM NORMAL -130 LOWEST SLP 29.66 ON 31
[REMARKS]
#FINAL-08-21#