000
CXUS55 KSEW 010930
CF6OLM
PRELIMINARY LOCAL CLIMATOLOGICAL DATA (WS FORM: F-6)
STATION: OLYMPIA WA AIRPORT
MONTH: APRIL
YEAR: 2023
LATITUDE: 46 58 N
LONGITUDE: 122 54 W
TEMPERATURE IN F: :PCPN: SNOW: WIND :SUNSHINE: SKY :PK WND
================================================================================
1 2 3 4 5 6A 6B 7 8 9 10 11 12 13 14 15 16 17 18
12Z AVG MX 2MIN
DY MAX MIN AVG DEP HDD CDD WTR SNW DPTH SPD SPD DIR MIN PSBL S-S WX SPD DR
================================================================================
1 49 35 42 -4 23 0 0.50 M M 8.6 17 290 M M 7 18 27 250
2 44 33 39 -7 26 0 0.51 M M 6.3 20 220 M M 10 1 27 240
3 51 30 41 -5 24 0 0.01 M M 4.2 17 270 M M 6 12 25 250
4 52 30 41 -5 24 0 0.00 M M 4.2 13 210 M M 4 19 210
5 52 25 39 -7 26 0 0.03 M M 4.7 16 190 M M 7 12 23 160
6 53 42 48 1 17 0 0.66 M M 4.1 15 170 M M 10 1 23 90
7 57 43 50 3 15 0 0.08 M M 7.9 18 260 M M 8 1 29 240
8 52 44 48 1 17 0 0.06 M M 10.6 21 170 M M 10 29 180
9 53 45 49 2 16 0 0.70 M M 8.1 23 190 M M 10 1 33 210
10 48 40 44 -3 21 0 0.70 M M 3.2 9 190 M M 10 1 12 210
11 53 38 46 -1 19 0 0.23 M M 8.2 18 270 M M 7 1 26 240
12 55 34 45 -2 20 0 0.39 M M 5.1 14 160 M M 7 1 20 270
13 49 33 41 -7 24 0 0.27 M M 5.1 15 230 M M 6 12 21 260
14 58 34 46 -2 19 0 0.00 M M 2.7 10 260 M M 6 12 17 160
15 51 36 44 -4 21 0 0.04 M M 1.2 7 260 M M 7 15 110
16 50 36 43 -5 22 0 0.32 M M 7.0 25 250 M M 9 1 38 240
17 49 31 40 -8 25 0 0.12 M M 8.1 26 190 M M 6 1 42 200
18 46 35 41 -7 24 0 0.48 M M 10.8 23 180 M M 9 1 32 160
19 48 31 40 -9 25 0 0.39 M M 7.4 17 170 M M 7 18 25 240
20 44 28 36 -13 29 0 0.29 M M 7.1 23 200 M M 7 12 41 170
21 54 40 47 -2 18 0 0.04 M M 4.9 12 230 M M 9 16 220
22 63 44 54 5 11 0 0.13 M M 1.7 12 270 M M 10 1 18 280
23 53 45 49 0 16 0 0.22 M M 8.3 16 240 M M 10 1 23 220
24 58 38 48 -2 17 0 0.04 M M 6.6 15 210 M M 7 1 21 260
25 62 33 48 -2 17 0 0.00 M M 2.5 12 20 M M 2 12 22 140
26 73 37 55 5 10 0 0.00 M M 2.2 12 340 M M 0 16 280
27 71 43 57 7 8 0 0.00 M M 7.2 16 10 M M 1 24 10
28 83 38 61 10 4 0 0.00 M M 4.6 14 60 M M 0 23 30
29 78 43 61 10 4 0 0.00 M M 4.9 13 270 M M 0 19 220
30 61 44 53 2 12 0 T M M 5.7 12 240 M M 8 8 16 250
================================================================================
SM 1670 1108 554 0 6.21 M 173.2 M 200
================================================================================
AV 55.7 36.9 5.8 FASTST M M 7 MAX(MPH)
MISC ----> 26 190 42 200
================================================================================
NOTES:
# LAST OF SEVERAL OCCURRENCES
COLUMN 17 PEAK WIND IN M.P.H.
PRELIMINARY LOCAL CLIMATOLOGICAL DATA (WS FORM: F-6) , PAGE 2
STATION: OLYMPIA WA AIRPORT
MONTH: APRIL
YEAR: 2023
LATITUDE: 46 58 N
LONGITUDE: 122 54 W
[TEMPERATURE DATA] [PRECIPITATION DATA] SYMBOLS USED IN COLUMN 16
AVERAGE MONTHLY: 46.3 TOTAL FOR MONTH: 6.21 1 = FOG OR MIST
DPTR FM NORMAL: -1.9 DPTR FM NORMAL: 2.54 2 = FOG REDUCING VISIBILITY
HIGHEST: 83 ON 28 GRTST 24HR 0.93 ON 9-10 TO 1/4 MILE OR LESS
LOWEST: 25 ON 5 3 = THUNDER
SNOW, ICE PELLETS, HAIL 4 = ICE PELLETS
TOTAL MONTH: M 5 = HAIL
GRTST 24HR M ON M 6 = FREEZING RAIN OR DRIZZLE
GRTST DEPTH: M ON M 7 = DUSTSTORM OR SANDSTORM:
VSBY 1/2 MILE OR LESS
8 = SMOKE OR HAZE
[NO. OF DAYS WITH] [WEATHER - DAYS WITH] 9 = BLOWING SNOW
X = TORNADO
MAX 32 OR BELOW: 0 0.01 INCH OR MORE: 22
MAX 90 OR ABOVE: 0 0.10 INCH OR MORE: 15
MIN 32 OR BELOW: 6 0.50 INCH OR MORE: 5
MIN 0 OR BELOW: 0 1.00 INCH OR MORE: 0
[HDD (BASE 65) ]
TOTAL THIS MO. 554 CLEAR (SCALE 0-3) 5
DPTR FM NORMAL 50 PTCLDY (SCALE 4-7) 14
TOTAL FM JUL 1 4784 CLOUDY (SCALE 8-10) 11
DPTR FM NORMAL -77
[CDD (BASE 65) ]
TOTAL THIS MO. 0
DPTR FM NORMAL 0 [PRESSURE DATA]
TOTAL FM JAN 1 0 HIGHEST SLP M ON M
DPTR FM NORMAL 0 LOWEST SLP 29.64 ON 17
[REMARKS]
#FINAL-04-23#