000
CXUS56 KBOI 011002
CF6ONO
PRELIMINARY LOCAL CLIMATOLOGICAL DATA (WS FORM: F-6)
STATION: ONTARIO OR
MONTH: MAY
YEAR: 2023
LATITUDE: 44 1 N
LONGITUDE: 117 1 W
TEMPERATURE IN F: :PCPN: SNOW: WIND :SUNSHINE: SKY :PK WND
================================================================================
1 2 3 4 5 6A 6B 7 8 9 10 11 12 13 14 15 16 17 18
12Z AVG MX 2MIN
DY MAX MIN AVG DEP HDD CDD WTR SNW DPTH SPD SPD DIR MIN PSBL S-S WX SPD DR
================================================================================
1 84 58 71 14 0 6 0.00 M M 12.0 28 320 M M 0 39 280
2 81 55 68 10 0 3 0.00 M M 6.9 18 270 M M 0 25 270
3 87 45 66 8 0 1 0.00 M M 3.8 13 30 M M 0 18 20
4 78 57 68 10 0 3 0.01 M M 6.1 22 110 M M 4 8 37 110
5 60 50 55 -4 10 0 0.15 M M 8.8 22 130 M M 8 1 41 140
6 66 48 57 -2 8 0 0.08 M M 5.8 17 240 M M 4 1 23 240
7 64 46 55 -5 10 0 0.21 M M 9.1 23 180 M M 8 34 200
8 70 43 57 -3 8 0 0.10 M M 4.8 37 270 M M 6 38 49 270
9 66 44 55 -5 10 0 0.00 M M 4.7 12 220 M M 3 16 180
10 75 42 59 -1 6 0 0.00 M M 8.0 22 330 M M 0 27 330
11 79 47 63 2 2 0 0.00 M M 7.8 14 320 M M 0 20 340
12 83 51 67 6 0 2 0.00 M M 6.0 12 340 M M 0 15 60
13 86 50 68 6 0 3 0.00 M M 5.9 21 10 M M 0 32 360
14 76 55 66 4 0 1 0.02 M M 4.1 22 180 M M 6 28 180
15 82 50 66 4 0 1 0.05 M M 3.9 40 220 M M 3 38 56 210
16 85 51 68 6 0 3 T M M 4.3 31 340 M M 1 3 41 340
17 83 53 68 5 0 3 T M M 2.5 22 290 M M 1 3 28 290
18 87 55 71 8 0 6 0.00 M M 3.1 9 170 M M 0 12 310
19 91 53 72 9 0 7 0.00 M M 3.4 10 350 M M 0 14 350
20 94 56 75 11 0 10 0.00 M M 3.6 20 320 M M 0 8 27 320
21 93 62 78 14 0 13 0.03 M M 5.9 36 190 M M 1 3 47 200
22 78 58 68 4 0 3 T M M 11.7 24 330 M M 2 32 330
23 76 54 65 1 0 0 0.00 M M 6.5 20 320 M M 1 25 320
24 82 52 67 2 0 2 0.00 M M 7.9 20 330 M M 0 27 330
25 81 56 69 4 0 4 0.00 M M 6.0 18 330 M M 0 23 340
26 83 57 70 5 0 5 0.01 M M 6.3 22 350 M M 1 30 360
27 76 55 66 1 0 1 0.19 M M 5.1 23 180 M M 3 38 30 170
28 82 50 66 0 0 1 0.00 M M 4.1 13 20 M M 1 22 40
29 87 52 70 4 0 5 0.00 M M 4.9 17 340 M M 0 23 330
30 87 62 75 9 0 10 T M M 4.6 20 310 M M 3 3 25 210
31 70 58 64 -2 1 0 0.50 M M 5.2 13 300 M M 6 1 16 350
================================================================================
SM 2472 1625 55 93 1.35 M 182.8 M 62
================================================================================
AV 79.7 52.4 5.9 FASTST M M 2 MAX(MPH)
MISC ----> 40 220 56 210
================================================================================
NOTES:
# LAST OF SEVERAL OCCURRENCES
COLUMN 17 PEAK WIND IN M.P.H.
PRELIMINARY LOCAL CLIMATOLOGICAL DATA (WS FORM: F-6) , PAGE 2
STATION: ONTARIO OR
MONTH: MAY
YEAR: 2023
LATITUDE: 44 1 N
LONGITUDE: 117 1 W
[TEMPERATURE DATA] [PRECIPITATION DATA] SYMBOLS USED IN COLUMN 16
AVERAGE MONTHLY: 66.1 TOTAL FOR MONTH: 1.35 1 = FOG OR MIST
DPTR FM NORMAL: 4.0 DPTR FM NORMAL: 0.18 2 = FOG REDUCING VISIBILITY
HIGHEST: 94 ON 20 GRTST 24HR 0.50 ON 30-31 TO 1/4 MILE OR LESS
LOWEST: 42 ON 10 3 = THUNDER
SNOW, ICE PELLETS, HAIL 4 = ICE PELLETS
TOTAL MONTH: M 5 = HAIL
GRTST 24HR M ON M 6 = FREEZING RAIN OR DRIZZLE
GRTST DEPTH: M ON M 7 = DUSTSTORM OR SANDSTORM:
VSBY 1/2 MILE OR LESS
8 = SMOKE OR HAZE
[NO. OF DAYS WITH] [WEATHER - DAYS WITH] 9 = BLOWING SNOW
X = TORNADO
MAX 32 OR BELOW: 0 0.01 INCH OR MORE: 11
MAX 90 OR ABOVE: 3 0.10 INCH OR MORE: 5
MIN 32 OR BELOW: 0 0.50 INCH OR MORE: 1
MIN 0 OR BELOW: 0 1.00 INCH OR MORE: 0
[HDD (BASE 65) ]
TOTAL THIS MO. 55 CLEAR (SCALE 0-3) 21
DPTR FM NORMAL -91 PTCLDY (SCALE 4-7) 9
TOTAL FM JUL 1 5428 CLOUDY (SCALE 8-10) 1
DPTR FM NORMAL 260
[CDD (BASE 65) ]
TOTAL THIS MO. 93
DPTR FM NORMAL 36 [PRESSURE DATA]
TOTAL FM JAN 1 97 HIGHEST SLP M ON M
DPTR FM NORMAL 38 LOWEST SLP 29.35 ON 1
[REMARKS]
#FINAL-05-23#