000
CXUS56 KBOI 011002
CF6ONO
PRELIMINARY LOCAL CLIMATOLOGICAL DATA (WS FORM: F-6)
STATION: ONTARIO OR
MONTH: SEPTEMBER
YEAR: 2023
LATITUDE: 44 1 N
LONGITUDE: 117 1 W
TEMPERATURE IN F: :PCPN: SNOW: WIND :SUNSHINE: SKY :PK WND
================================================================================
1 2 3 4 5 6A 6B 7 8 9 10 11 12 13 14 15 16 17 18
12Z AVG MX 2MIN
DY MAX MIN AVG DEP HDD CDD WTR SNW DPTH SPD SPD DIR MIN PSBL S-S WX SPD DR
================================================================================
1 82 63 73 2 0 8 0.00 M M 6.4 29 330 M M 1 39 330
2 85 62 74 3 0 9 T M M 1.7 14 250 M M 1 38 17 250
3 73 63 68 -2 0 3 0.27 M M 3.8 10 310 M M 5 1 14 300
4 79 59 69 -1 0 4 0.00 M M 5.6 15 290 M M 5 8 20 290
5 M 51 M M M M 0.00 M M M M 250 M M M M M
6 88 56 72 3 0 7 0.00 M M 3.7 21 170 M M 2 8 30 190
7 89 56 73 4 0 8 0.00 M M 3.7 9 260 M M 0 12 30
8 88 60 74 5 0 9 0.00 M M 3.2 12 300 M M 0 15 300
9 91 52 72 4 0 7 0.00 M M 2.5 8 260 M M 0 10 230
10 90 53 72 4 0 7 0.00 M M 4.4 10 170 M M 0 14 170
11 91 51 71 3 0 6 0.00 M M 2.6 8 200 M M 0 13 180
12 90 59 75 8 0 10 0.00 M M 6.3 20 330 M M 0 28 320
13 87 64 76 9 0 11 0.00 M M 12.9 23 310 M M 0 31 310
14 86 55 71 4 0 6 0.00 M M 4.4 17 330 M M 0 26 330
15 87 46 67 1 0 2 0.00 M M 2.1 7 260 M M 0 11 130
16 89 45 67 1 0 2 0.00 M M 2.6 8 20 M M 0 14 50
17 90 47 69 3 0 4 0.00 M M 2.3 9 210 M M 0 12 210
18 88 52 70 5 0 5 0.00 M M 3.5 16 320 M M 0 8 21 310
19 80 52 66 1 0 1 0.00 M M 5.1 15 310 M M 0 8 20 300
20 74 43 59 -5 6 0 0.00 M M 11.9 31 320 M M 1 8 41 320
21 68 44 56 -8 9 0 0.00 M M 5.3 21 320 M M 2 8 28 310
22 75 47 61 -3 4 0 0.00 M M 6.2 14 260 M M 1 19 310
23 80 38 59 -4 6 0 0.00 M M 2.1 10 160 M M 0 16 160
24 79 48 64 1 1 0 0.00 M M 2.9 8 260 M M 0 13 60
25 89 46 68 6 0 3 0.00 M M 3.3 15 160 M M 0 8 19 150
26 79 52 66 4 0 1 0.00 M M 4.8 22 280 M M 4 8 27 270
27 77 43 60 -2 5 0 T M M 5.8 22 260 M M 2 8 28 300
28 72 44 58 -3 7 0 0.00 M M 5.0 13 310 M M 0 18 330
29 73 42 58 -3 7 0 0.00 M M 6.0 26 330 M M 2 34 340
30 60 52 56 -4 9 0 0.01 M M 15.0 23 320 M M 7 31 330
================================================================================
SM 2379 1545 54 113 0.28 M 145.1 M 33
================================================================================
AV 82.0 51.5 5.0 FASTST M M 1 MAX(MPH)
MISC ----> 31 320 41 320
================================================================================
NOTES:
# LAST OF SEVERAL OCCURRENCES
COLUMN 17 PEAK WIND IN M.P.H.
PRELIMINARY LOCAL CLIMATOLOGICAL DATA (WS FORM: F-6) , PAGE 2
STATION: ONTARIO OR
MONTH: SEPTEMBER
YEAR: 2023
LATITUDE: 44 1 N
LONGITUDE: 117 1 W
[TEMPERATURE DATA] [PRECIPITATION DATA] SYMBOLS USED IN COLUMN 16
AVERAGE MONTHLY: 66.8 TOTAL FOR MONTH: 0.28 1 = FOG OR MIST
DPTR FM NORMAL: 0.8 DPTR FM NORMAL: -0.01 2 = FOG REDUCING VISIBILITY
HIGHEST: 91 ON 11, 9 GRTST 24HR 0.27 ON 3- 3 TO 1/4 MILE OR LESS
LOWEST: 38 ON 23 3 = THUNDER
SNOW, ICE PELLETS, HAIL 4 = ICE PELLETS
TOTAL MONTH: M 5 = HAIL
GRTST 24HR M ON M 6 = FREEZING RAIN OR DRIZZLE
GRTST DEPTH: M ON M 7 = DUSTSTORM OR SANDSTORM:
VSBY 1/2 MILE OR LESS
8 = SMOKE OR HAZE
[NO. OF DAYS WITH] [WEATHER - DAYS WITH] 9 = BLOWING SNOW
X = TORNADO
MAX 32 OR BELOW: 0 0.01 INCH OR MORE: 2
MAX 90 OR ABOVE: 5 0.10 INCH OR MORE: 1
MIN 32 OR BELOW: 0 0.50 INCH OR MORE: 0
MIN 0 OR BELOW: 0 1.00 INCH OR MORE: 0
[HDD (BASE 65) ]
TOTAL THIS MO. 54 CLEAR (SCALE 0-3) 25
DPTR FM NORMAL -16 PTCLDY (SCALE 4-7) 4
TOTAL FM JUL 1 54 CLOUDY (SCALE 8-10) 1
DPTR FM NORMAL -23
[CDD (BASE 65) ]
TOTAL THIS MO. 113
DPTR FM NORMAL 15 [PRESSURE DATA]
TOTAL FM JAN 1 1302 HIGHEST SLP M ON M
DPTR FM NORMAL 206 LOWEST SLP 29.61 ON 1
[REMARKS]
#FINAL-09-23#