026
CXUS54 KMRX 011305
CF6OQT
PRELIMINARY LOCAL CLIMATOLOGICAL DATA (WS FORM: F-6)
STATION: OAK_RIDGE_(ASOS)
MONTH: JULY
YEAR: 2020
LATITUDE: 36 1 N
LONGITUDE: 84 14 W
TEMPERATURE IN F: :PCPN: SNOW: WIND :SUNSHINE: SKY :PK WND
================================================================================
1 2 3 4 5 6A 6B 7 8 9 10 11 12 13 14 15 16 17 18
12Z AVG MX 2MIN
DY MAX MIN AVG DEP HDD CDD WTR SNW DPTH SPD SPD DIR MIN PSBL S-S WX SPD DR
================================================================================
1 86 71 79 1 0 14 0.07 M M 0.8 7 250 M M 9 1 10 360
2 91 68 80 2 0 15 0.00 M M 1.6 8 80 M M 4 12 14 70
3 92 67 80 2 0 15 0.00 M M 1.4 7 140 M M 1 13 30
4 94 69 82 4 0 17 0.00 M M 0.5 6 80 M M 1 11 20
5 93 73 83 5 0 18 0.00 M M 0.8 9 80 M M 4 18 16 70
6 91 71 81 3 0 16 0.49 M M 1.5 9 160 M M 3 12 18 110
7 90 72 81 3 0 16 0.00 M M 1.6 9 80 M M 0 14 90
8 90 71 81 3 0 16 0.00 M M 1.2 8 70 M M 1 15 80
9 94 69 82 4 0 17 0.00 M M 1.9 14 100 M M 1 21 110
10 94 72 83 5 0 18 T M M 3.5 12 270 M M 1 20 240
11 90 68 79 0 0 14 0.00 M M 2.0 9 340 M M 0 16 290
12 84 69 77 -2 0 12 T M M 1.1 8 150 M M 2 12 190
13 91 66 79 0 0 14 0.00 M M 1.3 8 90 M M 1 12 90
14 93 66 80 1 0 15 0.00 M M 1.4 8 90 M M 0 14 100
15 95 67 81 2 0 16 0.00 M M 1.4 7 270 M M 2 8 14 230
16 97 75 86 7 0 21 0.00 M M 3.1 10 270 M M 1 19 260
17 97 75 86 7 0 21 0.00 M M 1.9 10 280 M M 1 17 270
18 97 75 86 7 0 21 0.00 M M 1.5 10 280 M M 2 18 300
19 97 74 86 7 0 21 0.00 M M 2.1 13 280 M M 0 22 260
20 96 74 85 6 0 20 0.11 M M 1.0 13 320 M M 1 1 25 310
21 97 72 85 6 0 20 T M M 1.5 10 150 M M 1 17 160
22 94 74 84 5 0 19 0.00 M M 2.7 9 280 M M 1 15 260
23 92 74 83 4 0 18 0.27 M M 0.8 16 280 M M 2 1 31 260
24 88 72 80 1 0 15 0.03 M M 1.3 9 270 M M 3 1 17 310
25 88 72 80 1 0 15 0.00 M M 0.9 5 190 M M 5 1 M M
26 91 69 80 1 0 15 0.37 M M 1.2 8 250 M M 1 1 16 20
27 93 70 82 3 0 17 T M M 1.9 9 260 M M 2 1 15 260
28 87 73 80 1 0 15 0.24 M M 0.6 7 290 M M 3 1 11 260
29 92 74 83 4 0 18 0.16 M M 1.0 7 150 M M 4 11 160
30 85 74 80 1 0 15 0.29 M M 1.5 10 190 M M 6 1 19 180
31 92 73 83 5 0 18 0.31 M M 2.7 12 290 M M 6 1 20 310
================================================================================
SM 2851 2209 0 522 2.34 M 47.7 M 69
================================================================================
AV 92.0 71.3 1.5 FASTST M M 2 MAX(MPH)
MISC ----> 16 280 31 260
================================================================================
NOTES:
# LAST OF SEVERAL OCCURRENCES
COLUMN 17 PEAK WIND IN M.P.H.
PRELIMINARY LOCAL CLIMATOLOGICAL DATA (WS FORM: F-6) , PAGE 2
STATION: OAK_RIDGE_(ASOS)
MONTH: JULY
YEAR: 2020
LATITUDE: 36 1 N
LONGITUDE: 84 14 W
[TEMPERATURE DATA] [PRECIPITATION DATA] SYMBOLS USED IN COLUMN 16
AVERAGE MONTHLY: 81.6 TOTAL FOR MONTH: 2.34 1 = FOG OR MIST
DPTR FM NORMAL: 3.1 DPTR FM NORMAL: -2.93 2 = FOG REDUCING VISIBILITY
HIGHEST: 97 ON 21,19 GRTST 24HR 0.49 ON 6- 6 TO 1/4 MILE OR LESS
LOWEST: 66 ON 14,13 3 = THUNDER
SNOW, ICE PELLETS, HAIL 4 = ICE PELLETS
TOTAL MONTH: M 5 = HAIL
GRTST 24HR M ON M 6 = FREEZING RAIN OR DRIZZLE
GRTST DEPTH: M ON M 7 = DUSTSTORM OR SANDSTORM:
VSBY 1/2 MILE OR LESS
8 = SMOKE OR HAZE
[NO. OF DAYS WITH] [WEATHER - DAYS WITH] 9 = BLOWING SNOW
X = TORNADO
MAX 32 OR BELOW: 0 0.01 INCH OR MORE: 10
MAX 90 OR ABOVE: 25 0.10 INCH OR MORE: 8
MIN 32 OR BELOW: 0 0.50 INCH OR MORE: 0
MIN 0 OR BELOW: 0 1.00 INCH OR MORE: 0
[HDD (BASE 65) ]
TOTAL THIS MO. 0 CLEAR (SCALE 0-3) 24
DPTR FM NORMAL 0 PTCLDY (SCALE 4-7) 6
TOTAL FM JUL 1 0 CLOUDY (SCALE 8-10) 1
DPTR FM NORMAL 0
[CDD (BASE 65) ]
TOTAL THIS MO. 522
DPTR FM NORMAL 104 [PRESSURE DATA]
TOTAL FM JAN 1 1001 HIGHEST SLP 30.20 ON 24
DPTR FM NORMAL 134 LOWEST SLP 29.77 ON 12
[REMARKS]
#FINAL-07-20#