000
CXUS51 KAKQ 030245
CF6ORF
PRELIMINARY LOCAL CLIMATOLOGICAL DATA (WS FORM: F-6)
STATION: NORFOLK VA
MONTH: DECEMBER
YEAR: 2020
LATITUDE: 36 54 N
LONGITUDE: 76 12 W
TEMPERATURE IN F: :PCPN: SNOW: WIND :SUNSHINE: SKY :PK WND
================================================================================
1 2 3 4 5 6A 6B 7 8 9 10 11 12 13 14 15 16 17 18
12Z AVG MX 2MIN
DY MAX MIN AVG DEP HDD CDD WTR SNW DPTH SPD SPD DIR MIN PSBL S-S WX SPD DR
================================================================================
1 57 40 49 1 16 0 0.00 0.0 0 11.5 24 230 M M 0 30 240
2 51 36 44 -4 21 0 0.00 0.0 0 7.7 14 270 M M 0 21 270
3 59 31 45 -3 20 0 0.00 0.0 0 5.9 13 230 M M 0 18 200
4 67 40 54 7 11 0 0.30 0.0 0 9.5 21 230 M M 3 1 25 220
5 63 45 54 7 11 0 0.30 0.0 0 11.1 25 220 M M 7 1 40 350
6 51 39 45 -2 20 0 0.00 0.0 0 4.2 12 320 M M 1 18 290
7 46 37 42 -4 23 0 0.13 0.0 0 10.6 18 20 M M 8 1 27 310
8 47 35 41 -5 24 0 0.00 0.0 0 8.2 18 330 M M 0 32 320
9 50 28 39 -7 26 0 0.00 0.0 0 8.7 21 240 M M 0 27 230
10 53 33 43 -2 22 0 0.00 0.0 0 3.2 14 40 M M 0 18 15 40
11 68 37 53 8 12 0 0.01 0.0 0 5.7 17 200 M M 2 18 25 210
12 70 54 62 17 3 0 T 0.0 0 9.2 20 210 M M 4 24 210
13 70 50 60 15 5 0 0.02 0.0 0 6.7 15 220 M M 5 12 19 210
14 58 43 51 7 14 0 0.91 0.0 0 13.8 32 350 M M 9 12 49 360
15 45 39 42 -2 23 0 0.00 0.0 0 10.4 22 350 M M 3 28 350
16 60 40 50 6 15 0 0.97 0.0 0 11.7 22 110 M M 8 1 30 120
17 47 36 42 -2 23 0 0.00 0.0 0 6.9 17 250 M M 4 24 260
18 43 38 41 -2 24 0 0.00 0.0 0 9.0 18 350 M M 8 23 350
19 45 34 40 -3 25 0 0.00 0.0 0 5.3 15 20 M M 1 20 10
20 46 37 42 -1 23 0 0.31 0.0 0 2.4 9 350 M M 7 1 12 360
21 48 42 45 2 20 0 0.00 0.0 0 7.8 18 210 M M 10 1 23 210
22 56 43 50 8 15 0 0.00 0.0 0 8.1 17 290 M M 2 28 300
23 55 31 43 1 22 0 0.00 0.0 0 5.5 13 160 M M 0 1 19 170
24 71 53 62 20 3 0 0.58 0.0 0 17.1 35 160 M M 6 18 53 150
25 68 30 49 7 16 0 0.20 0.0 0 14.3 30 250 M M 6 1 39 240
26 40 26 33 -9 32 0 0.00 0.0 0 8.2 16 230 M M 0 22 290
27 50 27 39 -3 26 0 0.00 0.0 0 4.8 10 60 M M 0 17 140
28 59 34 47 6 18 0 0.00 0.0 0 8.1 17 230 M M 1 22 220
29 48 38 43 2 22 0 0.00 0.0 0 12.7 22 360 M M 0 29 10
30 58 32 45 4 20 0 0.00 0.0 0 7.9 17 190 M M 3 8 22 190
31 60 46 53 12 12 0 0.66 0.0 0 9.7 18 10 M M 10 1 24 10
================================================================================
SM 1709 1174 567 0 4.39 0.0 265.9 M 108
================================================================================
AV 55.1 37.9 8.6 FASTST M M 3 MAX(MPH)
MISC ----> 35 160 53 150
================================================================================
NOTES:
# LAST OF SEVERAL OCCURRENCES
COLUMN 17 PEAK WIND IN M.P.H.
PRELIMINARY LOCAL CLIMATOLOGICAL DATA (WS FORM: F-6) , PAGE 2
STATION: NORFOLK VA
MONTH: DECEMBER
YEAR: 2020
LATITUDE: 36 54 N
LONGITUDE: 76 12 W
[TEMPERATURE DATA] [PRECIPITATION DATA] SYMBOLS USED IN COLUMN 16
AVERAGE MONTHLY: 46.5 TOTAL FOR MONTH: 4.39 1 = FOG OR MIST
DPTR FM NORMAL: 2.4 DPTR FM NORMAL: 1.13 2 = FOG REDUCING VISIBILITY
HIGHEST: 71 ON 24 GRTST 24HR 0.97 ON 16-16 TO 1/4 MILE OR LESS
LOWEST: 26 ON 26 3 = THUNDER
SNOW, ICE PELLETS, HAIL 4 = ICE PELLETS
TOTAL MONTH: 0.0 INCH 5 = HAIL
GRTST 24HR 0.0 6 = FREEZING RAIN OR DRIZZLE
GRTST DEPTH: 0 7 = DUSTSTORM OR SANDSTORM:
VSBY 1/2 MILE OR LESS
8 = SMOKE OR HAZE
[NO. OF DAYS WITH] [WEATHER - DAYS WITH] 9 = BLOWING SNOW
X = TORNADO
MAX 32 OR BELOW: 0 0.01 INCH OR MORE: 11
MAX 90 OR ABOVE: 0 0.10 INCH OR MORE: 9
MIN 32 OR BELOW: 7 0.50 INCH OR MORE: 4
MIN 0 OR BELOW: 0 1.00 INCH OR MORE: 0
[HDD (BASE 65) ]
TOTAL THIS MO. 567 CLEAR (SCALE 0-3) 17
DPTR FM NORMAL -82 PTCLDY (SCALE 4-7) 10
TOTAL FM JUL 1 818 CLOUDY (SCALE 8-10) 4
DPTR FM NORMAL -362
[CDD (BASE 65) ]
TOTAL THIS MO. 0
DPTR FM NORMAL -1 [PRESSURE DATA]
TOTAL FM JAN 1 2105 HIGHEST SLP 30.56 ON 29
DPTR FM NORMAL 476 LOWEST SLP 29.48 ON 25
[REMARKS]
#FINAL-12-20#