000
CXUS56 KMFR 011030
CF6OTH
PRELIMINARY LOCAL CLIMATOLOGICAL DATA (WS FORM: F-6)
STATION: NORTH BEND OR
MONTH: JANUARY
YEAR: 2024
LATITUDE: 43 25 N
LONGITUDE: 124 15 W
TEMPERATURE IN F: :PCPN: SNOW: WIND :SUNSHINE: SKY :PK WND
================================================================================
1 2 3 4 5 6A 6B 7 8 9 10 11 12 13 14 15 16 17 18
12Z AVG MX 2MIN
DY MAX MIN AVG DEP HDD CDD WTR SNW DPTH SPD SPD DIR MIN PSBL S-S WX SPD DR
================================================================================
1 55 41 48 1 17 0 0.00 M M 5.9 10 150 M M 0 1 13 150
2 57 47 52 5 13 0 0.06 M M 10.1 22 180 M M 7 1 29 180
3 52 45 49 2 16 0 0.52 M M 9.0 18 260 M M 9 1 22 260
4 54 43 49 2 16 0 0.13 M M 7.5 17 210 M M 10 12 22 210
5 52 40 46 -1 19 0 T M M 8.4 20 160 M M 5 128 24 160
6 49 42 46 -1 19 0 0.81 M M 13.3 32 340 M M 8 13 38 340
7 50 39 45 -2 20 0 0.14 M M 9.0 21 280 M M 8 23 280
8 54 42 48 1 17 0 0.35 M M 11.7 30 210 M M 10 1 43 230
9 53 43 48 1 17 0 0.57 M M 21.0 39 300 M M 10 1 48 290
10 49 37 43 -4 22 0 0.34 M M 11.3 29 300 M M 10 1 38 280
11 50 37 44 -3 21 0 0.09 M M 12.9 21 270 M M 8 1 37 280
12 49 46 48 1 17 0 0.67 M M 10.2 20 290 M M 10 1 28 290
13 56 46 51 4 14 0 1.31 M M 13.6 30 240 M M 10 1 40 210
14 49 43 46 -1 19 0 0.09 M M 4.2 16 290 M M 10 1 18 290
15 53 35 44 -3 21 0 T M M 6.3 15 110 M M 3 12 17 110
16 55 34 45 -2 20 0 0.53 M M 11.6 25 200 M M 7 1 37 210
17 53 51 52 5 13 0 1.94 M M 15.7 31 200 M M 10 1 39 220
18 57 50 54 7 11 0 0.10 M M 6.5 15 140 M M 8 16 140
19 57 46 52 5 13 0 0.00 M M 5.7 10 140 M M 5 13 130
20 56 43 50 3 15 0 0.91 M M 9.3 26 190 M M 9 1 32 190
21 59 50 55 7 10 0 0.37 M M 9.8 21 200 M M 10 1 25 200
22 56 52 54 6 11 0 0.63 M M 7.8 22 210 M M 10 1 33 210
23 54 49 52 4 13 0 0.10 M M 5.9 16 220 M M 8 1 22 220
24 57 49 53 5 12 0 0.27 M M 11.9 23 200 M M 10 1 33 200
25 56 47 52 4 13 0 0.09 M M 7.4 16 160 M M 8 1 17 210
26 59 48 54 6 11 0 1.28 M M 6.8 18 180 M M 10 1 25 190
27 60 55 58 10 7 0 1.00 M M 9.7 25 180 M M 10 1 36 200
28 64 53 59 11 6 0 0.24 M M 5.8 18 190 M M 5 12 30 200
29 66 50 58 10 7 0 0.00 M M 8.3 16 220 M M 0 30 230
30 68 52 60 12 5 0 0.03 M M 6.0 27 180 M M 9 1 38 150
31 68 49 59 11 6 0 1.84 M M 13.4 30 190 M M 9 1 46 190
================================================================================
SM 1727 1404 441 0 14.41 M 296.0 M 246
================================================================================
AV 55.7 45.3 9.5 FASTST M M 8 MAX(MPH)
MISC ----> 39 300 48 290
================================================================================
NOTES:
# LAST OF SEVERAL OCCURRENCES
COLUMN 17 PEAK WIND IN M.P.H.
PRELIMINARY LOCAL CLIMATOLOGICAL DATA (WS FORM: F-6) , PAGE 2
STATION: NORTH BEND OR
MONTH: JANUARY
YEAR: 2024
LATITUDE: 43 25 N
LONGITUDE: 124 15 W
[TEMPERATURE DATA] [PRECIPITATION DATA] SYMBOLS USED IN COLUMN 16
AVERAGE MONTHLY: 50.5 TOTAL FOR MONTH: 14.41 1 = FOG OR MIST
DPTR FM NORMAL: 3.2 DPTR FM NORMAL: 4.98 2 = FOG REDUCING VISIBILITY
HIGHEST: 68 ON 31,30 GRTST 24HR 1.94 ON 17-17 TO 1/4 MILE OR LESS
LOWEST: 34 ON 16 3 = THUNDER
SNOW, ICE PELLETS, HAIL 4 = ICE PELLETS
TOTAL MONTH: M 5 = HAIL
GRTST 24HR M ON M 6 = FREEZING RAIN OR DRIZZLE
GRTST DEPTH: M ON M 7 = DUSTSTORM OR SANDSTORM:
VSBY 1/2 MILE OR LESS
8 = SMOKE OR HAZE
[NO. OF DAYS WITH] [WEATHER - DAYS WITH] 9 = BLOWING SNOW
X = TORNADO
MAX 32 OR BELOW: 0 0.01 INCH OR MORE: 26
MAX 90 OR ABOVE: 0 0.10 INCH OR MORE: 20
MIN 32 OR BELOW: 0 0.50 INCH OR MORE: 12
MIN 0 OR BELOW: 0 1.00 INCH OR MORE: 5
[HDD (BASE 65) ]
TOTAL THIS MO. 441 CLEAR (SCALE 0-3) 3
DPTR FM NORMAL -109 PTCLDY (SCALE 4-7) 8
TOTAL FM JUL 1 1871 CLOUDY (SCALE 8-10) 20
DPTR FM NORMAL -503
[CDD (BASE 65) ]
TOTAL THIS MO. 0
DPTR FM NORMAL 0 [PRESSURE DATA]
TOTAL FM JAN 1 0 HIGHEST SLP 30.21 ON 15
DPTR FM NORMAL 0 LOWEST SLP 29.41 ON 20
[REMARKS]
#FINAL-01-24#