546
CXUS56 KMFR 011000
CF6OTH
PRELIMINARY LOCAL CLIMATOLOGICAL DATA (WS FORM: F-6)
STATION: NORTH BEND OR
MONTH: OCTOBER
YEAR: 2020
LATITUDE: 43 25 N
LONGITUDE: 124 15 W
TEMPERATURE IN F: :PCPN: SNOW: WIND :SUNSHINE: SKY :PK WND
================================================================================
1 2 3 4 5 6A 6B 7 8 9 10 11 12 13 14 15 16 17 18
12Z AVG MX 2MIN
DY MAX MIN AVG DEP HDD CDD WTR SNW DPTH SPD SPD DIR MIN PSBL S-S WX SPD DR
================================================================================
1 63 57 60 5 5 0 0.00 M M 6.3 14 350 M M 10 1 16 340
2 65 54 60 5 5 0 0.00 M M 8.3 20 350 M M 7 1 23 350
3 62 54 58 3 7 0 T M M 8.6 21 360 M M 9 12 25 350
4 66 53 60 5 5 0 T M M 10.0 22 350 M M 4 1 25 350
5 68 51 60 5 5 0 0.00 M M 7.2 24 350 M M 2 12 29 350
6 69 48 59 4 6 0 T M M 4.3 10 320 M M 3 12 12 330
7 63 54 59 4 6 0 0.00 M M 3.3 10 270 M M 8 1 12 280
8 62 54 58 4 7 0 T M M 3.5 13 270 M M 10 12 14 270
9 64 52 58 4 7 0 0.02 M M 6.1 14 240 M M 9 1 18 250
10 65 50 58 4 7 0 0.93 M M 10.0 28 260 M M 7 1 33 250
11 66 50 58 4 7 0 0.21 M M 13.0 22 200 M M 9 1 30 210
12 65 54 60 6 5 0 0.19 M M 5.9 18 280 M M 5 1 24 280
13 65 53 59 5 6 0 0.07 M M 9.3 22 200 M M 9 12 30 200
14 66 48 57 3 8 0 0.00 M M 8.5 22 350 M M 2 12 23 350
15 67 48 58 4 7 0 0.00 M M 7.5 21 350 M M 0 M M
16 67 46 57 3 8 0 0.00 M M 8.2 26 350 M M 1 1 32 350
17 64 48 56 3 9 0 T M M 7.5 24 350 M M 5 1 26 360
18 67 47 57 4 8 0 0.05 M M 5.1 14 350 M M 8 12 17 340
19 63 51 57 4 8 0 0.00 M M 9.1 21 350 M M 3 1 25 350
20 65 48 57 4 8 0 0.00 M M 5.0 16 350 M M 1 1 18 350
21 62 46 54 1 11 0 0.00 M M 10.7 25 360 M M 3 33 360
22 59 38 49 -4 16 0 0.00 M M 8.4 22 360 M M 0 27 360
23 61 37 49 -4 16 0 0.09 M M 5.0 14 300 M M 5 1 16 300
24 59 44 52 0 13 0 0.01 M M 7.6 20 350 M M 6 1 23 350
25 57 39 48 -4 17 0 0.00 M M 9.4 15 30 0 0 0 M M
26 57 36 47 -5 18 0 0.00 M M 8.8 20 360 M M 0 24 360
27 61 37 49 -3 16 0 0.00 M M 7.4 21 350 0 0 0 M M
28 63 37 50 -2 15 0 0.00 M M 6.1 20 350 M M 0 12 M M
29 64 40 52 0 13 0 0.00 M M 4.7 16 350 M M 5 12 M M
30 62 47 55 3 10 0 T M M 6.3 14 360 M M 7 1 M M
31 64 41 53 2 12 0 0.00 M M 6.6 17 350 M M 0 1 M M
================================================================================
SM 1971 1462 291 0 1.57 M 227.7 0 138
================================================================================
AV 63.6 47.2 7.3 FASTST 0 0 4 MAX(MPH)
MISC ----> # 28 260 # 33 250
================================================================================
NOTES:
# LAST OF SEVERAL OCCURRENCES
COLUMN 17 PEAK WIND IN M.P.H.
PRELIMINARY LOCAL CLIMATOLOGICAL DATA (WS FORM: F-6) , PAGE 2
STATION: NORTH BEND OR
MONTH: OCTOBER
YEAR: 2020
LATITUDE: 43 25 N
LONGITUDE: 124 15 W
[TEMPERATURE DATA] [PRECIPITATION DATA] SYMBOLS USED IN COLUMN 16
AVERAGE MONTHLY: 55.4 TOTAL FOR MONTH: 1.57 1 = FOG OR MIST
DPTR FM NORMAL: 2.0 DPTR FM NORMAL: -3.16 2 = FOG REDUCING VISIBILITY
HIGHEST: 69 ON 6 GRTST 24HR 0.93 ON 10-10 TO 1/4 MILE OR LESS
LOWEST: 36 ON 26 3 = THUNDER
SNOW, ICE PELLETS, HAIL 4 = ICE PELLETS
TOTAL MONTH: M 5 = HAIL
GRTST 24HR M ON M 6 = FREEZING RAIN OR DRIZZLE
GRTST DEPTH: M ON M 7 = DUSTSTORM OR SANDSTORM:
VSBY 1/2 MILE OR LESS
8 = SMOKE OR HAZE
[NO. OF DAYS WITH] [WEATHER - DAYS WITH] 9 = BLOWING SNOW
X = TORNADO
MAX 32 OR BELOW: 0 0.01 INCH OR MORE: 8
MAX 90 OR ABOVE: 0 0.10 INCH OR MORE: 3
MIN 32 OR BELOW: 0 0.50 INCH OR MORE: 1
MIN 0 OR BELOW: 0 1.00 INCH OR MORE: 0
[HDD (BASE 65) ]
TOTAL THIS MO. 291 CLEAR (SCALE 0-3) 14
DPTR FM NORMAL -67 PTCLDY (SCALE 4-7) 10
TOTAL FM JUL 1 697 CLOUDY (SCALE 8-10) 7
DPTR FM NORMAL -269
[CDD (BASE 65) ]
TOTAL THIS MO. 0
DPTR FM NORMAL 0 [PRESSURE DATA]
TOTAL FM JAN 1 42 HIGHEST SLP 30.50 ON 15
DPTR FM NORMAL 40 LOWEST SLP 29.74 ON 10
[REMARKS]
#FINAL-10-20#